{"id":255,"date":"2011-01-31T17:51:41","date_gmt":"2011-01-31T16:51:41","guid":{"rendered":"https:\/\/plouguerneau.net\/ld-de-p-a-t\/"},"modified":"2025-01-27T10:12:06","modified_gmt":"2025-01-27T09:12:06","slug":"ld-de-p-a-t","status":"publish","type":"page","link":"https:\/\/appriou.bzh\/index.php\/ld-de-p-a-t\/","title":{"rendered":"LD de P \u00e0 T"},"content":{"rendered":"<table frame=\"BELOW\" rules=\"ROWS\" width=\"100%\" cellspacing=\"0\" border=\"1\">\n<tbody>\n<tr>\n<td width=\"23%\"><span style=\"font-size: small;\"><span style=\"color: blue;\"><b>Penngourven<\/b><\/span><br \/>\nLat : 48\u00b037.396&rsquo;N<br \/>\nLong : 004\u00b028.441&rsquo;W<br \/>\n<i>R\u00e9f. EG : 101<br \/>\nR\u00e9f. YC : 2078<\/i><\/span><\/td>\n<td><a href=\"http:\/\/www.plouguerneau.net\/IMG\/croix\/p\/penngourven1.jpg\" target=\"blank\" rel=\"noopener\"><img decoding=\"async\" title=\"Penngourven\" src=\"http:\/\/www.plouguerneau.net\/IMG\/croix\/p\/penngourven1p.jpg \"><\/a><\/td>\n<td>\n<div align=\"justify\"><span style=\"font-size: small;\">Assur\u00e9ment, une croix qui se m\u00e9rite ! Sans la perspicacit\u00e9 d&rsquo;Erik, elle me serait rest\u00e9e inconnue. C&rsquo;eut \u00e9t\u00e9 dommage, le point de vue \u00e9tant magnifique. La croix, elle, l&rsquo;est encore davantage.<\/span><\/div>\n<\/td>\n<\/tr>\n<tr>\n<td width=\"23%\"><span style=\"font-size: small;\"><span style=\"color: blue;\"><b>Perros<\/b><\/span><br \/>\nLat :<br \/>\nLong :<br \/>\n<i>R\u00e9f. EG : 101bis<br \/>\nR\u00e9f. YC : &#8211;<\/i><\/span><\/td>\n<td><a href=\"http:\/\/www.plouguerneau.net\/IMG\/croix\/dessin\/dessineg101bis.jpg\" target=\"blank\" rel=\"noopener\"><img decoding=\"async\" title=\"Perros\" src=\"http:\/\/www.plouguerneau.net\/IMG\/croix\/dessin\/dessineg101bisp.jpg \"><\/a><\/td>\n<td><span style=\"font-size: small;\"><i>Port\u00e9e disparue<\/i><\/span><\/td>\n<\/tr>\n<tr>\n<td width=\"23%\"><span style=\"font-size: small;\"><span style=\"color: blue;\"><b>Pont d&rsquo;Avignon<\/b><\/span><br \/>\nLat : 48\u00b035.523&rsquo;N<br \/>\nLong : 004\u00b028.083W<br \/>\n<i>R\u00e9f. EG : 102<br \/>\nR\u00e9f. YC : 2012<\/i> <\/span><\/td>\n<td><a href=\"http:\/\/www.plouguerneau.net\/IMG\/croix\/p\/pontdavignon.jpg\" target=\"blank\" rel=\"noopener\"><img decoding=\"async\" title=\"Pont d'Avignon\" src=\"http:\/\/www.plouguerneau.net\/IMG\/croix\/p\/pontdavignonp.jpg \"><\/a><\/td>\n<td>\n<div align=\"justify\">&nbsp;<\/div>\n<\/td>\n<\/tr>\n<tr>\n<td width=\"23%\"><span style=\"font-size: small;\"><span style=\"color: blue;\"><b>Prad Paol<\/b><\/span><br \/>\nLat : 48\u00b034.636&rsquo;N<br \/>\nLong : 004\u00b029.058&rsquo;W<br \/>\n<i>R\u00e9f. EG : 105<br \/>\nR\u00e9f. YC : 2089<\/i> <\/span><\/td>\n<td><a href=\"http:\/\/www.plouguerneau.net\/IMG\/croix\/p\/pradpaol.jpg\" target=\"blank\" rel=\"noopener\"><img decoding=\"async\" title=\"Prad Paol\" src=\"http:\/\/www.plouguerneau.net\/IMG\/croix\/p\/pradpaolp.jpg \"><\/a><\/td>\n<td>\n<div align=\"justify\"><span style=\"font-size: small;\">La croix se situe \u00e0 proximit\u00e9 de la chapelle d\u00e9di\u00e9e \u00e0 Saint Pol-Aur\u00e9lien en hommage \u00e0 son passage en ces lieux. Les proportions de cette croix au f\u00fbt et aux bras cylindriques laissent penser que celle-ci devait-\u00eatre plus haute. Les habitants du hameau ont redonn\u00e9 une nouvelle vie \u00e0 ce monument qui, il y a trente ans, mena\u00e7ait de se disloquer.<\/span><\/div>\n<\/td>\n<\/tr>\n<tr>\n<td width=\"23%\"><span style=\"font-size: small;\"><span style=\"color: blue;\"><b>Ranenezy<\/b><\/span><br \/>\nLat : 48\u00b035.897&rsquo;N<br \/>\nLong : 004\u00b029.734&rsquo;W<br \/>\n<i>R\u00e9f. EG : 106<br \/>\nR\u00e9f. YC : 2093<\/i> <\/span><\/td>\n<td><a href=\"http:\/\/www.plouguerneau.net\/IMG\/croix\/r\/ranenezy.jpg\" target=\"blank\" rel=\"noopener\"><img decoding=\"async\" title=\"Ranenezy\" src=\"http:\/\/www.plouguerneau.net\/IMG\/croix\/r\/ranenezyp.jpg \"><\/a><\/td>\n<td>&nbsp;<\/td>\n<\/tr>\n<tr>\n<td width=\"23%\"><span style=\"font-size: small;\"><span style=\"color: blue;\"><b>Rann ar Groaz<\/b><\/span><br \/>\nLat : 48\u00b034.703&rsquo;N<br \/>\nLong : 004\u00b038.633&rsquo;W<br \/>\n<i>R\u00e9f. EG : 107<br \/>\nR\u00e9f. YC : 2091<\/i> <\/span><\/td>\n<td><a href=\"http:\/\/www.plouguerneau.net\/IMG\/croix\/r\/ranargroaz.jpg\" target=\"blank\" rel=\"noopener\"><img decoding=\"async\" title=\"Rann ar Groaz\" src=\"http:\/\/www.plouguerneau.net\/IMG\/croix\/r\/ranargroazp.jpg \"><\/a><\/td>\n<td>&nbsp;<\/td>\n<\/tr>\n<tr>\n<td width=\"23%\"><span style=\"font-size: small;\"><span style=\"color: blue;\"><b>Ranorgat<\/b><\/span><br \/>\nLat : 48\u00b035.763&rsquo;N<br \/>\nLong : 004\u00b029.611&rsquo;W<br \/>\n<i>R\u00e9f. EG : 108<br \/>\nR\u00e9f. YC : 2092<\/i> <\/span><\/td>\n<td><a href=\"http:\/\/www.plouguerneau.net\/IMG\/croix\/r\/ranorgat.jpg\" target=\"blank\" rel=\"noopener\"><img decoding=\"async\" title=\"Ranorgat\" src=\"http:\/\/www.plouguerneau.net\/IMG\/croix\/r\/ranorgatp.jpg \"><\/a><\/td>\n<td>&nbsp;<\/td>\n<\/tr>\n<tr>\n<td width=\"23%\"><span style=\"font-size: small;\"><span style=\"color: blue;\"><b>Saint Antoine<\/b><\/span><br \/>\nLat : 48\u00b036.301&rsquo;N<br \/>\nLong : 004\u00b033.277&rsquo;W<br \/>\n<i>R\u00e9f. EG : 109<br \/>\nR\u00e9f. YC : 2095<\/i> <\/span><\/td>\n<td><a href=\"http:\/\/www.plouguerneau.net\/IMG\/croix\/saint\/saintantoine.jpg\" target=\"blank\" rel=\"noopener\"><img decoding=\"async\" title=\"Saint Antoine\" src=\"http:\/\/www.plouguerneau.net\/IMG\/croix\/saint\/saintantoinep.jpg \"><\/a><\/td>\n<td>&nbsp;<\/td>\n<\/tr>\n<tr>\n<td width=\"23%\"><span style=\"font-size: small;\"><span style=\"color: blue;\"><b>Saint Antoine<\/b><\/span><br \/>\nLat : 48\u00b036.287&rsquo;N<br \/>\nLong : 004\u00b033.372&rsquo;W<br \/>\n<i>R\u00e9f. EG : &#8211;<br \/>\nR\u00e9f. YC : &#8211;<\/i> <\/span><\/td>\n<td><a href=\"http:\/\/www.plouguerneau.net\/IMG\/croix\/saint\/saintantoine1.jpg\" target=\"blank\" rel=\"noopener\"><img decoding=\"async\" title=\"Saint Antoine\" src=\"http:\/\/www.plouguerneau.net\/IMG\/croix\/saint\/saintantoinep1.jpg \"><\/a><\/td>\n<td>&nbsp;<\/td>\n<\/tr>\n<tr>\n<td><span style=\"font-size: small;\"><span style=\"color: blue;\"><b>Saint Cava<\/b><\/span><br \/>\nLat : 48\u00b037.026&rsquo;N<br \/>\nLong : 004\u00b033.791&rsquo;W<br \/>\n<i>R\u00e9f. EG : 110<br \/>\nR\u00e9f. YC : 2096<\/i><\/span><\/td>\n<td><a href=\"http:\/\/www.plouguerneau.net\/IMG\/croix\/saint\/saintcava.jpg\" target=\"blank\" rel=\"noopener\"><img decoding=\"async\" title=\"Saint Cava\" src=\"http:\/\/www.plouguerneau.net\/IMG\/croix\/saint\/saintcavap.jpg \"><\/a><\/td>\n<td>&nbsp;<\/td>\n<\/tr>\n<tr>\n<td><span style=\"font-size: small;\"><span style=\"color: blue;\"><b>Saint Cava<\/b><\/span><br \/>\nLat : 48\u00b037.002&rsquo;N<br \/>\nLong : 004\u00b033.776&rsquo;W<br \/>\n<i>R\u00e9f. EG : 111<br \/>\nR\u00e9f. YC : 2097<\/i><\/span><\/td>\n<td><a href=\"http:\/\/www.plouguerneau.net\/IMG\/croix\/saint\/saintcava1.jpg\" target=\"blank\" rel=\"noopener\"><img decoding=\"async\" title=\"Saint Cava\" src=\"http:\/\/www.plouguerneau.net\/IMG\/croix\/saint\/saintcavap1.jpg \"><\/a><\/td>\n<td>&nbsp;<\/td>\n<\/tr>\n<tr>\n<td><span style=\"font-size: small;\"><span style=\"color: blue;\"><b>Saint Kenan<\/b><\/span><br \/>\nLat : 48\u00b036&rsquo;272<br \/>\nLong : 4\u00b030&rsquo;329<br \/>\n<i>R\u00e9f. EG : 111bis<br \/>\nR\u00e9f. YC : &#8211;<\/i><\/span><\/td>\n<td><a href=\"http:\/\/www.plouguerneau.net\/IMG\/croix\/saint\/saintkenan.jpg\" target=\"blank\" rel=\"noopener\"><img decoding=\"async\" title=\"Saint Kenan\" src=\"http:\/\/www.plouguerneau.net\/IMG\/croix\/saint\/saintkenanp.jpg \"><\/a><\/td>\n<td>&nbsp;<\/td>\n<\/tr>\n<tr>\n<td><span style=\"font-size: small;\"><span style=\"color: blue;\"><b>Saint Laurent<\/b><\/span><br \/>\nLat : 48\u00b036.978&rsquo;N<br \/>\nLong : 004\u00b030.673&rsquo;W<br \/>\n<i>R\u00e9f. EG : 112<br \/>\nR\u00e9f. YC : 2098<\/i><\/span><\/td>\n<td><a href=\"http:\/\/www.plouguerneau.net\/IMG\/croix\/saint\/saintlaurent.jpg\" target=\"blank\" rel=\"noopener\"><img decoding=\"async\" title=\"Saint Laurent\" src=\"http:\/\/www.plouguerneau.net\/IMG\/croix\/saint\/saintlaurentp.jpg \"><\/a><\/td>\n<td>&nbsp;<\/td>\n<\/tr>\n<tr>\n<td><span style=\"font-size: small;\"><span style=\"color: blue;\"><b>Saint Michel<\/b><\/span><br \/>\nLat : 48\u00b037&rsquo;964 N<br \/>\nLong : 004\u00b031&rsquo;073 W<br \/>\n<i>R\u00e9f. EG : 114<br \/>\nR\u00e9f. YC : 2099<\/i><\/span><\/td>\n<td><a href=\"http:\/\/www.plouguerneau.net\/IMG\/croix\/saint\/saintmichelc.jpg\" target=\"blank\" rel=\"noopener\"><img decoding=\"async\" title=\"Saint Michel\" src=\"http:\/\/www.plouguerneau.net\/IMG\/croix\/saint\/saintmichelcp.jpg \"><\/a><\/td>\n<td>&nbsp;<\/td>\n<\/tr>\n<tr>\n<td><span style=\"font-size: small;\"><span style=\"color: blue;\"><b>Saint Michel<\/b><\/span><br \/>\nLat : 48\u00b037&rsquo;988 N<br \/>\nLong : 004\u00b031&rsquo;061 W<br \/>\n<i>R\u00e9f. EG : 113<br \/>\nR\u00e9f. YC : 2100<\/i><\/span><\/td>\n<td><a href=\"http:\/\/www.plouguerneau.net\/IMG\/croix\/saint\/saintmichelmln.jpg\" target=\"blank\" rel=\"noopener\"><img decoding=\"async\" title=\"Saint Michel\" src=\"http:\/\/www.plouguerneau.net\/IMG\/croix\/saint\/saintmichelmlnp.jpg \"><\/a><\/td>\n<td>&nbsp;<\/td>\n<\/tr>\n<tr>\n<td><span style=\"font-size: small;\"><span style=\"color: blue;\"><b>Saint Michel<\/b><\/span><br \/>\nLat : 48\u00b037&rsquo;987 N<br \/>\nLong : 004\u00b031&rsquo;099 W<br \/>\n<i>R\u00e9f. EG : 115<br \/>\nR\u00e9f. YC : 2101<\/i><\/span><\/td>\n<td><a href=\"http:\/\/www.plouguerneau.net\/IMG\/croix\/saint\/saintmichelk.jpg\" target=\"blank\" rel=\"noopener\"><img decoding=\"async\" title=\"Saint Michel\" src=\"http:\/\/www.plouguerneau.net\/IMG\/croix\/saint\/saintmichelkp.jpg \"><\/a><\/td>\n<td>\n<div align=\"justify\"><span style=\"font-size: small;\">Sur la st\u00e8le, figure l&rsquo;inscription suivante: \u00abCette croix a \u00e9t\u00e9 \u00e9rig\u00e9e par la compagnie Anglo-alg\u00e9rienne de Londres, \u00e0 la m\u00e9moire du capitaine, officiers, \u00e9quipage et des passagers du paquebot Kurdistan perdu en mer le 21 octobre 1910, ainsi qu&rsquo;en hommage de reconnaissance pour les habitants et autorit\u00e9s du pays qui recueillirent les restes des 17 naufrag\u00e9s rejet\u00e9s sur la c\u00f4te et pour la famille N\u00e9zou, qui autorisa d&rsquo;\u00e9lever cette croix sur ce terrain\u00bb.<\/span><\/div>\n<\/td>\n<\/tr>\n<tr>\n<td width=\"23%\"><span style=\"font-size: small;\"><span style=\"color: blue;\"><b>Stagadon<\/b><\/span><br \/>\nLat :<br \/>\nLong :<br \/>\n<i>R\u00e9f. EG : 117<br \/>\nR\u00e9f. YC : &#8211;<\/i><\/span><\/td>\n<td><a href=\"http:\/\/www.plouguerneau.net\/IMG\/croix\/dessin\/dessineg117.jpg\" target=\"blank\" rel=\"noopener\"><img decoding=\"async\" title=\"Stagadon\" src=\"http:\/\/www.plouguerneau.net\/IMG\/croix\/dessin\/dessineg117p.jpg \"><\/a><\/td>\n<td>&nbsp;<\/td>\n<\/tr>\n<tr>\n<td width=\"23%\"><span style=\"font-size: small;\"><span style=\"color: blue;\"><b>Strejou<\/b><\/span><br \/>\nLat : 48\u00b037.669&rsquo;N<br \/>\nLong : 004\u00b031.015&rsquo;W<br \/>\n<i>R\u00e9f. EG : 118<br \/>\nR\u00e9f. YC : 2103<\/i> <\/span><\/td>\n<td><a href=\"http:\/\/www.plouguerneau.net\/IMG\/croix\/s\/strejou.jpg\" target=\"blank\" rel=\"noopener\"><img decoding=\"async\" title=\"Strejou\" src=\"http:\/\/www.plouguerneau.net\/IMG\/croix\/s\/strejoup.jpg \"><\/a><\/td>\n<td>&nbsp;<\/td>\n<\/tr>\n<tr>\n<td width=\"23%\"><span style=\"font-size: small;\"><span style=\"color: blue;\"><b>Tevezan Vraz<\/b><\/span><br \/>\nLat : 48\u00b036.959&rsquo;N<br \/>\nLong : 004\u00b032.737&rsquo;W<br \/>\n<i>R\u00e9f. EG : 119<br \/>\nR\u00e9f. YC : 1997<\/i> <\/span><\/td>\n<td><a href=\"http:\/\/www.plouguerneau.net\/IMG\/croix\/t\/tevezan.jpg\" target=\"blank\" rel=\"noopener\"><img decoding=\"async\" title=\"Tevezan Vraz\" src=\"http:\/\/www.plouguerneau.net\/IMG\/croix\/t\/tevezanp.jpg \"><\/a><\/td>\n<td>&nbsp;<\/td>\n<\/tr>\n<tr>\n<td width=\"23%\"><span style=\"font-size: small;\"><span style=\"color: blue;\"><b>Traon<\/b><\/span><br \/>\nLat : 48\u00b035.750&rsquo;N<br \/>\nLong : 004\u00b030.663&rsquo;W<br \/>\n<i>R\u00e9f. EG : 120<br \/>\nR\u00e9f. YC : 2104<\/i> <\/span><\/td>\n<td><a href=\"http:\/\/www.plouguerneau.net\/IMG\/croix\/t\/traon2.jpg\" target=\"blank\" rel=\"noopener\"><img decoding=\"async\" title=\"Traon\" src=\"http:\/\/www.plouguerneau.net\/IMG\/croix\/t\/traonp2.jpg \"><\/a><\/td>\n<td>&nbsp;<\/td>\n<\/tr>\n<tr>\n<td width=\"23%\"><span style=\"font-size: small;\"><span style=\"color: blue;\"><b>Traon<\/b><\/span><br \/>\nLat : 48\u00b035.750&rsquo;N<br \/>\nLong : 004\u00b030.663&rsquo;W<br \/>\n<i>R\u00e9f. EG : 120bis<br \/>\nR\u00e9f. YC : 2105<\/i> <\/span><\/td>\n<td><a href=\"http:\/\/www.plouguerneau.net\/IMG\/croix\/t\/traon1.jpg\" target=\"blank\" rel=\"noopener\"><img decoding=\"async\" title=\"Traon\" src=\"http:\/\/www.plouguerneau.net\/IMG\/croix\/t\/traonp1.jpg \"><\/a><\/td>\n<td>&nbsp;<\/td>\n<\/tr>\n<tr>\n<td width=\"23%\"><span style=\"font-size: small;\"><span style=\"color: blue;\"><b>Treguestan<\/b><\/span><br \/>\nLat : 48\u00b036.989&rsquo;N<br \/>\nLong : 004\u00b032.390&rsquo;W<br \/>\n<i>R\u00e9f. EG : 121<br \/>\nR\u00e9f. YC : 2106<\/i> <\/span><\/td>\n<td><a href=\"http:\/\/www.plouguerneau.net\/IMG\/croix\/t\/treguestan.jpg \"><img decoding=\"async\" class=\"alignnone\" title=\"Treguestan\" src=\"http:\/\/www.plouguerneau.net\/IMG\/croix\/t\/treguestanp.jpg \" alt=\"\" width=\"200\" height=\"133\"><\/a><\/td>\n<td><span style=\"font-size: small;\">Kroaz an tantad<\/span><\/td>\n<\/tr>\n<tr>\n<td width=\"23%\"><span style=\"font-size: small;\"><span style=\"color: blue;\"><b>Tr\u00e9ongar<\/b><\/span><br \/>\nLat : 48\u00b036.661&rsquo;N<br \/>\nLong : 004\u00b030.090&rsquo;W<br \/>\n<i>R\u00e9f. EG : 122<br \/>\nR\u00e9f. YC : 2108<\/i> <\/span><\/td>\n<td><a href=\"http:\/\/www.plouguerneau.net\/IMG\/croix\/t\/treongar2.jpg\" target=\"blank\" rel=\"noopener\"><img decoding=\"async\" title=\"Tr\u00e9ongar\" src=\"http:\/\/www.plouguerneau.net\/IMG\/croix\/t\/treongarp2.jpg \"><\/a><\/td>\n<td>&nbsp;<\/td>\n<\/tr>\n<tr>\n<td width=\"23%\"><span style=\"font-size: small;\"><span style=\"color: blue;\"><b>Tr\u00e9ongar<\/b><\/span><br \/>\nLat : 48\u00b036.631&rsquo;N<br \/>\nLong : 004\u00b030.038&rsquo;W<br \/>\n<i>R\u00e9f. EG : 123<br \/>\nR\u00e9f. YC : 2107<\/i> <\/span><\/td>\n<td><a href=\"http:\/\/www.plouguerneau.net\/IMG\/croix\/t\/treongar.jpg\" target=\"blank\" rel=\"noopener\"><img decoding=\"async\" title=\"Tr\u00e9ongar\" src=\"http:\/\/www.plouguerneau.net\/IMG\/croix\/t\/treongarp.jpg \"><\/a><\/td>\n<td>&nbsp;<\/td>\n<\/tr>\n<tr>\n<td width=\"23%\"><span style=\"font-size: small;\"><span style=\"color: blue;\"><b>Trolouc&rsquo;h<\/b><\/span><br \/>\nLat : 48\u00b037.742&rsquo;N<br \/>\nLong : 004\u00b030.905W<br \/>\n<i>R\u00e9f. EG :<br \/>\nR\u00e9f. YC : 2109<\/i> <\/span><\/td>\n<td><a href=\"http:\/\/www.plouguerneau.net\/IMG\/croix\/t\/trolouch.jpg\" target=\"blank\" rel=\"noopener\"><img decoding=\"async\" title=\"Trolouc'h\" src=\"http:\/\/www.plouguerneau.net\/IMG\/croix\/t\/trolouchp.jpg \"><\/a><\/td>\n<td>&nbsp;<\/td>\n<\/tr>\n<\/tbody>\n<\/table>\n","protected":false},"excerpt":{"rendered":"<p>Penngourven Lat : 48\u00b037.396&rsquo;N Long : 004\u00b028.441&rsquo;W R\u00e9f. EG : 101 R\u00e9f. YC : 2078 Assur\u00e9ment, une croix qui se m\u00e9rite ! Sans la perspicacit\u00e9 d&rsquo;Erik, elle me serait rest\u00e9e [&hellip;]<\/p>\n","protected":false},"author":4,"featured_media":0,"parent":0,"menu_order":0,"comment_status":"closed","ping_status":"open","template":"","meta":{"ngg_post_thumbnail":0,"_EventAllDay":false,"_EventTimezone":"","_EventStartDate":"","_EventEndDate":"","_EventStartDateUTC":"","_EventEndDateUTC":"","_EventShowMap":false,"_EventShowMapLink":false,"_EventURL":"","_EventCost":"","_EventCostDescription":"","_EventCurrencySymbol":"","_EventCurrencyCode":"","_EventCurrencyPosition":"","_EventDateTimeSeparator":"","_EventTimeRangeSeparator":"","_EventOrganizerID":[],"_EventVenueID":[],"_OrganizerEmail":"","_OrganizerPhone":"","_OrganizerWebsite":"","_VenueAddress":"","_VenueCity":"","_VenueCountry":"","_VenueProvince":"","_VenueState":"","_VenueZip":"","_VenuePhone":"","_VenueURL":"","_VenueStateProvince":"","_VenueLat":"","_VenueLng":"","_VenueShowMap":false,"_VenueShowMapLink":false,"footnotes":""},"categories":[40],"tags":[],"class_list":["post-255","page","type-page","status-publish","hentry","category-croix-et-calvaires"],"_links":{"self":[{"href":"https:\/\/appriou.bzh\/index.php\/wp-json\/wp\/v2\/pages\/255","targetHints":{"allow":["GET"]}}],"collection":[{"href":"https:\/\/appriou.bzh\/index.php\/wp-json\/wp\/v2\/pages"}],"about":[{"href":"https:\/\/appriou.bzh\/index.php\/wp-json\/wp\/v2\/types\/page"}],"author":[{"embeddable":true,"href":"https:\/\/appriou.bzh\/index.php\/wp-json\/wp\/v2\/users\/4"}],"replies":[{"embeddable":true,"href":"https:\/\/appriou.bzh\/index.php\/wp-json\/wp\/v2\/comments?post=255"}],"version-history":[{"count":0,"href":"https:\/\/appriou.bzh\/index.php\/wp-json\/wp\/v2\/pages\/255\/revisions"}],"wp:attachment":[{"href":"https:\/\/appriou.bzh\/index.php\/wp-json\/wp\/v2\/media?parent=255"}],"wp:term":[{"taxonomy":"category","embeddable":true,"href":"https:\/\/appriou.bzh\/index.php\/wp-json\/wp\/v2\/categories?post=255"},{"taxonomy":"post_tag","embeddable":true,"href":"https:\/\/appriou.bzh\/index.php\/wp-json\/wp\/v2\/tags?post=255"}],"curies":[{"name":"wp","href":"https:\/\/api.w.org\/{rel}","templated":true}]}}