{"id":300,"date":"2011-12-06T13:48:16","date_gmt":"2011-12-06T12:48:16","guid":{"rendered":"https:\/\/plouguerneau.net\/vie-et-mort-du-paysan-leonard\/"},"modified":"2011-12-06T13:48:16","modified_gmt":"2011-12-06T12:48:16","slug":"vie-et-mort-du-paysan-leonard","status":"publish","type":"page","link":"https:\/\/appriou.bzh\/index.php\/vie-et-mort-du-paysan-leonard\/","title":{"rendered":"Vie et mort du paysan L\u00e9onard"},"content":{"rendered":"<p><i>Avec l&rsquo;aimable autorisation de l&rsquo;auteur.<\/i><\/p>\n<div align=\"center\"><b><b><span style=\"color: #0000ff;\"><span style=\"font-size: medium;\">Vie et mort d&rsquo;un paysan L\u00e9onard<br \/>\ndans la seconde moiti\u00e9 du XVIII\u00e8me si\u00e8cle.<\/span><\/span><\/b><\/b>Jean-Pierre Hirrien<\/p>\n<p>&nbsp;<\/p>\n<p><img decoding=\"async\" src=\"https:\/\/appriou.bzh\/wp-content\/uploads\/2011\/12\/jphirrien_couverture.jpg\" \/><\/p>\n<p>INTRODUCTION GENERALE<\/p>\n<\/div>\n<p>&nbsp;<\/p>\n<div align=\"justify\">L&rsquo;\u00e9tude de la population Plouguern\u00e9enne dans la seconde moiti\u00e9 du XVIII\u00e8 si\u00e8cle est le r\u00e9sultat d&rsquo;une double passion : l&rsquo;une est vou\u00e9e \u00e0 l&rsquo;histoire et en particulier \u00e0 la p\u00e9riode pr\u00e9c\u00e9dant la R\u00e9volution, l&rsquo;autre au pays Pagan dont la beaut\u00e9 sauvage, la richesse culturelle font que l&rsquo;on s&rsquo;y sent bien.<br \/>\nLe travail effectu\u00e9 correspond aux paroisses de Plouguerneau et de Tr\u00e9m\u00e9nac&rsquo;h. Au-del\u00e0 du d\u00e9pouillement des registres paroissiaux et des renseignements comptables qu&rsquo;ils nous livrent, il nous a sembl\u00e9 judicieux de les interpr\u00e9ter pour mieux suivre les comportements d\u00e9mographiques des paysans l\u00e9onards \u00e0 la fin de l&rsquo;Ancien R\u00e9gime. La t\u00e2che \u00e0 accomplir fut longue et parfois fastidieuse. Plus de 12000 actes de bapt\u00eames, mariages, s\u00e9pultures, les B.M.S , ont \u00e9t\u00e9 consult\u00e9s. Mais au bout du compte on d\u00e9couvre le paroissien dans sa vie de tous les jours. Trois \u00e9tapes permettent de mieux l&rsquo;appr\u00e9hender: celle du mariage qui engendre au sein de la cellule familiale le temps des naissances. A ces deux moments de joie succ\u00e8de une \u00e9preuve bien plus redoutable : celle de la mort, sournoise et omnipr\u00e9sente.<br \/>\nLa premi\u00e8re, comme de nos jours, est bas\u00e9e sur l&rsquo;amour, mais attention l&#8217;emprise du milieu social et familial se r\u00e9v\u00e8le tout aussi d\u00e9terminante dans le choix du conjoint. Ne se marie pas qui veut avec qui il veut. La s\u00e9lection de l&rsquo;heureux(se) \u00e9lu(e) op\u00e9r\u00e9e, les formalit\u00e9s officielles s&rsquo;effectuent, dans le cadre de la paroisse, sous la surveillance du clerg\u00e9. Car dans une soci\u00e9t\u00e9 rigide rien n&rsquo;est laiss\u00e9 au hasard. Ceci se v\u00e9rifie encore davantage lorsque l&rsquo;on examine le processus, ponctu\u00e9 de rites originaux, qui am\u00e8ne le paysan l\u00e9onard \u00e0 l&rsquo;\u00e9glise.<br \/>\nLe jour du mariage les fianc\u00e9s, dont le profil m\u00e9rite une analyse particuli\u00e8re, se pr\u00e9sentent devant le c\u00e9l\u00e9brant pour une c\u00e9r\u00e9monie religieuse o\u00f9 se conjuguent gravit\u00e9 du moment et atmosph\u00e8re bon enfant.<br \/>\nLe couple ainsi constitu\u00e9 est une entit\u00e9 \u00e9conomique autonome ou rattach\u00e9e \u00e0 d&rsquo;autres cellules familiales mais partout sa finalit\u00e9 principale est la procr\u00e9ation. A ce titre quels sont les comportements des Plouguern\u00e9ens dans leur approche dimensionnelle de la famille? A quels moments con\u00e7oivent-ils leurs enfants et selon quels imp\u00e9ratifs? S&rsquo;\u00e9cartent-ils du cadre du mariage pour basculer dans l&rsquo;ill\u00e9gitimit\u00e9? Voil\u00e0 autant de questions auxquelles il convient de r\u00e9pondre.<br \/>\nLa troisi\u00e8me \u00e9tape est bien plus macabre. Si aujourd&rsquo;hui on consid\u00e8re trop souvent la mort comme injuste, si le monde des vivants tente de l&rsquo;exorciser par des artifices qui glorifient la personne d\u00e9c\u00e9d\u00e9e, il en va diff\u00e9remment sous l&rsquo;Ancien R\u00e9gime. Pourquoi? La mort est un spectacle ordinaire dont les racines s&rsquo;ins\u00e8rent dans une multitude de causes sp\u00e9cifiques au XVIII\u00e8 si\u00e8cle. A cette mortalit\u00e9 du quotidien s&rsquo;ajoutent p\u00e9riodiquement, et peut-\u00eatre encore plus qu&rsquo;aux si\u00e8cles pass\u00e9s, de violentes crises \u00e9pid\u00e9miques qui taillent de v\u00e9ritables coupes sombres dans les effectifs paroissiaux de Plouguerneau et de sa petite voisine de Tr\u00e9m\u00e9nac&rsquo;h.<br \/>\nD\u00e9s lors le Plouguern\u00e9en se trouve confront\u00e9 \u00e0 des taux de mortalit\u00e9, pour nous, d&rsquo;un autre temps, \u00e0 des cataclysmes attaquant r\u00e9guli\u00e8rement l&rsquo;ensemble de la communaut\u00e9 paysanne. Comme il se doit toutes les cat\u00e9gories d&rsquo;\u00e2ges s&rsquo;exposent \u00e0 \u00eatre happ\u00e9es par l&rsquo;Ankou, mais pourtant celui-ci se montre encore plus impitoyable envers les plus jeunes et les plus d\u00e9munis et s\u00e9lectionne malicieusement les saisons de son \u0153uvre n\u00e9faste. Enfin face \u00e0 la banalit\u00e9 du ph\u00e9nom\u00e8ne mortif\u00e8re, il est apparu souhaitable d&rsquo;analyser les r\u00e9actions des paroissiens, meurtris dans leurs chairs et d\u00e9sireux de contrecarrer, dans la mesure du possible, la maladie et la mis\u00e8re humaine.<br \/>\nCe travail d&rsquo;investigation se veut une contribution \u00e0 l&rsquo;histoire d\u00e9mographique et sociale du L\u00e9on au XVIII\u00e8 si\u00e8cle. En effet quelques \u00e9tudiants r\u00e9dig\u00e8rent, dans les ann\u00e9es 1970, leur m\u00e9moire de ma\u00eetrise sur le m\u00eame th\u00e8me, embo\u00eetant le pas \u00e0 Roger Leprohon avec sa th\u00e8se \u00a0\u00bb Vie et mort des Bretons sous Louis XIV \u00ab\u00a0. Nous m\u00eames avons repris le flambeau afin de compl\u00e9ter modestement, \u00e0 notre niveau, une \u00e9tude qui permet de mieux cerner la vie sociale, familiale et parfois quotidienne du paysan l\u00e9onard. Elle est \u00e9videmment d\u00e9di\u00e9e \u00e0 tous les Plouguern\u00e9ens et plus simplement \u00e0 tous les amoureux de l&rsquo;Histoire.<\/div>\n","protected":false},"excerpt":{"rendered":"<p>Avec l&rsquo;aimable autorisation de l&rsquo;auteur. Vie et mort d&rsquo;un paysan L\u00e9onard dans la seconde moiti\u00e9 du XVIII\u00e8me si\u00e8cle.Jean-Pierre Hirrien &nbsp; INTRODUCTION GENERALE &nbsp; L&rsquo;\u00e9tude de la population Plouguern\u00e9enne dans la [&hellip;]<\/p>\n","protected":false},"author":4,"featured_media":1803,"parent":0,"menu_order":0,"comment_status":"closed","ping_status":"open","template":"","meta":{"ngg_post_thumbnail":0,"_EventAllDay":false,"_EventTimezone":"","_EventStartDate":"","_EventEndDate":"","_EventStartDateUTC":"","_EventEndDateUTC":"","_EventShowMap":false,"_EventShowMapLink":false,"_EventURL":"","_EventCost":"","_EventCostDescription":"","_EventCurrencySymbol":"","_EventCurrencyCode":"","_EventCurrencyPosition":"","_EventDateTimeSeparator":"","_EventTimeRangeSeparator":"","_EventOrganizerID":[],"_EventVenueID":[],"_OrganizerEmail":"","_OrganizerPhone":"","_OrganizerWebsite":"","_VenueAddress":"","_VenueCity":"","_VenueCountry":"","_VenueProvince":"","_VenueState":"","_VenueZip":"","_VenuePhone":"","_VenueURL":"","_VenueStateProvince":"","_VenueLat":"","_VenueLng":"","_VenueShowMap":false,"_VenueShowMapLink":false,"footnotes":""},"categories":[255],"tags":[],"class_list":["post-300","page","type-page","status-publish","has-post-thumbnail","hentry","category-18-19-la-vie-a-plouguerneau"],"_links":{"self":[{"href":"https:\/\/appriou.bzh\/index.php\/wp-json\/wp\/v2\/pages\/300","targetHints":{"allow":["GET"]}}],"collection":[{"href":"https:\/\/appriou.bzh\/index.php\/wp-json\/wp\/v2\/pages"}],"about":[{"href":"https:\/\/appriou.bzh\/index.php\/wp-json\/wp\/v2\/types\/page"}],"author":[{"embeddable":true,"href":"https:\/\/appriou.bzh\/index.php\/wp-json\/wp\/v2\/users\/4"}],"replies":[{"embeddable":true,"href":"https:\/\/appriou.bzh\/index.php\/wp-json\/wp\/v2\/comments?post=300"}],"version-history":[{"count":0,"href":"https:\/\/appriou.bzh\/index.php\/wp-json\/wp\/v2\/pages\/300\/revisions"}],"wp:featuredmedia":[{"embeddable":true,"href":"https:\/\/appriou.bzh\/index.php\/wp-json\/wp\/v2\/media\/1803"}],"wp:attachment":[{"href":"https:\/\/appriou.bzh\/index.php\/wp-json\/wp\/v2\/media?parent=300"}],"wp:term":[{"taxonomy":"category","embeddable":true,"href":"https:\/\/appriou.bzh\/index.php\/wp-json\/wp\/v2\/categories?post=300"},{"taxonomy":"post_tag","embeddable":true,"href":"https:\/\/appriou.bzh\/index.php\/wp-json\/wp\/v2\/tags?post=300"}],"curies":[{"name":"wp","href":"https:\/\/api.w.org\/{rel}","templated":true}]}}