{"id":307,"date":"2011-04-30T08:55:09","date_gmt":"2011-04-30T06:55:09","guid":{"rendered":"https:\/\/plouguerneau.net\/crannog\/"},"modified":"2025-01-27T10:08:28","modified_gmt":"2025-01-27T09:08:28","slug":"crannog","status":"publish","type":"page","link":"https:\/\/appriou.bzh\/index.php\/crannog\/","title":{"rendered":"Crannog"},"content":{"rendered":"<p><i>Communication de Monsieur Pierre Abjean \u00e0 la Soci\u00e9t\u00e9 Arch\u00e9ologique du Finist\u00e8re le 25 janvier 1981<\/i><\/p>\n<p><b>Pierre Abjean<\/b> <br \/>\n16  rue Michel Le Nobletz<br \/>\n29232 &#8211; Plouguerneau <\/p>\n<p>25 janvier 1981<\/p>\n<div align= center><b>Communication<\/b> \n<\/div>\n<p><\/p>\n<div align= justify>\nA 2000 m\u00e8tres \u00e0 l&rsquo;Est de l&rsquo;agglom\u00e9ration de Plouguerneau et \u00e0 230 m\u00e8tres au-del\u00e0 du hameau de Ranngrannoc ( carte I.G.N. Plouguerneau 7 &#8211; 8 ), en bordure d&rsquo;un chemin rural et d&rsquo;un chemin herbu venant, \u00e0 travers des prairies, de la direction du gros hameau d&rsquo;Enez-cadec (1), au beau milieu d&rsquo;une p\u00e2ture humide arros\u00e9e par une source et un petit ruisseau, une photographie a\u00e9rienne prise par les services de l&rsquo;Institut G\u00e9ographique National, en 1966 probablement, montre un site r\u00e9v\u00e9l\u00e9 par l&rsquo;\u00e9tat de la v\u00e9g\u00e9tation, c&rsquo;est \u00e0 dire un \u00ab\u00a0crop-site\u00a0\u00bb, ou un paysage arch\u00e9ologique r\u00e9v\u00e9l\u00e9 par les diff\u00e9rences de coloration du sol, du gris au noir, c&rsquo;est \u00e0 dire un \u00ab\u00a0soil-site\u00a0\u00bb. <br \/>\nLa prise de vue, qui ma \u00e9t\u00e9 offerte par un ami en 1969 porte le n\u00b0 309 avec les indications 0415 &#8211; 0915. Ce n&rsquo;est qu&rsquo;en Janvier 1971, apr\u00e8s avoir relu \u00ab\u00a0Les Celtes\u00a0\u00bb de Henri Hubert (2) que j&rsquo;ai soup\u00e7onn\u00e9 que le site en question ne pouvait \u00eatre qu&rsquo;un \u00ab\u00a0crannog\u00a0\u00bb. Le nom du lieu-dit : Ranngrannoc ne pouvait avoir d&rsquo;autre signification que celle de \u00ab\u00a0secteur du Crannog ou secteur du village sur pilotis\u00a0\u00bb. <br \/>\nCes pilotis consistaient en d&rsquo;\u00e9normes blocs de pierre sur lesquels devaient reposer de longues poutres d&rsquo;assemblage et un plancher. Ils \u00e9taient diss\u00e9min\u00e9s dans la partie basse de la p\u00e2ture si bien Que le site pouvait avoir une longueur de 90 \u00e0 95 m\u00e8tres sur une largeur de 40 \u00e0 45 m\u00e8tres avec un vide au centre. Le crannog de Glastonbury a environ 120 m\u00e8tres sur 95. <br \/>\nLe site r\u00e9v\u00e9l\u00e9 par la photo a\u00e9rienne est piriforme (une reproduction, \u00e0 votre intention uniquement, ne rend pas suffisament le gris\u00e9 de l&rsquo;original).<br \/>\nEn Janvier 1971, lors de ma d\u00e9couverte du site, des blocs avaient d\u00e9j\u00e0 \u00e9t\u00e9 d\u00e9plac\u00e9s par un engin m\u00e9canique deux ou trois ans auparavant, et dispos\u00e9sde part et d&rsquo;autre d&rsquo;une haie. Certains blocs, en raison de leur dimension, n&rsquo;avaient pu \u00eatre d\u00e9plac\u00e9s. Ils sont toujours \u00e0 l&#8217;emplacement o\u00f9 les avaient d\u00e9pos\u00e9s les constructeurs du crannog. <br \/>\nUne st\u00e8le armoricaine de l&rsquo;\u00e2ge du fer (3), d&rsquo;une hauteur de 3 m\u00e8tres, a \u00e9t\u00e9 d\u00e9couverte en 1928 pr\u00e8s du hameau d&rsquo;Hellez o\u00f9 elle \u00e9tait enterr\u00e9e. Sa situation, \u00e0 proximit\u00e9 d&rsquo;un crannog, avait sans doute une explication. Elle a \u00e9t\u00e9 dress\u00e9e en 1961 au virage de Beg- ar-C&rsquo;hastell.<br \/>\nPour moi, le ruisseau devait traverser le village de Plouguerneau en y formant une mare. Ce crannog, si du moins son existence est prouv\u00e9e, devra \u00eatre cit\u00e9 dans les travaux traitant de la pr\u00e9sence des Celtes en Armorique \u00e0 une \u00e9poque tr\u00e8s ancienne. D&rsquo;ailleurs il est tr\u00e8s probable que d&rsquo;autres sites du m\u00eame genre existent sur le territoire de Plouguerneau. Pour ne citer que quelques uns, un site existerait \u00e0 150 m\u00e8tres&rsquo;environ du hameau du Nahont ( naon en breton) ( carte I.G.N. Plabennec 3 &#8211; 4 ) au Sud-Est de Plouguerneau, ou, si on pr\u00e9f\u00e8re, au Nord-Ouest du bourg de Kernilis. Des traces apparaissent \u00e0 Lost-an-aod, au fond de l&rsquo;anse de Kelerdut, au Nord-Ouest de l&rsquo;agglom\u00e9ration et aussi \u00e0 Kerily, \u00e0 Kergueo ( Kergeo, en breton) ainsi qu&rsquo;\u00e0 Mesqu\u00e9au ( Meskeo ) et enfin \u00e0 Kastell-ar-ran (hameau non inscrit sur la carte I.G.N.) <br \/>\nTous ces vestiges sont situ\u00e9s dans des pr\u00e9s humides. <br \/>\nJe joins \u00e0 cette communication un relev\u00e9 du cadastre au 1\/1000 du lieu, un deuxi\u00e8me relev\u00e9 de situation au 1\/5000 et une reproduction unique par photocopie de la photographie a\u00e9rienne, pour rendre compte de cette d\u00e9couverte(*).<\/p>\n<p>(1) Chemin que je pense \u00eatre un tron\u00e7on de la voie romaine Vorgium-Vorganium c&rsquo;est \u00e0 dire : Carhaix &#8211; Saint Cava, pr\u00e8s de Lilia, apr\u00e8s sa travers\u00e9e du bourg de Plouguerneau. <br \/>\n(2) \u00ab\u00a0Les Celtes\u00a0\u00bb par H. Hubert chez Albin-Michel. Paris 1950 ; tome 1 p.26 <br \/>\n(3) Photographie parue dans le n\u00b0 11 Juillet &#8211; Ao\u00fbt 1975 de la revue : \u00ab\u00a0Les dossiers de l&rsquo;arch\u00e9ologie\u00a0\u00bb page 73, sous le n\u00b0 2. <\/p>\n<p>(*)avec preuve \u00e0 l&rsquo;appui, heureux d&rsquo;avoir pu contribuer dans la mesure de mes moyens \u00e0 la Protohistoire de la Bretagne et enrichir celle de Plouguerneau en particulier. <br \/>\nD&rsquo;autres sites m\u00e9connus pour le mornent existent \u00e0 Plouguerneau et devraient faire l&rsquo;objet d&rsquo;une \u00e9tude s\u00e9rieuse. <\/p>\n<p><i>Accord de la Soci\u00e9t\u00e9 Arch\u00e9ologique du Finist\u00e8re<\/i><\/p>\n<p>Plan propos\u00e9 par Pierre Abjean : <\/p>\n<div align=center><a href=\"https:\/\/appriou.bzh\/wp-content\/uploads\/2011\/04\/archeologie_crannog_pabjeancrannog.jpg\" target=blank><img decoding=\"async\" src=\"https:\/\/appriou.bzh\/wp-content\/uploads\/2011\/04\/archeologie_crannog_pabjeancrannogp.jpg\"><\/a>\n<\/div>\n<\/div>\n","protected":false},"excerpt":{"rendered":"<p>Communication de Monsieur Pierre Abjean \u00e0 la Soci\u00e9t\u00e9 Arch\u00e9ologique du Finist\u00e8re le 25 janvier 1981 Pierre Abjean 16 rue Michel Le Nobletz 29232 &#8211; Plouguerneau 25 janvier 1981 Communication A [&hellip;]<\/p>\n","protected":false},"author":4,"featured_media":0,"parent":0,"menu_order":0,"comment_status":"closed","ping_status":"open","template":"","meta":{"ngg_post_thumbnail":0,"_EventAllDay":false,"_EventTimezone":"","_EventStartDate":"","_EventEndDate":"","_EventStartDateUTC":"","_EventEndDateUTC":"","_EventShowMap":false,"_EventShowMapLink":false,"_EventURL":"","_EventCost":"","_EventCostDescription":"","_EventCurrencySymbol":"","_EventCurrencyCode":"","_EventCurrencyPosition":"","_EventDateTimeSeparator":"","_EventTimeRangeSeparator":"","_EventOrganizerID":[],"_EventVenueID":[],"_OrganizerEmail":"","_OrganizerPhone":"","_OrganizerWebsite":"","_VenueAddress":"","_VenueCity":"","_VenueCountry":"","_VenueProvince":"","_VenueState":"","_VenueZip":"","_VenuePhone":"","_VenueURL":"","_VenueStateProvince":"","_VenueLat":"","_VenueLng":"","_VenueShowMap":false,"_VenueShowMapLink":false,"footnotes":""},"categories":[138],"tags":[],"class_list":["post-307","page","type-page","status-publish","hentry","category-patrimoine-archeologique"],"_links":{"self":[{"href":"https:\/\/appriou.bzh\/index.php\/wp-json\/wp\/v2\/pages\/307","targetHints":{"allow":["GET"]}}],"collection":[{"href":"https:\/\/appriou.bzh\/index.php\/wp-json\/wp\/v2\/pages"}],"about":[{"href":"https:\/\/appriou.bzh\/index.php\/wp-json\/wp\/v2\/types\/page"}],"author":[{"embeddable":true,"href":"https:\/\/appriou.bzh\/index.php\/wp-json\/wp\/v2\/users\/4"}],"replies":[{"embeddable":true,"href":"https:\/\/appriou.bzh\/index.php\/wp-json\/wp\/v2\/comments?post=307"}],"version-history":[{"count":0,"href":"https:\/\/appriou.bzh\/index.php\/wp-json\/wp\/v2\/pages\/307\/revisions"}],"wp:attachment":[{"href":"https:\/\/appriou.bzh\/index.php\/wp-json\/wp\/v2\/media?parent=307"}],"wp:term":[{"taxonomy":"category","embeddable":true,"href":"https:\/\/appriou.bzh\/index.php\/wp-json\/wp\/v2\/categories?post=307"},{"taxonomy":"post_tag","embeddable":true,"href":"https:\/\/appriou.bzh\/index.php\/wp-json\/wp\/v2\/tags?post=307"}],"curies":[{"name":"wp","href":"https:\/\/api.w.org\/{rel}","templated":true}]}}