{"id":3349,"date":"2022-02-28T11:21:55","date_gmt":"2022-02-28T10:21:55","guid":{"rendered":"https:\/\/plouguerneau.net\/?p=3349"},"modified":"2025-01-27T10:15:23","modified_gmt":"2025-01-27T09:15:23","slug":"chroniques-de-kerandraonet-du-diourisdu-16-eme-au-20eme-siecle","status":"publish","type":"page","link":"https:\/\/appriou.bzh\/index.php\/chroniques-de-kerandraonet-du-diourisdu-16-eme-au-20eme-siecle\/","title":{"rendered":"Chroniques de Kerandraon et du Diouris du 16 \u00e8me au 21 \u00e8me si\u00e8cle"},"content":{"rendered":"\n<p>Au Diouris, \u00e0 l&rsquo;extr\u00eame Sud de la commune de Plouguerneau, le flot vient chaque jour mourir contre la chauss\u00e9e d\u2019un ancien moulin banal.<br>L\u2019\u00e9difice, appel\u00e9 moulin de Kerandraon jusqu\u2019au 18\u00e8me si\u00e8cle, d\u00e9pendait du manoir du m\u00eame nom, situ\u00e9 en aval sur la hauteur dominant l\u2019Aber Wrac\u2019h.<br>Au gr\u00e9 des mar\u00e9es, la ria serpente entre les roseaux qui recouvrent d\u00e9sormais les anciens pr\u00e9s sal\u00e9s de ses rives. Les constructions s\u00e9culaires et les sentiers des sous-bois font de l&rsquo;endroit, qui abrita l&rsquo;ancien si\u00e8ge du fief de Kerandraon, un lieu pittoresque et enchanteur.<br>Des pierres taill\u00e9es ou sculpt\u00e9es, vestiges de l&rsquo;\u00e9volution, des transformations du manoir et des malencontreuses d\u00e9pr\u00e9dations qui en ont r\u00e9sult\u00e9, ont \u00e9t\u00e9 retrouv\u00e9es et mises en valeur par les habitants actuels1. Certaines ont \u00e9t\u00e9 utilis\u00e9es dans la confection des massifs fleuris qui donnent un charme incomparable au hameau.<br>La date de construction du manoir reste \u00e9nigmatique, mais ne para\u00eet pas \u00eatre post\u00e9rieure au 15\u00e8me si\u00e8cle. Selon Isabelle Parc, sa porte de style gothique ressemble singuli\u00e8rement \u00e0 celle du manoir de Kerrat, en Arradon (Morbihan), dat\u00e9 de la fin du moyen-\u00e2ge.<br>La probable v\u00e9rit\u00e9 est que Kerandraon fut b\u00e2ti en plusieurs \u00e9pisodes et transform\u00e9 maintes fois, comme pourraient le t\u00e9moigner les divers styles de ma\u00e7onnerie que l&rsquo;on y rencontre. Il est plausible que la partie la plus ancienne soit le b\u00e2timent Est, perpendiculaire au chemin. Selon des informations verbales recueillies aupr\u00e8s d\u2019anciens cultivateurs occupants du hameau, il fut converti en b\u00e2timent agricole au<br>courant du 20\u00e8me si\u00e8cle, apr\u00e8s avoir \u00e9t\u00e9 utilis\u00e9 comme carri\u00e8re de pierres de taille qui furent vendues pour mettre en valeur des habitations neuves. Une certitude est que, lors de l\u2019\u00e9tablissement du premier cadastre achev\u00e9 vers 1840, ce b\u00e2timent \u00e9tait dit maison. Sans grand risque d\u2019erreur, on peut pr\u00e9sumer qu\u2019il fut le berceau de la vieille construction noble, gr\u00e2ce \u00e0 la qualit\u00e9 de la ma\u00e7onnerie subsistante.<\/p>\n\n\n\n<p><\/p>\n\n\n\n<p>L&rsquo;article complet de 71 pages au format PDF :<\/p>\n\n\n\n<p><br><\/p>\n\n\n\n<div data-wp-interactive=\"core\/file\" class=\"wp-block-file\"><object data-wp-bind--hidden=\"!state.hasPdfPreview\" hidden class=\"wp-block-file__embed\" data=\"https:\/\/plouguerneau.net\/wp-content\/uploads\/2022\/03\/20220228_kerandraon-diouris.pdf\" type=\"application\/pdf\" style=\"width:100%;height:600px\" aria-label=\"Contenu embarqu\u00e9 Contenu embarqu\u00e9 20220228_kerandraon &amp; diouris..\"><\/object><a id=\"wp-block-file--media-2cd2a44b-7782-4839-b201-df2b59a0fd0d\" href=\"https:\/\/plouguerneau.net\/wp-content\/uploads\/2022\/03\/20220228_kerandraon-diouris.pdf\">20220228_kerandraon &#038; diouris<\/a><a href=\"https:\/\/plouguerneau.net\/wp-content\/uploads\/2022\/03\/20220228_kerandraon-diouris.pdf\" class=\"wp-block-file__button\" download aria-describedby=\"wp-block-file--media-2cd2a44b-7782-4839-b201-df2b59a0fd0d\">T\u00e9l\u00e9charger<\/a><\/div>\n","protected":false},"excerpt":{"rendered":"<p>Au Diouris, \u00e0 l&rsquo;extr\u00eame Sud de la commune de Plouguerneau, le flot vient chaque jour mourir contre la chauss\u00e9e d\u2019un ancien moulin banal.L\u2019\u00e9difice, appel\u00e9 moulin de Kerandraon jusqu\u2019au 18\u00e8me si\u00e8cle, [&hellip;]<\/p>\n","protected":false},"author":8,"featured_media":1725,"parent":0,"menu_order":0,"comment_status":"open","ping_status":"open","template":"","meta":{"ngg_post_thumbnail":0,"_EventAllDay":false,"_EventTimezone":"","_EventStartDate":"","_EventEndDate":"","_EventStartDateUTC":"","_EventEndDateUTC":"","_EventShowMap":false,"_EventShowMapLink":false,"_EventURL":"","_EventCost":"","_EventCostDescription":"","_EventCurrencySymbol":"","_EventCurrencyCode":"","_EventCurrencyPosition":"","_EventDateTimeSeparator":"","_EventTimeRangeSeparator":"","_EventOrganizerID":[],"_EventVenueID":[],"_OrganizerEmail":"","_OrganizerPhone":"","_OrganizerWebsite":"","_VenueAddress":"","_VenueCity":"","_VenueCountry":"","_VenueProvince":"","_VenueState":"","_VenueZip":"","_VenuePhone":"","_VenueURL":"","_VenueStateProvince":"","_VenueLat":"","_VenueLng":"","_VenueShowMap":false,"_VenueShowMapLink":false,"footnotes":""},"categories":[144],"tags":[],"class_list":["post-3349","page","type-page","status-publish","has-post-thumbnail","hentry","category-du-diouris-au-diouris"],"_links":{"self":[{"href":"https:\/\/appriou.bzh\/index.php\/wp-json\/wp\/v2\/pages\/3349","targetHints":{"allow":["GET"]}}],"collection":[{"href":"https:\/\/appriou.bzh\/index.php\/wp-json\/wp\/v2\/pages"}],"about":[{"href":"https:\/\/appriou.bzh\/index.php\/wp-json\/wp\/v2\/types\/page"}],"author":[{"embeddable":true,"href":"https:\/\/appriou.bzh\/index.php\/wp-json\/wp\/v2\/users\/8"}],"replies":[{"embeddable":true,"href":"https:\/\/appriou.bzh\/index.php\/wp-json\/wp\/v2\/comments?post=3349"}],"version-history":[{"count":0,"href":"https:\/\/appriou.bzh\/index.php\/wp-json\/wp\/v2\/pages\/3349\/revisions"}],"wp:featuredmedia":[{"embeddable":true,"href":"https:\/\/appriou.bzh\/index.php\/wp-json\/wp\/v2\/media\/1725"}],"wp:attachment":[{"href":"https:\/\/appriou.bzh\/index.php\/wp-json\/wp\/v2\/media?parent=3349"}],"wp:term":[{"taxonomy":"category","embeddable":true,"href":"https:\/\/appriou.bzh\/index.php\/wp-json\/wp\/v2\/categories?post=3349"},{"taxonomy":"post_tag","embeddable":true,"href":"https:\/\/appriou.bzh\/index.php\/wp-json\/wp\/v2\/tags?post=3349"}],"curies":[{"name":"wp","href":"https:\/\/api.w.org\/{rel}","templated":true}]}}