{"id":369,"date":"2011-07-09T07:45:16","date_gmt":"2011-07-09T05:45:16","guid":{"rendered":"https:\/\/plouguerneau.net\/saint-patrick\/"},"modified":"2025-01-27T10:05:14","modified_gmt":"2025-01-27T09:05:14","slug":"saint-patrick","status":"publish","type":"page","link":"https:\/\/appriou.bzh\/index.php\/saint-patrick\/","title":{"rendered":"Saint Patrick"},"content":{"rendered":"\n<div align=center><font size=3><font color=blue><b>SAINT-PATRICK<br \/>\nPatron de l\u2019Irlande<\/b><\/font><\/font><\/div>\n<table>\n<tr>\n<td width=70%><font size=2><\/p>\n<div align=justify>\n\u00abJe me lie aujourd&rsquo;hui<br \/>\nA la forte puissance<br \/>\nDe l&rsquo;invocation de la Trinit\u00e9,<br \/>\nA la foi en la Trinit\u00e9<br \/>\nEt en son unit\u00e9,<br \/>\nAu cr\u00e9ateur de tous \u00e9l\u00e9ments\u00bb <br \/>\n\u00abSalut est le Seigneur,<br \/>\nSalut est le Christ.<br \/>\nQue ton salut, Seigneur<br \/>\nSoit toujours sur nous\u00bb <br \/>\n( Pri\u00e8re de St Patrick)<\/p>\n<p>Chaque ann\u00e9e, le 17 mars, est c\u00e9l\u00e9br\u00e9e en Irlande, mais aussi par les celtes du monde entier, la f\u00eate nationale de Saint Patrick. Pendant 7 jours, cet \u00e9v\u00e8nement occupe l\u2019\u00eele enti\u00e8re et donne lieu \u00e0 toutes sortes d\u2019activit\u00e9s religieuses et festives. La ville d\u2019Armagh, en Ulster, capitale religieuse de l\u2019Irlande, poss\u00e8de deux cath\u00e9drales d\u00e9di\u00e9es \u00e0 St Patrick, l\u2019une protestante, l\u2019autre catholique. Saint Patrick est le patron de l\u2019Irlande, pays auquel il a donn\u00e9 son embl\u00e8me, le tr\u00e8fle, en montrant dans un sermon cette feuille pour symboliser la Trinit\u00e9.<\/p>\n<\/td>\n<td>\n<div align= center>\n<img decoding=\"async\" src=\"https:\/\/appriou.bzh\/wp-content\/uploads\/2010\/10\/petitssaints_stpatrick.jpg\" title=\"Saint Patrick\"><\/div>\n<\/td>\n<\/tr>\n<\/table>\n<p>     On pourrait s\u2019\u00e9tonner de voir cet ap\u00f4tre de l\u2019Irlande honor\u00e9 en Bretagne et figurant parmi les petits saints de Plouguerneau. Ce serait oublier les liens profonds unissant les diff\u00e9rents groupes de race celtique. Un livre r\u00e9cent \u00ab\u00a0La nuit celtique\u00a0\u00bb de Michel Tr\u00e9guer vient de rappeler que presque toute l\u2019Europe a \u00e9t\u00e9 celtique pendant 2 ou 3 mill\u00e9naires. Au  Moyen Age, le christianisme \u00ab\u00a0a frapp\u00e9 aux portes de la galaxie celtique\u00a0\u00bb. Les celtes pa\u00efens l\u2019ont accueilli avec enthousiasme mais l\u2019ont color\u00e9 de leur propre vision du monde. La v\u00e9n\u00e9ration particuli\u00e8re qui entourait St Patrick en Irlande a touch\u00e9 tr\u00e8s rapidement  la Bretagne.<br \/>\n    PATRICK ( son nom primitif \u00e9tait SUCAT) est n\u00e9 vers 389 en Ecosse, pr\u00e8s de Dumbarton,  sur les bords de la Clyde, dans une famille chr\u00e9tienne d\u2019origine anglo-romaine. Son p\u00e8re, Calpurnius, est diacre et fonctionnaire. Vers 405, lors d\u2019un raid de pillards irlandais(pictes et scots) sur les c\u00f4tes de Grande-Bretagne, Patrick, alors \u00e2g\u00e9 de 16 ans, est captur\u00e9 et vendu ensuite en Irlande comme esclave. Son ma\u00eetre, le druide Miliuc, lui confie la garde de ses troupeaux et Patrick le sert fid\u00e8lement. Il prie beaucoup et, par sa foi, il convertit le fils et les deux filles de son ma\u00eetre.<br \/>\n    Patrick, qui a appris l\u2019irlandais, supportera son esclavage pendant 6 ann\u00e9es. Un songe le pousse \u00e0 reprendre sa libert\u00e9 et il s\u2019\u00e9vade. Non sans peine, il r\u00e9ussit \u00e0 embarquer sur un navire conduit par quelques matelots pa\u00efens. Ils d\u00e9barqu\u00e8rent un jour sur une terre aride et d\u00e9sol\u00e9e, en Gaule selon certains auteurs, en Grande Bretagne selon d&rsquo;autres. Patrick et ses compagnons manqu\u00e8rent bient\u00f4t de nourriture. En pleine d\u00e9tresse, les marins demand\u00e8rent \u00e0 Patrick, dont ils connaissaient la foi, de supplier son Dieu de leur venir en aide. Un miracle se  produisit alors car ils rencontr\u00e8rent bient\u00f4t un troupeau de porcs. Apr\u00e8s  bien des souffrances et apr\u00e8s avoir affront\u00e9 bien des dangers, Patrick put regagner enfin son pays natal.<\/p>\n<p>    Sa famille, heureuse  de le retrouver, le supplie de rester pr\u00e9s d\u2019elle. Mais au cours d\u2019une vision, Patrick sent un appel imp\u00e9rieux d\u2019aller \u00e9vang\u00e9liser l\u2019Irlande. Il  part en Gaule pour pr\u00e9parer cette mission. Il se rend \u00e0  l\u2019abbaye de Noirmoutier , fond\u00e9e par St Martin, pr\u00e8s de Tours, puis \u00e0 L\u00e9rons. Il remonte ensuite \u00e0 Auxerre o\u00f9 il est form\u00e9 par les \u00e9v\u00eaques Amator et St Germain. Il y reste 15 ans, approfondissant son latin et ses connaissances des Saintes Ecritures. Vers 432 \u00e0 la demande du Pape C\u00e9lestin, St Germain d\u2019Auxerre le consacre \u00e9v\u00eaque pour remplacer le premier \u00e9v\u00eaque envoy\u00e9 en Irlande et mort peu apr\u00e8s son arriv\u00e9e dans l\u2019\u00eele.<br \/>\nPatrick part donc pour l\u2019Irlande, accompagn\u00e9 d\u2019une vingtaine de pr\u00eatres. Sa mission est aussi de combattre l\u2019h\u00e9r\u00e9sie p\u00e9lagienne qui nie l&rsquo;existence du p\u00e9ch\u00e9 originel et s\u2019oppose, au sujet de la gr\u00e2ce, \u00e0 la doctrine de St Augustin. Il doit s&rsquo;efforcer de faire rentrer les tenants de cette h\u00e9r\u00e9sie dans les normes de l\u2019\u00e9glise latine. Aussit\u00f4t arriv\u00e9 dans l\u2019\u00eele, Patrick gagne l\u2019Ulster puis parcourt ensuite toute l\u2019Irlande. Connaissant bien la langue et les coutumes, il \u00e9vang\u00e9lise sans rel\u00e2che, gagnant la confiance des chefs de tribus, op\u00e9rant de nombreuses conversions parmi eux et parmi les druides. Un manuscrit irlandais rapporte \u00e0 ce sujet une anecdote significative: St Patrick, depuis peu d\u00e9barqu\u00e9 dans l\u2019\u00eele, se dirige vers la principale \u00e9cole druidique de la r\u00e9gion et expose son message. Le responsable de l\u2019\u00e9cole constate que rien dans ce qu\u2019il a entendu ne lui parait contraire \u00e0 sa propre conception du monde et il confie \u00e0 St Patrick son meilleur \u00e9l\u00e8ve pour en faire un \u00e9v\u00eaque !<br \/>\n     Dans sa \u00ab\u00a0Confession\u00a0\u00bb, \u00e9crite \u00e0 la fin de sa vie, Patrick raconte que sa mission ne fut pas toujours facile. Au cours de ses voyages , il affronta divers p\u00e9rils et d\u00fb \u00e9viter de nombreux pi\u00e8ges tendus par des rois et des druides. Il se heurta par ailleurs au scepticisme et aux critiques de plusieurs \u00e9v\u00eaques bretons et aussi \u00e0 l&rsquo;hostilit\u00e9 de sa hi\u00e9rarchie. Mais sa foi d\u00e9bordante et contagieuse, son ouverture d&rsquo;esprit, sa simplicit\u00e9, le respect qu&rsquo;il portait \u00e0 autrui, firent merveille aupr\u00e8s d&rsquo;un peuple fier et ind\u00e9pendant. Il sut adapter la religion chr\u00e9tienne aux conditions sociales et politiques des peuplades celtes de l&rsquo;\u00eele, appr\u00e9hender et respecter leur originalit\u00e9. Ap\u00f4tre tol\u00e9rant mais courageux et lucide, il pr\u00eachait souvent dans la langue  irlandaise qu&rsquo;il avait apprise durant sa longue captivit\u00e9. <\/p>\n<p>    Vers 444, St Patrick \u00e9tablit son si\u00e8ge \u00e9piscopal \u00e0 Armagh qui devient ainsi le centre de l\u2019Eglise d\u2019Irlande . Puis il sacre des \u00e9v\u00eaques et organise les diff\u00e9rents dioc\u00e8ses de l\u2019\u00eele. Il effectue entre temps un voyage \u00e0 Rome et en rapporte des reliques de St Pierre et de St Paul.<\/p>\n<p>    A la fin de sa vie, Patrick confie l\u2019Eglise d\u2019Irlande \u00e0 un disciple et se retire pour vivre dans le silence et la pri\u00e8re. Lorsqu\u2019il  meurt le 17 mars 461, entour\u00e9 d\u2019une immense v\u00e9n\u00e9ration, l\u2019Irlande est devenue chr\u00e9tienne sans aucune effusion de sang. <br \/>\n    Homme de foi et de courage, St Patrick a toujours v\u00e9cu tr\u00e8s pauvrement, attendant tout de Dieu et rapportant tout \u00e0 sa gloire.<br \/>\n    On a dit de lui qu\u2019il fut \u00ab\u00a0un g\u00e9ant de la pri\u00e8re et de la p\u00e9nitence\u00a0\u00bb Dans une \u00eele du lac Lough Derg, en Ulster, se trouve une grotte profonde o\u00f9, dit-on, Patrick se retirait souvent pour je\u00fbner et prier . De nos jours encore, de nombreux p\u00e8lerins font retraite dans cette grotte pendant 3 jours en signe de p\u00e9nitence. \u00ab\u00a0Suivre le chemin de Patrick\u00a0\u00bb c\u2019est, pour de nombreux fid\u00e8les, le dernier dimanche de juillet, monter souvent pieds nus le chemin rocailleux qui m\u00e8ne au sommet de la montagne, le Croagh Padraigh o\u00f9 le saint avait l\u2019habitude de passer le car\u00eame dans le je\u00fbne et la pri\u00e8re .<br \/>\n    Saint Patrick a laiss\u00e9 \u00e0 la post\u00e9rit\u00e9 une pri\u00e8re \u00ab\u00a0Le bouclier de St Patrick\u00a0\u00bb qui est une invocation o\u00f9 le Saint crie sa foi et appelle le Christ \u00e0 le prot\u00e9ger dans sa mission.<br \/>\n De nombreux miracles lui ont \u00e9t\u00e9 attribu\u00e9s. Par exemple, selon une ancienne tradition, le \u00ab\u00a0Purgatoire de St Patrick\u00a0\u00bb est un lieu d&rsquo;Irlande o\u00f9, par la pri\u00e8re et la p\u00e9nitence, l&rsquo;ap\u00f4tre obtint que Dieu rendit visibles les souffrances des \u00e2mes du purgatoire, afin d&rsquo;op\u00e9rer la conversion des p\u00eacheurs.<br \/>\n     Dans la collection des Petits Saints de Plouguerneau, la statuette de St Patrick ,qui fut offerte en 1953 \u00e0 la paroisse par Monsieur de Poulpiquet apr\u00e9s la naissance de son fils, est rev\u00eatue des v\u00eatements \u00e9piscopaux . Le saint tient sa crosse de la main gauche. De la main droite, il serre l&rsquo;une des quatre t\u00eates d&rsquo;un \u00e9norme serpent, symbolisant sans doute toutes les difficult\u00e9s et tous les dangers qu&rsquo;il a eu \u00e0 surmonter dans l&rsquo;accomplissement de sa mission.<\/p>\n<p>\nTexte de <b>No\u00ebl L&rsquo;Hour<\/b><\/p>\n<p>                                                                            <\/p>\n<p><b>LORICA SANT PADRIG<\/b><br \/>\n( extraits)<br \/>\nEn em staga a ran hirio<br \/>\n     ouz galloud nerzuz ar bedenn d&rsquo;an Dreinded,<br \/>\n     ouz ar feiz en Dreinded hag en he Unanded,<br \/>\n     ouz Krouer an oll draou.<br \/>\nEn em staga a ran hirio<br \/>\n     ouz galloud Inkarnadur ar C&rsquo;hrist hag e vadeziant,<br \/>\n     ouz galloud e varo war ar groaz hag e zebeliadur,<br \/>\n     ouz galloud e Adsao hag e Bignadenn d&rsquo;an nenv,<br \/>\n     ouz galloud ar varnedigez da zond.<\/p>\n","protected":false},"excerpt":{"rendered":"<p>SAINT-PATRICK Patron de l\u2019Irlande \u00abJe me lie aujourd&rsquo;hui A la forte puissance De l&rsquo;invocation de la Trinit\u00e9, A la foi en la Trinit\u00e9 Et en son unit\u00e9, Au cr\u00e9ateur de [&hellip;]<\/p>\n","protected":false},"author":4,"featured_media":0,"parent":0,"menu_order":0,"comment_status":"closed","ping_status":"open","template":"","meta":{"ngg_post_thumbnail":0,"_EventAllDay":false,"_EventTimezone":"","_EventStartDate":"","_EventEndDate":"","_EventStartDateUTC":"","_EventEndDateUTC":"","_EventShowMap":false,"_EventShowMapLink":false,"_EventURL":"","_EventCost":"","_EventCostDescription":"","_EventCurrencySymbol":"","_EventCurrencyCode":"","_EventCurrencyPosition":"","_EventDateTimeSeparator":"","_EventTimeRangeSeparator":"","_EventOrganizerID":[],"_EventVenueID":[],"_OrganizerEmail":"","_OrganizerPhone":"","_OrganizerWebsite":"","_VenueAddress":"","_VenueCity":"","_VenueCountry":"","_VenueProvince":"","_VenueState":"","_VenueZip":"","_VenuePhone":"","_VenueURL":"","_VenueStateProvince":"","_VenueLat":"","_VenueLng":"","_VenueShowMap":false,"_VenueShowMapLink":false,"footnotes":""},"categories":[44],"tags":[],"class_list":["post-369","page","type-page","status-publish","hentry","category-les-petits-saints"],"_links":{"self":[{"href":"https:\/\/appriou.bzh\/index.php\/wp-json\/wp\/v2\/pages\/369","targetHints":{"allow":["GET"]}}],"collection":[{"href":"https:\/\/appriou.bzh\/index.php\/wp-json\/wp\/v2\/pages"}],"about":[{"href":"https:\/\/appriou.bzh\/index.php\/wp-json\/wp\/v2\/types\/page"}],"author":[{"embeddable":true,"href":"https:\/\/appriou.bzh\/index.php\/wp-json\/wp\/v2\/users\/4"}],"replies":[{"embeddable":true,"href":"https:\/\/appriou.bzh\/index.php\/wp-json\/wp\/v2\/comments?post=369"}],"version-history":[{"count":0,"href":"https:\/\/appriou.bzh\/index.php\/wp-json\/wp\/v2\/pages\/369\/revisions"}],"wp:attachment":[{"href":"https:\/\/appriou.bzh\/index.php\/wp-json\/wp\/v2\/media?parent=369"}],"wp:term":[{"taxonomy":"category","embeddable":true,"href":"https:\/\/appriou.bzh\/index.php\/wp-json\/wp\/v2\/categories?post=369"},{"taxonomy":"post_tag","embeddable":true,"href":"https:\/\/appriou.bzh\/index.php\/wp-json\/wp\/v2\/tags?post=369"}],"curies":[{"name":"wp","href":"https:\/\/api.w.org\/{rel}","templated":true}]}}