{"id":371,"date":"2011-07-09T07:58:47","date_gmt":"2011-07-09T05:58:47","guid":{"rendered":"https:\/\/plouguerneau.net\/sainte-marguerite\/"},"modified":"2025-01-27T10:06:05","modified_gmt":"2025-01-27T09:06:05","slug":"sainte-marguerite","status":"publish","type":"page","link":"https:\/\/appriou.bzh\/index.php\/sainte-marguerite\/","title":{"rendered":"Sainte Marguerite"},"content":{"rendered":"<div align=center><font size=3><font color=blue><b>SAINTE MARGUERITE<br \/>\nVierge et Martyre  <\/b><\/font><\/font><\/div>\n<table>\n<tr>\n<td width=70%><font size=2><\/p>\n<div align=justify>\n\u00ab\u00a0Doue en deus chadennet mat an droug-spered. Ka\u00ebr en devezo yudal, ne c&rsquo;hello biken ober droug d&rsquo;eomp ma ne dostaomp ket re outan\u00a0\u00bb.<br \/>\nDieu choisit dans le monde ce qui est faible pour confondre ce qui est fort (St Paul).<br \/>\nLe calendrier romain compte plusieurs saintes ou bienheureuses, portant le pr\u00e9nom de Marguerite .<br \/>\n&#8211; Marguerite Marie ALACOQUE<br \/>\nreligieuse visitandine<br \/>\n&#8211; Marguerite d&rsquo;Ecosse<br \/>\n&#8211; Marguerite de Hongrie<br \/>\n&#8211; Marguerite de Cortone.<\/p>\n<p>Mais la Sainte dont la figurine se trouve parmi les 33 petits Saints de Plouguerneau est repr\u00e9sent\u00e9e dominant un affreux dragon (eun aerouant euzhus).<\/p>\n<\/td>\n<td>\n<div align= center>\n<img decoding=\"async\" src=\"https:\/\/appriou.bzh\/wp-content\/uploads\/2010\/10\/petitssaints_stemarguerite.jpg\" title=\"Sainte Marguerite\"><\/div>\n<\/td>\n<\/tr>\n<\/table>\n<p>Il s&rsquo;agit de Sainte Marguerite, vierge et martyre, n\u00e9e et morte \u00e0 Antioche de Pisidie, en Asie Mineure, vers l&rsquo;an 250 apr\u00e8s J\u00e9sus-Christ.<br \/>\n\tLe peintre RAPHAEL a consacr\u00e9 \u00e0 cette Sainte deux tableaux de grande finesse dont celui qui est au Mus\u00e9e du  Louvre et qui la repr\u00e9sente \u00e9galement, dominant le dragon qui est venu la tenter.<\/p>\n<p>Sainte Marguerite, que les Grecs appellent Marine, et qui avait perdu sa m\u00e8re peu de temps apr\u00e8s sa naissance  fut confi\u00e9e par son p\u00e8re aux soins d&rsquo;une nourrice qui l&rsquo;\u00e9leva dans les principes de la religion chr\u00e9tienne et la fit baptiser. Mais son p\u00e8re, grand pr\u00eatre de JUPITER, jouissant d&rsquo;une forte influence dans la province, avait manifest\u00e9, \u00e0 plusieurs reprises, sa haine \u00e0 l&rsquo;\u00e9gard des chr\u00e9tiens.<\/p>\n<p>Le jour o\u00f9, en raison de son \u00e2ge, Marguerite revint habiter chez son p\u00e8re, ce dernier qui pourtant l&rsquo;aimait tendrement l&rsquo;adjura de renoncer \u00e0 son bapt\u00eame. Mais la jeune fille, qui avait d\u00e9cid\u00e9 de se consacrer \u00e0 JESUS, demeura in\u00e9branlable, malgr\u00e9 les supplications et les menaces. Elle fut chass\u00e9e alors de la maison paternelle et se r\u00e9fugia \u00e0 la campagne, chez sa nourrice. Avec d&rsquo;autres jeunes filles de son \u00e2ge, elle gardait le troupeau de brebis de sa protectrice.<\/p>\n<p>A cette \u00e9poque, parut un \u00e9dit de l&rsquo;Empereur romain DECE, ordonnant de rechercher les Chr\u00e9tiens et de mettre \u00e0 mort ceux d&rsquo;entre eux qui refuseraient d&rsquo;adorer les dieux de l &lsquo;Etat.<br \/>\nLe Pr\u00e9fet OLYBRIUS, (c&rsquo;est un nom qui ne s&rsquo;invente pas), fut charg\u00e9 de l&rsquo;ex\u00e9cution de ce d\u00e9cret en Asie Mineure. C&rsquo;\u00e9tait un homme f\u00e9roce et sanguinaire.<\/p>\n<p>Alors qu&rsquo;il se rendait \u00e0 Antioche avec une nombreuse escorte, il rencontra par hasard Marguerite qui faisait pa\u00eetre ses brebis. Frapp\u00e9 par sa beaut\u00e9, il ordonna \u00e0 ses soldats de lui amener la jeune fille qu&rsquo; il souhaitait \u00e9pouser, si elle \u00e9tait  de condition libre, ou racheter si elle \u00e9tait esclave. Marguerite, malgr\u00e9 ses craintes, d\u00e9clara au Pr\u00e9fet qu&rsquo;elle \u00e9tait libre et qu&rsquo;elle ne connaissait d&rsquo;autre ma\u00eetre que J\u00e9sus-Christ.<br \/>\nOLYBRIUS, r\u00e9solu \u00e0 faire c\u00e9der la jeune fille, la fit enfermer dans un cachot obscur et la priva de nourriture. Marguerite consacra ses journ\u00e9es et une partie de ses nuits \u00e0 prier le Seigneur, soutenue en cela par la visite des anges.<\/p>\n<p>OLYBRIUS ordonna alors que Marguerite soit conduite sur la place d&rsquo; Antioche pour \u00eatre interrog\u00e9e devant la population. Il lui demanda de choisir entre la vie et la mort, entre la joie et les tourments. Marguerite lui r\u00e9pondit qu&rsquo;il pouvait la torturer et la mettre \u00e0 mort, mais qu&rsquo;il ne pourrait jamais la s\u00e9parer de l&rsquo;amour du Christ.<\/p>\n<p>Furieux, OLYBRIUS, la fit torturer longuement, provoquant la compassion de la foule. Suspendue par la t\u00eate, elle fut d&rsquo;abord fouett\u00e9e jusqu&rsquo;au sang, puis le bourreau lui d\u00e9chira les flancs avec des ongles de fer. Marguerite regardait couler son sang et b\u00e9nissait le Seigneur des souffrances qu&rsquo;elle endurait en son nom. Elle fut enferm\u00e9e \u00e0 nouveau dans un cachot. C&rsquo;est alors qu&rsquo;elle fut tent\u00e9e par SATAN qui avait pris l&rsquo;apparence d&rsquo;un dragon r\u00e9pugnant et d\u00e9gageant une \u00e9paisse fum\u00e9e. Marguerite appela \u00e0 son secours le Seigneur et fit ensuite le signe de la croix.<\/p>\n<p>Le dragon se retira, sans lui faire de mal. Le lendemain, le pr\u00e9fet ordonna de lui br\u00fbler le corps avec des torches en flamm\u00e9es, puis devant son courage  in\u00e9branlable, de la plonger, pieds et mains li\u00e9s, dans une grande chaudi\u00e8re d&rsquo;eau bouillante.<\/p>\n<p>Marguerite implora le Seigneur de l&rsquo;aider et de lib\u00e9rer ses mains, pour prouver sa toute puissance et pour inciter le Peuple \u00e0 croire en Lui. Elle sortit indemne de la chaudi\u00e8re et une colombe, dit-on, se posa sur sa t\u00eate.<\/p>\n<p>Devant ces prodiges, de nombreux pa\u00efens se convertirent aussit\u00f4t, qui furent mis \u00e0 mort, sur ordre du pr\u00e9fet.<br \/>\nMarguerite fut alors conduite hors de la ville et elle eut la t\u00eate tranch\u00e9e, non sans avoir auparavant demand\u00e9 au Seigneur d&rsquo;exaucer les pri\u00e8res de ceux qui imploreraient son soutien et, par son intercession, invoqueraient son Saint Nom. &#8211; Marguerite est morte le 20 juillet. On \u00e9rigea plus tard sur sa tombe une Basilique portant son nom. C&rsquo;est au temps des croisades que son culte se r\u00e9pandit d&rsquo;Orient en Occident  vers le  XI\u00e8me si\u00e8cle. &#8211; Une statue de la Sainte se trouve aussi, dans la Chapelle St Claude \u00e0 Keroudern.<\/p>\n<p>\nTexte de <b>No\u00ebl L&rsquo;Hour<\/b><\/p>\n<p><\/p>\n","protected":false},"excerpt":{"rendered":"<p>SAINTE MARGUERITE Vierge et Martyre \u00ab\u00a0Doue en deus chadennet mat an droug-spered. Ka\u00ebr en devezo yudal, ne c&rsquo;hello biken ober droug d&rsquo;eomp ma ne dostaomp ket re outan\u00a0\u00bb. Dieu choisit [&hellip;]<\/p>\n","protected":false},"author":2,"featured_media":0,"parent":0,"menu_order":0,"comment_status":"closed","ping_status":"open","template":"","meta":{"ngg_post_thumbnail":0,"_EventAllDay":false,"_EventTimezone":"","_EventStartDate":"","_EventEndDate":"","_EventStartDateUTC":"","_EventEndDateUTC":"","_EventShowMap":false,"_EventShowMapLink":false,"_EventURL":"","_EventCost":"","_EventCostDescription":"","_EventCurrencySymbol":"","_EventCurrencyCode":"","_EventCurrencyPosition":"","_EventDateTimeSeparator":"","_EventTimeRangeSeparator":"","_EventOrganizerID":[],"_EventVenueID":[],"_OrganizerEmail":"","_OrganizerPhone":"","_OrganizerWebsite":"","_VenueAddress":"","_VenueCity":"","_VenueCountry":"","_VenueProvince":"","_VenueState":"","_VenueZip":"","_VenuePhone":"","_VenueURL":"","_VenueStateProvince":"","_VenueLat":"","_VenueLng":"","_VenueShowMap":false,"_VenueShowMapLink":false,"footnotes":""},"categories":[44],"tags":[],"class_list":["post-371","page","type-page","status-publish","hentry","category-les-petits-saints"],"_links":{"self":[{"href":"https:\/\/appriou.bzh\/index.php\/wp-json\/wp\/v2\/pages\/371","targetHints":{"allow":["GET"]}}],"collection":[{"href":"https:\/\/appriou.bzh\/index.php\/wp-json\/wp\/v2\/pages"}],"about":[{"href":"https:\/\/appriou.bzh\/index.php\/wp-json\/wp\/v2\/types\/page"}],"author":[{"embeddable":true,"href":"https:\/\/appriou.bzh\/index.php\/wp-json\/wp\/v2\/users\/2"}],"replies":[{"embeddable":true,"href":"https:\/\/appriou.bzh\/index.php\/wp-json\/wp\/v2\/comments?post=371"}],"version-history":[{"count":0,"href":"https:\/\/appriou.bzh\/index.php\/wp-json\/wp\/v2\/pages\/371\/revisions"}],"wp:attachment":[{"href":"https:\/\/appriou.bzh\/index.php\/wp-json\/wp\/v2\/media?parent=371"}],"wp:term":[{"taxonomy":"category","embeddable":true,"href":"https:\/\/appriou.bzh\/index.php\/wp-json\/wp\/v2\/categories?post=371"},{"taxonomy":"post_tag","embeddable":true,"href":"https:\/\/appriou.bzh\/index.php\/wp-json\/wp\/v2\/tags?post=371"}],"curies":[{"name":"wp","href":"https:\/\/api.w.org\/{rel}","templated":true}]}}