{"id":390,"date":"2011-09-15T20:35:05","date_gmt":"2011-09-15T18:35:05","guid":{"rendered":"https:\/\/plouguerneau.net\/coetlestremeur\/"},"modified":"2011-09-15T20:35:05","modified_gmt":"2011-09-15T18:35:05","slug":"coetlestremeur","status":"publish","type":"page","link":"https:\/\/appriou.bzh\/index.php\/coetlestremeur\/","title":{"rendered":"Coetlestremeur"},"content":{"rendered":"<div align=justify>\n<div align=center><b><font color=blue><font size=3>Coetlestremeur\u00a0: Le pirate \u00e9ph\u00e9m\u00e8re.<\/font><\/font><\/b><\/div>\n<p><b>Durant le XVIe si\u00e8cle, les \u00e9cumeurs des mers d\u2019origine bretonne semblent essaimer le long des c\u00f4tes de la Manche mais \u00e9galement de l\u2019Atlantique. Les Morlaisiens, les Malouins, les Gu\u00e9randais, les Croisicais ou les Cornouaillais sont r\u00e9guli\u00e8rement montr\u00e9s du doigt. Pourquoi cela\u00a0? Il faut dire que le rel\u00e2chement des m\u0153urs, l\u2019abandon de certains pour la foi catholique et les troubles religieux favorisent les exactions. Voici l\u2019histoire incroyable du pirate Coetlestremeur qui s\u00e9vit dans la r\u00e9gion de Plouguerneau et dans les eaux bretonnes. <\/b><\/p>\n<p>Mais qui est Coetlestremeur\u00a0? Issu d\u2018une famille de bonne noblesse du L\u00e9on, il s\u2019illustre, \u00e0 la t\u00eate d\u2019une trentaine de pirates, en Manche et en Atlantique. Homme sans scrupule et dou\u00e9 d\u2019un admirable sens de l\u2019organisation il va, pendant cinq ans (de 1551 \u00e0 1556), exceller dans la piraterie.<br \/>\nSon port d\u2019attache se situe \u00e0 l\u2019Aber-Wrac\u2019h d\u2019o\u00f9 il lance ses exp\u00e9ditions criminelles et qu\u2019il rallie une fois ses forfaits accomplis.<br \/>\nAttardons-nous quelques instants sur la composition de son \u00e9quipage. Il recrute tous azimuts, dans le milieu des marins de la c\u00f4te bretonne nord et sud mais \u00e9galement en Normandie et m\u00eame parmi les Ecossais qui se chiffrent \u00e0 une douzaine. Parfois il trouve des comparses dans d\u2019autres sph\u00e8res comme un receveur du roi, un barbier ou encore dans la noblesse avec le sieur de Kermellec. Homme de ressources que rien n\u2019arr\u00eate, il s\u2019accoquine avec des officiers royaux, le s\u00e9n\u00e9chal de Brest, le bailli de L\u00e9on, le receveur de Penmarc\u2019h, sans oublier nombre de marchands de l\u2019Aber-Wrac\u2019h, de Brest, de Morlaix, de Crozon ou de Land\u00e9vennec qui profitent de l\u2019aubaine que constituent des marchandises vendues \u00e0 vil prix.<br \/>\nEn 1551, le vaisseau (une fr\u00e9gate\u00a0?) de Coetlestremeur, avitaill\u00e9 par le sieur de Cleuzmeur, mont\u00e9 d\u2019une trentaine d\u2019hommes et ayant pour pilote un certain Le Pilvin de Portsall, quitte Lantr\u00e9guier pour une croisi\u00e8re qui le m\u00e8ne sur les c\u00f4tes anglaises. Chemin faisant, les forbans d\u00e9couvrent un b\u00e2timent britannique entre deux eaux qu\u2019ils d\u00e9lestent de sa cargaison de toiles. Elle sera d\u00e9charg\u00e9e \u00e0 l\u2019Aber-Wrac\u2019h o\u00f9 elle trouvera ais\u00e9ment preneurs. Il faut dire que les temps incertains, une autorit\u00e9 royale d\u00e9faillante favorisent le peu de scrupules des marchands locaux.<br \/>\nEn 1555, il s\u2019empare d\u2019un navire flamand \u00e0 proximit\u00e9 du Conquet. Venant de Nantes, il transporte une cargaison h\u00e9t\u00e9roclite de chaudi\u00e8res, de po\u00eales d\u2019airain, de chaudrons, de chandeliers de cuivre, de vin, de laine, de harengs. Le tout est vendu \u00e0 Landerneau.<br \/>\nEn 1556, le pirate met cap au sud. On le retrouve \u00e0 Crozon puis \u00e0 Camaret. Ses Ecossais, en canots, attaquent deux navires anglais qu\u2019ils privent d\u2019une partie de leurs ballots de draps. Le receveur de Crozon et l\u2019\u00e9quipage pirate re\u00e7oivent leurs parts. Les sieurs Past\u00e9 et de la Boissi\u00e8re, n\u00e9gociants \u00e0 Morlaix, et le sieur Saint-Aubin de Brest, acqui\u00e8rent milles aunes de drap. <br \/>\nPuis, remontant en Manche, il capture une barque de Saint-Brieuc, charg\u00e9e de toiles, et la fait conduire \u00e0 l\u2019Aber-Wrac\u2019h. L\u00e0, il ran\u00e7onne plusieurs b\u00e2timents en rel\u00e2che de plusieurs pipes de vin. Le lendemain, un navire quitte, sans l\u2019autorisation de Coetlestremeur, le port. Furieux, il se lance \u00e0 sa poursuite. Le navire est pill\u00e9 et d\u00e9lest\u00e9 de trois pi\u00e8ces d\u2019artillerie. Un fid\u00e8le de Coetlestremeur, de Cousteaulx, et quelques hommes prennent en charge le navire saisi. <br \/>\nToujours en maraude, il arraisonne, entre Roscoff et l\u2019\u00eele de Batz, une embarcation originaire de Saint-Brieuc, charg\u00e9e de froment. La cargaison est vendue \u00e0 l\u2019Aber-Wrac\u2019h.<br \/>\nA nouveau le navire pirate met le cap au sud\u00a0: il saisit un navire de La Rochelle, dont il vend la cargaison \u00e0 Brest et \u00e0 La Rochelle, et deux barques. On le retrouve au large de l\u2019Espagne, pistant un navire charg\u00e9 de m\u00e9lasse, de sucre, de poivre et d\u2019\u00e9pices. Le tout est dissimul\u00e9 chez Jeanne de Mareil et sa fille dans une taverne pr\u00e8s de Notre-Dame de Recouvrance \u00e0 Brest, puis vendu \u00e0 des marchands du secteur.<br \/>\nIl pillera deux autres barques, une anglaise et une fran\u00e7aise sur laquelle on fera moultes libations.<br \/>\nPour se ravitailler Coetlestremeur et ses hommes proc\u00e8dent comme tous les pirates\u00a0: ils d\u00e9pouillent les autres \u00e9quipages, organisent des razzias \u00e0 terre o\u00f9 l\u2019on rafle g\u00e9nisses, b\u0153ufs et vaches.<br \/>\nCoetlestremeur symbolise le pirate assimil\u00e9 \u00e0 un bandit des mers qui op\u00e8re pour son propre compte et sa bande de malfrats. Mais il dispose d\u2019un r\u00e9seau de complices bien tiss\u00e9 qui allie certains membres de l\u2019administration royale ou de la noblesse locale \u00e0 des receleurs de tous poils sans oublier les taverniers. La taverne est le lieu de rencontres favori des truands, hommes louches et autres marchands v\u00e9reux.<br \/>\nUne telle \u00e9pop\u00e9e peu commune, intense dans sa courte dur\u00e9e, ne pouvait s\u2019achever sans une histoire d\u2019amour et sans une fin hors norme.<br \/>\nLe \u00ab\u00a0bel\u00a0\u00bb aventurier, mari\u00e9, s\u2019\u00e9tait amourach\u00e9 de la femme de Ren\u00e9 de Kerlec\u2019h, bailli du L\u00e9on et demeurant au manoir de Truonsilic (Trouzilit), pas tr\u00e8s loin de l\u2019Aber-Wrac\u2019h. La \u00ab\u00a0belle\u00a0\u00bb lui rendait la pareille et les deux amants avaient d\u00e9cid\u00e9 de se d\u00e9barrasser de l\u2019\u00e9poux encombrant.<br \/>\nCoetlestremeur, de plus en plus impatient, car sa femme, tr\u00e8s malade \u00ab\u00a0de la v\u00e9role et autres maladies qu\u2019il lui avait baill\u00e9es\u00a0\u00bb, allait s\u00fbrement tr\u00e9passer, d\u00e9cida avec sa complice de faire un sort au bailli. Le triste sire avait m\u00eame tent\u00e9 d\u2019empoisonner son infortune \u00e9pouse, mais sans succ\u00e8s.<br \/>\nIl se pr\u00e9senta avec ses acolytes, lourdement arm\u00e9s, au manoir. Mais de mari point. Celui-ci, au courant de la liaison des deux tourtereaux et m\u00e9fiant avait pris la poudre d\u2019escampette. Heureusement pour lui car Coetlestremeur voulait \u00ab\u00a0le couper en deux, mettre ses tripes sur le gril et les manger avec du vinaigre\u00a0!\u00a0\u00bb.<br \/>\nL\u2019aventure prend fin en 1556. La bande est faite prisonni\u00e8re. <br \/>\nCertains \u00e9cumeurs subissent la question \u00e0 Brest en d\u00e9cembre 1556. C\u2019est le cas de J. Guenno, J. Boullaye, J. Guennec dit le Mul, de P. de Cousteaulx. Ils re\u00e7oivent \u00ab\u00a0la question d\u2019escarpins \u00e0 feu\u00a0\u00bb sur ordre du lieutenant du pr\u00e9v\u00f4t des Mar\u00e9chaux de France en Bretagne, A. Coup\u00e9. P. de Couteaulx nie tout en bloc. Il n\u2019est pas pirate, n\u2019a pas pill\u00e9\u2026 <br \/>\nPour lui d\u00e9lier la langue, il est allong\u00e9 sur une planche, \u00ab\u00a0chauss\u00e9 de lourds brodequins\u00a0\u00bb que l\u2019on serre peu \u00e0 peu \u00e0 l\u2019aide de coins et que l\u2019on pr\u00e9sente au feu. Courageux, il continue d\u2019admettre ses m\u00e9faits, mais la douleur lui fait avouer ses crimes et d\u00e9noncer ses complices.<br \/>\nIls sont condamn\u00e9s \u00e0 mort et le bourreau fit son \u0153uvre de mort.<br \/> Coetlestremeur fut d\u00e9capit\u00e9.<\/p>\n<p>\n<i>D\u2019apr\u00e8s J. Darsel, La piraterie sur les c\u00f4tes de Bretagne au XVIe si\u00e8cle, l\u2019\u00e9pilogue du proc\u00e8s du seigneur de Coetlestremeur, en 1556. BSAF, 1970. <br \/>\nColette Vl\u00e9rick\u00a0N. Le double : Le Pays des abers.  Keltia Graphic, 2008.<\/i>\n<\/div>\n","protected":false},"excerpt":{"rendered":"<p>Coetlestremeur\u00a0: Le pirate \u00e9ph\u00e9m\u00e8re. Durant le XVIe si\u00e8cle, les \u00e9cumeurs des mers d\u2019origine bretonne semblent essaimer le long des c\u00f4tes de la Manche mais \u00e9galement de l\u2019Atlantique. Les Morlaisiens, les [&hellip;]<\/p>\n","protected":false},"author":4,"featured_media":0,"parent":0,"menu_order":0,"comment_status":"closed","ping_status":"open","template":"","meta":{"ngg_post_thumbnail":0,"_EventAllDay":false,"_EventTimezone":"","_EventStartDate":"","_EventEndDate":"","_EventStartDateUTC":"","_EventEndDateUTC":"","_EventShowMap":false,"_EventShowMapLink":false,"_EventURL":"","_EventCost":"","_EventCostDescription":"","_EventCurrencySymbol":"","_EventCurrencyCode":"","_EventCurrencyPosition":"","_EventDateTimeSeparator":"","_EventTimeRangeSeparator":"","_EventOrganizerID":[],"_EventVenueID":[],"_OrganizerEmail":"","_OrganizerPhone":"","_OrganizerWebsite":"","_VenueAddress":"","_VenueCity":"","_VenueCountry":"","_VenueProvince":"","_VenueState":"","_VenueZip":"","_VenuePhone":"","_VenueURL":"","_VenueStateProvince":"","_VenueLat":"","_VenueLng":"","_VenueShowMap":false,"_VenueShowMapLink":false,"footnotes":""},"categories":[273],"tags":[],"class_list":["post-390","page","type-page","status-publish","hentry","category-portraits-dhier"],"_links":{"self":[{"href":"https:\/\/appriou.bzh\/index.php\/wp-json\/wp\/v2\/pages\/390","targetHints":{"allow":["GET"]}}],"collection":[{"href":"https:\/\/appriou.bzh\/index.php\/wp-json\/wp\/v2\/pages"}],"about":[{"href":"https:\/\/appriou.bzh\/index.php\/wp-json\/wp\/v2\/types\/page"}],"author":[{"embeddable":true,"href":"https:\/\/appriou.bzh\/index.php\/wp-json\/wp\/v2\/users\/4"}],"replies":[{"embeddable":true,"href":"https:\/\/appriou.bzh\/index.php\/wp-json\/wp\/v2\/comments?post=390"}],"version-history":[{"count":0,"href":"https:\/\/appriou.bzh\/index.php\/wp-json\/wp\/v2\/pages\/390\/revisions"}],"wp:attachment":[{"href":"https:\/\/appriou.bzh\/index.php\/wp-json\/wp\/v2\/media?parent=390"}],"wp:term":[{"taxonomy":"category","embeddable":true,"href":"https:\/\/appriou.bzh\/index.php\/wp-json\/wp\/v2\/categories?post=390"},{"taxonomy":"post_tag","embeddable":true,"href":"https:\/\/appriou.bzh\/index.php\/wp-json\/wp\/v2\/tags?post=390"}],"curies":[{"name":"wp","href":"https:\/\/api.w.org\/{rel}","templated":true}]}}