{"id":396,"date":"2011-09-22T11:15:08","date_gmt":"2011-09-22T09:15:08","guid":{"rendered":"https:\/\/plouguerneau.net\/sainte-barbe\/"},"modified":"2025-01-27T10:06:05","modified_gmt":"2025-01-27T09:06:05","slug":"sainte-barbe","status":"publish","type":"page","link":"https:\/\/appriou.bzh\/index.php\/sainte-barbe\/","title":{"rendered":"Sainte Barbe"},"content":{"rendered":"\n<div align=center><font size=3><font color=blue><b>SAINTE BARBE<br \/>\nVierge et Martyre<\/b><\/font><\/font><\/div>\n<table>\n<tr>\n<td width=70%><font size=2><\/p>\n<div align=justify>\nDurant les premiers si\u00e8cles de l&rsquo;\u00e8re chr\u00e9tienne, de nombreux empereurs romains ont pourchass\u00e9, emprisonn\u00e9 ou martyris\u00e9 les chr\u00e9tiens, souvent pour des raisons politiques et souvent aussi sous le pr\u00e9texte de d\u00e9fendre la tradition et d&rsquo;imposer le culte des dieux romains.<br \/>\nSelon les sources les plus souvent admises, c&rsquo;est sous le r\u00e8gne de l&#8217;empereur Maximin 1\u00b0 dit le Thrace qui r\u00e9gna de 235 \u00e0 238 que Sainte BARBE est entr\u00e9e dans la post\u00e9rit\u00e9 et le martyrologue chr\u00e9tien. La pers\u00e9cution f\u00e9roce, d\u00e9clench\u00e9e d&rsquo;abord en Afrique, a \u00e9t\u00e9 bient\u00f4t \u00e9tendue \u00e0 tous les territoires domin\u00e9s par l&rsquo;Empire Romain.<br \/>\nLes \u00e9crits les plus cr\u00e9dibles affirment que Ste Barbe habitait \u00e0 Nicod\u00e9mie, dans la province de Bithynie, en Turquie actuelle, sur les bords de la mer de Marmara. Nicod\u00e9mie porte de nos jours le nom d&rsquo;Izmit.\n<\/td>\n<td>\n<div align= center>\n<img decoding=\"async\" src=\"https:\/\/appriou.bzh\/wp-content\/uploads\/2010\/10\/petitssaints_stebarbe.jpg\" title=\"Sainte Barbe\"><\/div>\n<\/td>\n<\/tr>\n<\/table>\n<p>Qui \u00e9tait Sainte Barbe, vierge et martyre\u00a0? On ne sait rien de s\u00fbr sur son histoire et son existence m\u00eame est incertaine pour quelques hagiographes. Le caract\u00e8re l\u00e9gendaire des r\u00e9cits, les nombreuses additions ult\u00e9rieures rendent pratiquement impossible l\u2019affirmation de la v\u00e9rit\u00e9 historique. Il n\u2019en  demeure pas moins que le culte de Sainte Barbe s\u2019est r\u00e9pandu rapidement dans tout l\u2019Orient puis a gagn\u00e9 le Russie et, plus tard, vers le XV\u00b0 si\u00e8cle, tout l\u2019Occident. Il n\u2019est pas interdit d\u2019ailleurs de penser que ce culte se r\u00e9pandit surtout apr\u00e8s le Concile de Nic\u00e9e, en 325, concile qui tenta de mettre fin \u00e0 des querelles internes sur le nature de la Sainte Trinit\u00e9.<\/p>\n<p>Le p\u00e8re de Sainte Barbe, un nomm\u00e9 Dioscore, homme riche et bien en cour, mais idol\u00e2tre et soup\u00e7onneux, gardait sa fille, en raison de sa beaut\u00e9, \u00e0 l\u2019abri des sollicitations diverses du monde. Il en arriva  finalement \u00e0 l\u2019enfermer dans une tour. Sainte Barbe touch\u00e9e par la gr\u00e2ce divine se fit cependant instruire dans la religion chr\u00e9tienne. probablement par une de ses servantes. C\u2019\u00e9tait en effet dans le bas peuple, chez les exclus et les malheureux, que le christianisme \u00e9tait le plus largement r\u00e9pandu.<\/p>\n<p>Sainte Barbe qui aspirait \u00e0 une union mystique avec Dieu  refusa pour cette raison et \u00e0 plusieurs reprises des propositions de mariage que son p\u00e8re avait arrang\u00e9es. Partant un jour en voyage, Dioscore fit installer pour sa fille, dans la tour o\u00f9 elle \u00e9tait enferm\u00e9e, une belle salle de bain. Pendant l\u2019absence de son p\u00e8re, Sainte Barbe fit placer dans cette pi\u00e8ce une repr\u00e9sentation de la croix et fit ajouter aux deux fen\u00eatres existantes une troisi\u00e8me ouverture pour symboliser le nombre de personnes de la Sainte Trinit\u00e9. Au retour de son p\u00e8re elle lui avoua qu\u2019elle \u00e9tait chr\u00e9tienne. Dioscore fut tellement irrit\u00e9 qu\u2019il la d\u00e9non\u00e7a au Pr\u00e9fet de la province  un nomm\u00e9 Martinus. Sainte Barbe fut arr\u00eat\u00e9e et somm\u00e9e  d\u2019adjurer sa foi. Malgr\u00e9 les tortures elle refusa d\u2019abandonner J\u00e9sus et de revenir au culte des anciens dieux romains. Elle fut condamn\u00e9e alors \u00e0 \u00eatre d\u00e9capit\u00e9e et le juge chargea son p\u00e8re lui-m\u00eame d\u2019ex\u00e9cuter la sentence, ce qu\u2019il fit sans h\u00e9sitation. C\u2019\u00e9tait en l\u2019an 235. Dioscore, de retour dans son palais, fut frapp\u00e9 par foudre et r\u00e9duit en cendres. Un homme charitable, Valentin, enterra le corps de Ste Barbe avec celui d\u2019une autre vierge martyris\u00e9e avec elle et pr\u00e9nomm\u00e9e Juliana. La tombe de ces deux jeunes martyres attira rapidement de  nombreux p\u00e8lerins et les gu\u00e9risons miraculeuses se multipli\u00e8rent.<\/p>\n<p>Les reliques de Sainte Barbe auraient \u00e9t\u00e9 transport\u00e9es au VI\u00b0 si\u00e8cle \u00e0 Torcello, pr\u00e9s de Venise sous le r\u00e8gne de l\u2019empereur Justinien, d\u00e9fenseur de l\u2019orthodoxie religieuse.<\/p>\n<p>Ste Barbe a la r\u00e9putation de prot\u00e9ger contre la foudre et les incendies et d\u2019assurer une bonne mort apr\u00e8s avoir re\u00e7u les derniers sacrements. Longtemps , dans l\u2019Eglise, elle a t\u00e9moign\u00e9 d\u2019une valeur nouvelle\u00a0: le culte de la virginit\u00e9 comme condition  d\u2019une union mystique avec le Christ.<\/p>\n<p>Elle appara\u00eet comme patronne des artilleurs en 1529 puis des mineurs et des carriers. Les sapeurs pompiers la f\u00eatent encore aujourd\u2019hui le 4 d\u00e9cembre . Le nom commun  de sainte-barbe, admis par l\u2019Acad\u00e9mie Fran\u00e7aise en I762, d\u00e9signait sur les navires \u00e0 voile le magasin \u00e0 poudre. Il a probablement pour origine la pr\u00e9sence dans ce local dangereux d\u2019une image ou d\u2019une effigie de la Sainte.<\/p>\n<p>Habituellement, Sainte Barbe est repr\u00e9sent\u00e9e \u00e0 proximit\u00e9 d\u2019une tour ou tenant une tour  \u00e0 trois fen\u00eatres, avec une palme dans la main. Parfois un canon est plac\u00e9 \u00e0 ses c\u00f4t\u00e9s. La statuette qui figure dans la collection des Petits Saints de Plouguerneau nous la montre s&rsquo;appuyant de la main gauche sur une petite tour et tenant de la main droite la palme du martyr.<\/p>\n<p>\nTexte de <b>No\u00ebl L&rsquo;Hour<\/b><\/p>\n<p> <\/p>\n","protected":false},"excerpt":{"rendered":"<p>SAINTE BARBE Vierge et Martyre Durant les premiers si\u00e8cles de l&rsquo;\u00e8re chr\u00e9tienne, de nombreux empereurs romains ont pourchass\u00e9, emprisonn\u00e9 ou martyris\u00e9 les chr\u00e9tiens, souvent pour des raisons politiques et souvent [&hellip;]<\/p>\n","protected":false},"author":2,"featured_media":0,"parent":0,"menu_order":0,"comment_status":"closed","ping_status":"open","template":"","meta":{"ngg_post_thumbnail":0,"_EventAllDay":false,"_EventTimezone":"","_EventStartDate":"","_EventEndDate":"","_EventStartDateUTC":"","_EventEndDateUTC":"","_EventShowMap":false,"_EventShowMapLink":false,"_EventURL":"","_EventCost":"","_EventCostDescription":"","_EventCurrencySymbol":"","_EventCurrencyCode":"","_EventCurrencyPosition":"","_EventDateTimeSeparator":"","_EventTimeRangeSeparator":"","_EventOrganizerID":[],"_EventVenueID":[],"_OrganizerEmail":"","_OrganizerPhone":"","_OrganizerWebsite":"","_VenueAddress":"","_VenueCity":"","_VenueCountry":"","_VenueProvince":"","_VenueState":"","_VenueZip":"","_VenuePhone":"","_VenueURL":"","_VenueStateProvince":"","_VenueLat":"","_VenueLng":"","_VenueShowMap":false,"_VenueShowMapLink":false,"footnotes":""},"categories":[44],"tags":[],"class_list":["post-396","page","type-page","status-publish","hentry","category-les-petits-saints"],"_links":{"self":[{"href":"https:\/\/appriou.bzh\/index.php\/wp-json\/wp\/v2\/pages\/396","targetHints":{"allow":["GET"]}}],"collection":[{"href":"https:\/\/appriou.bzh\/index.php\/wp-json\/wp\/v2\/pages"}],"about":[{"href":"https:\/\/appriou.bzh\/index.php\/wp-json\/wp\/v2\/types\/page"}],"author":[{"embeddable":true,"href":"https:\/\/appriou.bzh\/index.php\/wp-json\/wp\/v2\/users\/2"}],"replies":[{"embeddable":true,"href":"https:\/\/appriou.bzh\/index.php\/wp-json\/wp\/v2\/comments?post=396"}],"version-history":[{"count":0,"href":"https:\/\/appriou.bzh\/index.php\/wp-json\/wp\/v2\/pages\/396\/revisions"}],"wp:attachment":[{"href":"https:\/\/appriou.bzh\/index.php\/wp-json\/wp\/v2\/media?parent=396"}],"wp:term":[{"taxonomy":"category","embeddable":true,"href":"https:\/\/appriou.bzh\/index.php\/wp-json\/wp\/v2\/categories?post=396"},{"taxonomy":"post_tag","embeddable":true,"href":"https:\/\/appriou.bzh\/index.php\/wp-json\/wp\/v2\/tags?post=396"}],"curies":[{"name":"wp","href":"https:\/\/api.w.org\/{rel}","templated":true}]}}