{"id":405,"date":"2011-09-22T13:41:55","date_gmt":"2011-09-22T11:41:55","guid":{"rendered":"https:\/\/plouguerneau.net\/saint-goulven\/"},"modified":"2025-01-27T10:05:14","modified_gmt":"2025-01-27T09:05:14","slug":"saint-goulven","status":"publish","type":"page","link":"https:\/\/appriou.bzh\/index.php\/saint-goulven\/","title":{"rendered":"Saint Goulven"},"content":{"rendered":"<div align=\"center\"><span style=\"font-size: medium;\"><span style=\"color: blue;\"><b>SAINT GOULVEN<br \/>\nEv\u00eaque du L\u00e9on<\/b><\/span><\/span><\/div>\n<p>&nbsp;<\/p>\n<table>\n<tbody>\n<tr>\n<td width=\"70%\">&nbsp;<\/p>\n<div align=\"justify\">\n<p>Tad hon eneou, Aotrou Sant Goulihan,<br \/>\nWar ho kenvro\u00efz, skuilhit frank ho pennozh;<br \/>\nGrit hor buhez dibec&rsquo;h, sioul hor zremenven,<br \/>\nMa tanvimp ganeoc&rsquo;h dudi ar Baradoz.<\/p>\n<p>P\u00e8re de nos \u00e2mes, Monsieur Saint Goulven,<br \/>\nSur vos compatriotes versez largement vos gr\u00e2ces;<br \/>\nFaites notre vie sans p\u00e9ch\u00e9, tranquille notre tr\u00e9pas;<br \/>\nQue nous go\u00fbtions avec vous la joie du Paradis!<\/p>\n<p>En l&rsquo;an 540, pour fuir l&rsquo;invasion saxonne, un nomm\u00e9 Glaudan, accompagn\u00e9 de sa femme enceinte Gloaguen, traversa la Manche venant de la c\u00f4te anglaise. Leur barque, s\u00e9par\u00e9e par un coup de vent de la flottille dont elle faisait partie, vint s&rsquo;\u00e9chouer au fond d&rsquo;une anse bordant le territoire de Plouider. Tout le rivage est alors couvert d&rsquo;une \u00e9paisse for\u00eat et le pays est pratiquement d\u00e9sert. L&rsquo;accueil des riverains est tr\u00e8s froid. Glaudan n&rsquo;a m\u00eame pas d&rsquo;eau pour laver son fils qui vient de na\u00eetre. Il s&rsquo;\u00e9gare en cherchant le chemin d&rsquo;un ruisseau et revient d\u00e9sesp\u00e9r\u00e9 aupr\u00e8s de son \u00e9pouse. Mais \u00e0 la fin de la journ\u00e9e, sa pri\u00e8re au Seigneur est exauc\u00e9e et une source jaillit \u00e0 ses c\u00f4t\u00e9s.<\/p>\n<\/div>\n<\/td>\n<td>\n<div align=\"center\"><img decoding=\"async\" title=\"Saint Goulven\" src=\"https:\/\/appriou.bzh\/wp-content\/uploads\/2010\/10\/petitssaints_stgoulven.jpg\" \/><\/div>\n<\/td>\n<\/tr>\n<\/tbody>\n<\/table>\n<p>&nbsp;<\/p>\n<p>Un voisin compatissant , Gouzian, s&rsquo;occupe enfin de ces r\u00e9fugi\u00e9s et devient le parrain de l&rsquo;enfant auquel est donn\u00e9 le pr\u00e9nom de Goulven. Gouzian prend \u00e0 sa charge l&rsquo;\u00e9ducation et l&rsquo;instruction de ce dernier. Quand Goulven atteint l&rsquo;\u00e2ge de 10 ans, il le place dans une \u00e9cole monastique toute proche, ouverte depuis peu par le moine St Herv\u00e9, \u00e0 Lanhouarneau.<\/p>\n<p>A la fin de ses \u00e9tudes, Goulven d\u00e9cide de mener une vie monastique et il se met \u00e0 cat\u00e9chiser la population. Il dresse, tout pr\u00e8s de la c\u00f4te, une petite cabane, un peniti, et bient\u00f4t , de tous les environs , on vient lui demander conseils et secours tant spirituels que mat\u00e9riels.<br \/>\nIl passait des journ\u00e9es enti\u00e8res dans la pri\u00e8re et la contemplation, menant une vie tr\u00e8s aust\u00e8re. Pour d\u00e9limiter son terrain, il avait plant\u00e9 trois croix en triangle, la croix de Prat ar Ven, la croix du Draon et la croix de Gouevern. Un saint homme du nom de Maden vint vivre avec lui et tous deux s&rsquo;attach\u00e8rent \u00e0 d\u00e9boiser et \u00e0 cultiver le terrain autour de leur maison. Ils furent imiter bient\u00f4t par d&rsquo;autres habitants de la r\u00e9gion qui s&rsquo;install\u00e8rent dans leur voisinage et mirent en valeur leurs terrains.<\/p>\n<p>Goulven avait cependant peu de relations suivies avec ses voisins imm\u00e9diats, sauf avec un certain Le Joncour de Ploun\u00e9our. Un jour il demanda \u00e0 Maden de se rendre chez cet ami et de lui transmettre ce message:\u00a0\u00bb Pour montrer ton amiti\u00e9, envoie moi en don ce que tu auras sous la main quand arrivera mon serviteur\u00a0\u00bb. Il conseilla ensuite \u00e0 Maden de prendre le don et de revenir sans le regarder jusqu&rsquo;\u00e0 son arriv\u00e9e \u00e0 la maison. Maden trouva Le Joncour en train de labourer un champ avec sa charrue et lui transmit la demande de Goulven. Tr\u00e8s \u00e9tonn\u00e9 , Le Joncour, n&rsquo;ayant rien d&rsquo;autre sous la main, prit trois poign\u00e9es de terre et les jeta dans le sac de Maden en lui disant de les envoyer \u00e0 son ma\u00eetre. Maden reprit le chemin en courant mais bient\u00f4t il fut oblig\u00e9 de ralentir car son sac devenait de plus en plus lourd. A son retour, il regarda alors ce qu&rsquo;il portait et s&rsquo;aper\u00e7ut que les trois poign\u00e9es de terre \u00e9taient chang\u00e9es en lingots d&rsquo;or ! Goulven devait faire de cet or des croix et des cloches.<\/p>\n<p>A cette \u00e9poque , des pirates venus du Nord faisaient souvent des incursions sur les c\u00f4tes bretonnes. Ils arriv\u00e8rent un jour sur la c\u00f4te du L\u00e9on. Le chef du village voisin, Even, vint avant la bataille demander \u00e0 Goulven de prier pour lui . Il rassembla ensuite ses soldats, arma les paysans et r\u00e9ussit \u00e0 prendre l&rsquo;ennemi \u00e0 revers, lui coupant la route du rivage. La plupart des pillards furent tu\u00e9s. Even, venu annoncer la victoire \u00e0 Goulven, le trouva en pri\u00e8re, les bras en croix: comme Mo\u00efse, il n&rsquo;avait cess\u00e9 de prier pour le succ\u00e8s de la troupe d&rsquo;Even. En r\u00e9compense, il demanda simplement qu&rsquo;un monast\u00e8re soit construit dans le voisinage. C&rsquo;est ce monast\u00e8re qui semble avoir \u00e9t\u00e9 \u00e0 l&rsquo;origine du village de Goulven.<\/p>\n<p>La r\u00e9putation de saintet\u00e9 de Goulven s&rsquo;\u00e9tend bient\u00f4t \u00e0 tout le pays et on lui attribue de nombreux miracles. L&rsquo;\u00e9v\u00eaque du L\u00e9on meurt en 594. Le clerg\u00e9 et le peuple du L\u00e9on choisissent alors Goulven comme \u00e9v\u00eaque. Goulven, peu d\u00e9sireux d&rsquo;occuper cette charge, quitte son ermitage pour se rendre \u00e0 Rome, pensant que durant son absence on \u00e9lirait un autre \u00e9v\u00eaque. Mais les L\u00e9onards envoient de leur c\u00f4t\u00e9 une d\u00e9l\u00e9gation aupr\u00e8s du Pape pour lui expliquer les raisons de leur choix. Goulven doit s&rsquo;incliner et il est sacr\u00e9 \u00e9v\u00eaque du L\u00e9on par le Pape lui-m\u00eame .<\/p>\n<p>Il assura sa charge \u00e9piscopale jusqu&rsquo;en 608. Puis fatigu\u00e9 et d\u00e9sireux de retrouver la solitude, il d\u00e9missionna et quitta Goulven avec Maden, son ami de toujours. On retrouve leurs traces \u00e0 St-Gelven( dans les C\u00f4tes d&rsquo;Armor, pr\u00e8s de Mur de Bretagne), \u00e0 Taupont( dans le Morbihan, pr\u00e8s de Ploermel) et finalement \u00e0 St-Didier, non loin de Ch\u00e2teaubourg, en Ile-et-Vilaine. C&rsquo;est l\u00e0 qu&rsquo;il mourut le 1er juillet 616.<\/p>\n<p>Ses reliques furent transport\u00e9es \u00e0 Rennes mais son souvenir est rest\u00e9 vivace dans le L\u00e9on. De nombreux miracles lui ont \u00e9t\u00e9 attribu\u00e9s apr\u00e8s sa mort. De nombreux vitraux, chapelles et fontaines lui sont consacr\u00e9es.<\/p>\n<p>Saint Goulven est le patron des \u00e9glises de Goulven et de Goulien. Six chapelles lui ont \u00e9t\u00e9 d\u00e9di\u00e9es dans le L\u00e9on dont une \u00e0 Plouguerneau( situ\u00e9e au lieu-dit Kerilly et aujourd&rsquo;hui en ruines). Dans la collection des petits saints de Plouguerneau, il est repr\u00e9sent\u00e9 en tenue \u00e9piscopale sans attribut particulier.<\/p>\n<p>Texte de <b>No\u00ebl L&rsquo;Hour<\/b><\/p>\n","protected":false},"excerpt":{"rendered":"<p>SAINT GOULVEN Ev\u00eaque du L\u00e9on &nbsp; &nbsp; Tad hon eneou, Aotrou Sant Goulihan, War ho kenvro\u00efz, skuilhit frank ho pennozh; Grit hor buhez dibec&rsquo;h, sioul hor zremenven, Ma tanvimp ganeoc&rsquo;h [&hellip;]<\/p>\n","protected":false},"author":4,"featured_media":171,"parent":0,"menu_order":0,"comment_status":"closed","ping_status":"open","template":"","meta":{"ngg_post_thumbnail":0,"_EventAllDay":false,"_EventTimezone":"","_EventStartDate":"","_EventEndDate":"","_EventStartDateUTC":"","_EventEndDateUTC":"","_EventShowMap":false,"_EventShowMapLink":false,"_EventURL":"","_EventCost":"","_EventCostDescription":"","_EventCurrencySymbol":"","_EventCurrencyCode":"","_EventCurrencyPosition":"","_EventDateTimeSeparator":"","_EventTimeRangeSeparator":"","_EventOrganizerID":[],"_EventVenueID":[],"_OrganizerEmail":"","_OrganizerPhone":"","_OrganizerWebsite":"","_VenueAddress":"","_VenueCity":"","_VenueCountry":"","_VenueProvince":"","_VenueState":"","_VenueZip":"","_VenuePhone":"","_VenueURL":"","_VenueStateProvince":"","_VenueLat":"","_VenueLng":"","_VenueShowMap":false,"_VenueShowMapLink":false,"footnotes":""},"categories":[44],"tags":[],"class_list":["post-405","page","type-page","status-publish","has-post-thumbnail","hentry","category-les-petits-saints"],"_links":{"self":[{"href":"https:\/\/appriou.bzh\/index.php\/wp-json\/wp\/v2\/pages\/405","targetHints":{"allow":["GET"]}}],"collection":[{"href":"https:\/\/appriou.bzh\/index.php\/wp-json\/wp\/v2\/pages"}],"about":[{"href":"https:\/\/appriou.bzh\/index.php\/wp-json\/wp\/v2\/types\/page"}],"author":[{"embeddable":true,"href":"https:\/\/appriou.bzh\/index.php\/wp-json\/wp\/v2\/users\/4"}],"replies":[{"embeddable":true,"href":"https:\/\/appriou.bzh\/index.php\/wp-json\/wp\/v2\/comments?post=405"}],"version-history":[{"count":0,"href":"https:\/\/appriou.bzh\/index.php\/wp-json\/wp\/v2\/pages\/405\/revisions"}],"wp:featuredmedia":[{"embeddable":true,"href":"https:\/\/appriou.bzh\/index.php\/wp-json\/wp\/v2\/media\/171"}],"wp:attachment":[{"href":"https:\/\/appriou.bzh\/index.php\/wp-json\/wp\/v2\/media?parent=405"}],"wp:term":[{"taxonomy":"category","embeddable":true,"href":"https:\/\/appriou.bzh\/index.php\/wp-json\/wp\/v2\/categories?post=405"},{"taxonomy":"post_tag","embeddable":true,"href":"https:\/\/appriou.bzh\/index.php\/wp-json\/wp\/v2\/tags?post=405"}],"curies":[{"name":"wp","href":"https:\/\/api.w.org\/{rel}","templated":true}]}}