{"id":583,"date":"2012-11-02T16:50:14","date_gmt":"2012-11-02T15:50:14","guid":{"rendered":"https:\/\/plouguerneau.net\/ouvrages-sur-plouguerneau\/"},"modified":"2012-11-02T16:50:14","modified_gmt":"2012-11-02T15:50:14","slug":"ouvrages-sur-plouguerneau","status":"publish","type":"page","link":"https:\/\/appriou.bzh\/index.php\/ouvrages-sur-plouguerneau\/","title":{"rendered":"Ouvrages sur Plouguerneau"},"content":{"rendered":"<p><center><br \/>\nVoici quelques ouvrages traitant de la commune de <strong>Plouguerneau <\/strong> .<\/p>\n<p>Si le patrimoine et l&rsquo;histoire de <strong>Plouguerneau<\/strong> vous int\u00e9ressent, leur lecture vous est chaudement recommand\u00e9e.<\/p>\n<p><span style=\"font-size: small;\"><i>Pr\u00e9sentation des derniers ouvrages r\u00e9f\u00e9renc\u00e9s.<\/i><\/span><\/center><\/p>\n<hr \/>\n<p>&nbsp;<\/p>\n<table border=\"1\">\n<tbody>\n<tr bgcolor=\"#DDDDD0\">\n<td width=\"200\"><center><strong>Auteur(s)<\/strong><\/center><\/td>\n<td width=\"350\"><center><strong>Titre<\/strong><\/center><\/td>\n<td width=\"50\"><center><strong>Sortie<\/strong><\/center><\/td>\n<td width=\"100\"><center><strong>Ajout\u00e9 en<\/strong><\/center><\/td>\n<\/tr>\n<tr>\n<td width=\"200\">\u00a0<strong>ABJEAN Pierre<\/strong><\/td>\n<td width=\"350\">\u00a0<strong>Plouguerneau<\/strong> \u2013 Histoire<\/td>\n<td width=\"50\"><center>1987<\/center><\/td>\n<td width=\"100\"><center>Novembre 2012<\/center><\/td>\n<\/tr>\n<tr bgcolor=\"#DDDDD0\">\n<td width=\"200\">\u00a0<span class=\"vcard author\"><a class=\"url fn spip_in\" href=\"spip.php?auteur57\"><strong>ABJEAN Ren\u00e9<\/strong> <\/a><\/span><\/td>\n<td width=\"350\">\u00a0<strong>La guerre finira bient\u00f4t <\/strong> \u2013 1914-1918 \u00e0 Plouguerneau et au front<\/td>\n<td width=\"50\"><center>2009<\/center><\/td>\n<td width=\"100\"><center>Novembre 2012<\/center><\/td>\n<\/tr>\n<tr bgcolor=\"#DDDDD0\">\n<td width=\"200\">\u00a0<span class=\"vcard author\"><a class=\"url fn spip_in\" href=\"spip.php?auteur57\"><strong>ABJEAN Ren\u00e9<\/strong> <\/a><\/span><\/td>\n<td width=\"350\">\u00a0<strong>Le monde Breton<\/strong> \u2013 Comme \u00e7\u00e0 &#8230;<\/td>\n<td width=\"50\"><center>2015<\/center><\/td>\n<td width=\"100\"><center>Novembre 2015<\/center><\/td>\n<\/tr>\n<tr bgcolor=\"#DDDDD0\">\n<td width=\"200\">\u00a0<strong>COLLECTIF<\/strong><\/td>\n<td width=\"350\">\u00a0<strong>PLOUGUERNEAU se raconte &#8230;<\/strong><\/td>\n<td width=\"50\"><center>2011<\/center><\/td>\n<td width=\"100\"><center>Mars 2014<\/center><\/td>\n<\/tr>\n<tr bgcolor=\"#DDDDD0\">\n<td width=\"200\">\u00a0<strong>COLLECTIF<\/strong><\/td>\n<td width=\"350\">\u00a0<strong>PLOUGUERNEAU<\/strong> &#8211; Histoire et G\u00e9ographie &#8211; Culture et Traditions<\/td>\n<td width=\"50\"><center>2015<\/center><\/td>\n<td width=\"100\"><center>Novembre 2015<\/center><\/td>\n<\/tr>\n<tr>\n<td width=\"200\">\u00a0<span class=\"vcard author\"><a class=\"url fn spip_in\" href=\"spip.php?auteur8\"><strong>HIRRIEN Jean-Pierre<\/strong><\/a><\/span><\/td>\n<td width=\"350\">\u00a0 <strong>Vie et mort du paysan L\u00e9onard dans la seconde partie du XVIII\u00e8me si\u00e8cle<\/strong><\/td>\n<td width=\"50\"><center>2007<\/center><\/td>\n<td width=\"100\"><center>Novembre 2012<\/center><\/td>\n<\/tr>\n<tr bgcolor=\"#DDDDD0\">\n<td width=\"200\">\u00a0<strong>MONFORT Ren\u00e9<\/strong><\/td>\n<td width=\"350\">\u00a0<strong>Plouguerneau<\/strong> &#8211; Gens de mer et de terre<\/td>\n<td width=\"50\"><center>2000<\/center><\/td>\n<td width=\"100\"><center>Novembre 2012<\/center><\/td>\n<\/tr>\n<tr>\n<td width=\"200\">\u00a0<strong>PERENNES Henri <\/strong><\/td>\n<td width=\"350\">\u00a0<strong>Plouguerneau<\/strong> &#8211; Une paroisse entre Manche et Oc\u00e9an<\/td>\n<td width=\"50\"><center>1941<\/center><\/td>\n<td width=\"100\"><center>Novembre 2012<\/center><\/td>\n<\/tr>\n<\/tbody>\n<\/table>\n<p>En gras les auteurs d&rsquo;articles du site <strong>Plouguerneau d&rsquo;Hier et d&rsquo;Aujourd&rsquo;hui<\/strong>.<\/p>\n<hr \/>\n<p><center><em> <strong>R\u00c9F\u00c9RENCEMENT <\/strong>: Vous pouvez proposer le r\u00e9f\u00e9rencement d&rsquo;un ouvrage en envoyant un mail \u00e0 pha@plouguerneau.net : photo de couverture au format jpeg, texte \u00e0 inclure (20 lignes maxi), rubrique ( Ouvrages sur Plouguerneau, Ouvrages sur le L\u00e9on, &#8230;), lien avec Plouguerneau, &#8230; <\/em><\/center><\/p>\n","protected":false},"excerpt":{"rendered":"<p>Voici quelques ouvrages traitant de la commune de Plouguerneau . Si le patrimoine et l&rsquo;histoire de Plouguerneau vous int\u00e9ressent, leur lecture vous est chaudement recommand\u00e9e. Pr\u00e9sentation des derniers ouvrages r\u00e9f\u00e9renc\u00e9s. [&hellip;]<\/p>\n","protected":false},"author":4,"featured_media":0,"parent":0,"menu_order":0,"comment_status":"closed","ping_status":"open","template":"","meta":{"ngg_post_thumbnail":0,"_EventAllDay":false,"_EventTimezone":"","_EventStartDate":"","_EventEndDate":"","_EventStartDateUTC":"","_EventEndDateUTC":"","_EventShowMap":false,"_EventShowMapLink":false,"_EventURL":"","_EventCost":"","_EventCostDescription":"","_EventCurrencySymbol":"","_EventCurrencyCode":"","_EventCurrencyPosition":"","_EventDateTimeSeparator":"","_EventTimeRangeSeparator":"","_EventOrganizerID":[],"_EventVenueID":[],"_OrganizerEmail":"","_OrganizerPhone":"","_OrganizerWebsite":"","_VenueAddress":"","_VenueCity":"","_VenueCountry":"","_VenueProvince":"","_VenueState":"","_VenueZip":"","_VenuePhone":"","_VenueURL":"","_VenueStateProvince":"","_VenueLat":"","_VenueLng":"","_VenueShowMap":false,"_VenueShowMapLink":false,"footnotes":""},"categories":[261],"tags":[],"class_list":["post-583","page","type-page","status-publish","hentry","category-bibliographie"],"_links":{"self":[{"href":"https:\/\/appriou.bzh\/index.php\/wp-json\/wp\/v2\/pages\/583","targetHints":{"allow":["GET"]}}],"collection":[{"href":"https:\/\/appriou.bzh\/index.php\/wp-json\/wp\/v2\/pages"}],"about":[{"href":"https:\/\/appriou.bzh\/index.php\/wp-json\/wp\/v2\/types\/page"}],"author":[{"embeddable":true,"href":"https:\/\/appriou.bzh\/index.php\/wp-json\/wp\/v2\/users\/4"}],"replies":[{"embeddable":true,"href":"https:\/\/appriou.bzh\/index.php\/wp-json\/wp\/v2\/comments?post=583"}],"version-history":[{"count":0,"href":"https:\/\/appriou.bzh\/index.php\/wp-json\/wp\/v2\/pages\/583\/revisions"}],"wp:attachment":[{"href":"https:\/\/appriou.bzh\/index.php\/wp-json\/wp\/v2\/media?parent=583"}],"wp:term":[{"taxonomy":"category","embeddable":true,"href":"https:\/\/appriou.bzh\/index.php\/wp-json\/wp\/v2\/categories?post=583"},{"taxonomy":"post_tag","embeddable":true,"href":"https:\/\/appriou.bzh\/index.php\/wp-json\/wp\/v2\/tags?post=583"}],"curies":[{"name":"wp","href":"https:\/\/api.w.org\/{rel}","templated":true}]}}