{"id":607,"date":"2013-10-07T12:15:50","date_gmt":"2013-10-07T10:15:50","guid":{"rendered":"https:\/\/plouguerneau.net\/les-moulins-de-coatquenan\/"},"modified":"2025-01-27T10:04:29","modified_gmt":"2025-01-27T09:04:29","slug":"les-moulins-de-coatquenan","status":"publish","type":"page","link":"https:\/\/appriou.bzh\/index.php\/les-moulins-de-coatquenan\/","title":{"rendered":"Les Moulins de Coatqu\u00e9nan"},"content":{"rendered":"<p><center><br \/>\n<span style=\"color: #0000ff;\"><strong><span style=\"font-size: large;\">LES MOULINS DE COATQUENAN<\/span><br \/>\nen Plouguerneau<\/strong><\/span><\/center><\/p>\n<table>\n<tbody>\n<tr>\n<td><\/td>\n<\/tr>\n<\/tbody>\n<\/table>\n<table>\n<tbody>\n<tr>\n<td><\/td>\n<\/tr>\n<\/tbody>\n<\/table>\n<div align=\"justify\">\n<p>Au pied du manoir-ferme de Koad Kenan, les murs du moulin autrefois attach\u00e9 au ch\u00e2teau sont toujours debout, en contrebas de la route d\u00e9partementale. La RD 52 (1) actuelle emprunte en effet sa chauss\u00e9e qui a \u00e9t\u00e9 consolid\u00e9e et modifi\u00e9e lors de la transformation en route des chemins reliant Le Diouris et Le Vougot vers la fin du XIX\u00e8me si\u00e8cle.<\/p>\n<p>La r\u00e9serve d&rsquo;eau du moulin \u00e9tait constitu\u00e9e par un \u00e9tang aliment\u00e9 par un ruisseau provenant de deux sources principales. La premi\u00e8re se situe vers Lanoster, dans les pr\u00e9s humides situ\u00e9s entre Kerdelant et Lanerchen et la seconde entre Prat-Orven et Anteren. Les deux ruisseaux se rejoignent \u00e0 proximit\u00e9 et en amont de l&rsquo;\u00e9tang de l&rsquo;ancien moulin du Grouanec, aujourd&rsquo;hui totalement disparu.<\/p>\n<p>Le moulin, dont les ruines sont bien conserv\u00e9es, est en fait l&rsquo;ancien moulin de Coatqu\u00e9nan, d\u00e9nomm\u00e9 <em>suzain<\/em> (2) dans les documents ant\u00e9rieurs \u00e0 la R\u00e9volution de 1789.<\/p>\n<p>On peut l\u00e9gitimement penser qu&rsquo;il fut le moulin principal d\u00e9pendant du fief de Koad Kenan, dont les origines sont fort anciennes. Les b\u00e2timents de la ferme qui subsistent aujourd&rsquo;hui sont les restes de l&rsquo;ancien ch\u00e2teau qui daterait du d\u00e9but du XV\u00e8me si\u00e8cle et qui rempla\u00e7a une ancienne motte f\u00e9odale. Des \u00e9l\u00e9ments remarquables de la b\u00e2tisse originale ont \u00e9t\u00e9 conserv\u00e9s jusqu&rsquo;\u00e0 nos jours&#8230;&#8230;&#8230;&#8230;&#8230;<\/p>\n<table>\n<tbody>\n<tr>\n<td><\/td>\n<\/tr>\n<\/tbody>\n<\/table>\n<p><em>Article complet au format <strong>PDF<\/strong> (25 pages) en cliquant<\/em> <a href=\"http:\/\/www.plouguerneau.net\/IMG\/anicolas\/moulins_coatquenan.pdf\" target=\"blank\"><span style=\"color: #ff0000;\"><strong>ICI<\/strong>.<\/span><br \/>\n<\/a><\/p>\n<p><em>Version avril 2016<\/em><\/p>\n<p>&nbsp;<\/p>\n<table>\n<tbody>\n<tr>\n<td><img decoding=\"async\" src=\"http:\/\/www.plouguerneau.net\/IMG\/jpg\/c_3a.jpg\" \/><\/td>\n<\/tr>\n<\/tbody>\n<\/table>\n<p>&nbsp;<\/p>\n<\/div>\n","protected":false},"excerpt":{"rendered":"<p>LES MOULINS DE COATQUENAN en Plouguerneau Au pied du manoir-ferme de Koad Kenan, les murs du moulin autrefois attach\u00e9 au ch\u00e2teau sont toujours debout, en contrebas de la route d\u00e9partementale. [&hellip;]<\/p>\n","protected":false},"author":4,"featured_media":1851,"parent":0,"menu_order":0,"comment_status":"closed","ping_status":"open","template":"","meta":{"ngg_post_thumbnail":0,"_EventAllDay":false,"_EventTimezone":"","_EventStartDate":"","_EventEndDate":"","_EventStartDateUTC":"","_EventEndDateUTC":"","_EventShowMap":false,"_EventShowMapLink":false,"_EventURL":"","_EventCost":"","_EventCostDescription":"","_EventCurrencySymbol":"","_EventCurrencyCode":"","_EventCurrencyPosition":"","_EventDateTimeSeparator":"","_EventTimeRangeSeparator":"","_EventOrganizerID":[],"_EventVenueID":[],"_OrganizerEmail":"","_OrganizerPhone":"","_OrganizerWebsite":"","_VenueAddress":"","_VenueCity":"","_VenueCountry":"","_VenueProvince":"","_VenueState":"","_VenueZip":"","_VenuePhone":"","_VenueURL":"","_VenueStateProvince":"","_VenueLat":"","_VenueLng":"","_VenueShowMap":false,"_VenueShowMapLink":false,"footnotes":""},"categories":[142],"tags":[],"class_list":["post-607","page","type-page","status-publish","has-post-thumbnail","hentry","category-moulins"],"_links":{"self":[{"href":"https:\/\/appriou.bzh\/index.php\/wp-json\/wp\/v2\/pages\/607","targetHints":{"allow":["GET"]}}],"collection":[{"href":"https:\/\/appriou.bzh\/index.php\/wp-json\/wp\/v2\/pages"}],"about":[{"href":"https:\/\/appriou.bzh\/index.php\/wp-json\/wp\/v2\/types\/page"}],"author":[{"embeddable":true,"href":"https:\/\/appriou.bzh\/index.php\/wp-json\/wp\/v2\/users\/4"}],"replies":[{"embeddable":true,"href":"https:\/\/appriou.bzh\/index.php\/wp-json\/wp\/v2\/comments?post=607"}],"version-history":[{"count":0,"href":"https:\/\/appriou.bzh\/index.php\/wp-json\/wp\/v2\/pages\/607\/revisions"}],"wp:featuredmedia":[{"embeddable":true,"href":"https:\/\/appriou.bzh\/index.php\/wp-json\/wp\/v2\/media\/1851"}],"wp:attachment":[{"href":"https:\/\/appriou.bzh\/index.php\/wp-json\/wp\/v2\/media?parent=607"}],"wp:term":[{"taxonomy":"category","embeddable":true,"href":"https:\/\/appriou.bzh\/index.php\/wp-json\/wp\/v2\/categories?post=607"},{"taxonomy":"post_tag","embeddable":true,"href":"https:\/\/appriou.bzh\/index.php\/wp-json\/wp\/v2\/tags?post=607"}],"curies":[{"name":"wp","href":"https:\/\/api.w.org\/{rel}","templated":true}]}}