{"id":609,"date":"2013-10-30T15:01:36","date_gmt":"2013-10-30T14:01:36","guid":{"rendered":"https:\/\/plouguerneau.net\/levolution-de-la-population-a-plouguerneau-et-tremenach-dans-la-seconde-moitie-du-xviiie-siecle\/"},"modified":"2013-10-30T15:01:36","modified_gmt":"2013-10-30T14:01:36","slug":"levolution-de-la-population-a-plouguerneau-et-tremenach-dans-la-seconde-moitie-du-xviiie-siecle","status":"publish","type":"page","link":"https:\/\/appriou.bzh\/index.php\/levolution-de-la-population-a-plouguerneau-et-tremenach-dans-la-seconde-moitie-du-xviiie-siecle\/","title":{"rendered":"L&rsquo;\u00e9volution de la population \u00e0 Plouguerneau et Tr\u00e9m\u00e9nac&rsquo;h dans la seconde moiti\u00e9 du XVIIIe si\u00e8cle"},"content":{"rendered":"<div align=\"justify\"><center><br \/>\n<span style=\"color: #0000ff;\"><strong><span style=\"font-size: large;\">L\u2019\u00c9VOLUTION DE LA POPULATION A PLOUGUERNEAU ET TREMENAC&rsquo;H DANS LA SECONDE MOITIE DU XVIIIe SI\u00c8CLE<\/span><\/strong><\/span><\/center><\/p>\n<table>\n<tbody>\n<tr>\n<td><\/td>\n<\/tr>\n<\/tbody>\n<\/table>\n<table>\n<tbody>\n<tr>\n<td><\/td>\n<\/tr>\n<\/tbody>\n<\/table>\n<p>Sous l\u2019Ancien R\u00e9gime les recensements de la population font d\u00e9faut. Dans de telles conditions il est difficile de chiffrer la population des deux paroisses avant la R\u00e9volution.<\/p>\n<p>Cependant, des estimations ont \u00e9t\u00e9 fournies par quelques historiens et contemporains qui nous permettent d\u2019approcher les populations de Plouguerneau et de Tr\u00e9m\u00e9nac\u2019h.<\/p>\n<table border=\"1\" width=\"100%\">\n<tbody>\n<tr>\n<td width=\"50%\"><\/td>\n<td width=\"25%\"><center>PLOUGUERNEAU<\/center><\/td>\n<td width=\"25%\"><center>TREMENAC&rsquo;H<\/center><\/td>\n<\/tr>\n<tr>\n<td width=\"50%\"><span style=\"font-size: small;\">1) Visites pastorales effectu\u00e9es par l\u2019\u00e9v\u00eaque du L\u00e9on dans les ann\u00e9es 1770<\/span><\/td>\n<td width=\"25%\"><center>4 000 communiants<\/center><\/td>\n<td width=\"25%\"><center>200 communiants<\/center><\/td>\n<\/tr>\n<tr>\n<td width=\"50%\"><span style=\"font-size: small;\">2) J-B OGEE ing\u00e9nieur g\u00e9ographe du XVIII\u00e8 si\u00e8cle<\/span><\/td>\n<td width=\"25%\"><center>1 600 communiants<\/center><\/td>\n<td width=\"25%\"><center>500 communiants<\/center><\/td>\n<\/tr>\n<tr>\n<td width=\"50%\"><span style=\"font-size: small;\">3) GELLEY<\/span><\/td>\n<td width=\"25%\"><center>3 801 habitants (1774)<br \/>\n3 766 habitants (1785)<br \/>\n4 177 habitants (1790)<\/center><\/td>\n<td width=\"25%\"><center>405 habitants<\/center><\/td>\n<\/tr>\n<tr>\n<td width=\"50%\"><span style=\"font-size: small;\">4) PERENNES<\/span><\/td>\n<td width=\"25%\"><center>4 148 habitants (1792)<\/center><\/td>\n<td width=\"25%\"><center>500 habitants<\/center><\/td>\n<\/tr>\n<\/tbody>\n<\/table>\n<table>\n<tbody>\n<tr>\n<td><\/td>\n<\/tr>\n<\/tbody>\n<\/table>\n<p>On peut \u00eatre surpris du total de J.B. OGEE pour Plouguerneau. Il est sans doute sous-\u00e9valu\u00e9 par le fait qu\u2019il ne doit pas prendre en compte les jeunes de moins de 11 ans.<\/p>\n<p>De plus, il existe une autre possibilit\u00e9 pour tenter d\u2019\u00e9valuer la population d\u2019une paroisse. Pour cela on applique un multiplicateur 25 ou 26 aux bapt\u00eames. Et comme le taux de natalit\u00e9 est, selon le d\u00e9mographe Moheau dans cette seconde moiti\u00e9 de XVIIIe si\u00e8cle, de l&rsquo;ordre de 40 0\/00, on aboutit \u00e0 une s\u00e9rie de chiffres pour quatre p\u00e9riodes qui dessinent les contours de la population de Plouguerneau. .<\/p>\n<p>Avec le multiplicateur 26 la population \u00e0 Plouguerneau s&rsquo;\u00e9tablit \u00e0 :<\/p>\n<p>&#8211; 3 642 habitants (1747-56)<br \/>\n&#8211; 3 952 habitants (1757-67)<br \/>\n&#8211; 3 933 habitants (1771-79)<br \/>\n&#8211; 3 988 habitants (1780-90)<\/p>\n<p>La paroisse de Tr\u00e9m\u00e9nac&rsquo;h aurait quant \u00e0 elle 416 habitants pour les ann\u00e9es 1772-90.<\/p>\n<p>Plouguerneau, paroisse peupl\u00e9e, d\u00e9passe les 3 600 habitants au milieu du XVIIIe si\u00e8cle et avoisine les 4 000 \u00e0 4 100 habitants \u00e0 la veille de la R\u00e9volution.<br \/>\nLes deux entit\u00e9s paroissiales totalisent 4 400 \u00e0 4 500 habitants.<\/p>\n<p>La croissance enregistr\u00e9e \u00e0 Plouguerneau durant ce demi-si\u00e8cle est de 11,1 \u00e0 13,9 % selon les chiffres retenus. Annuellement elle est comprise entre 0,2 et 0,3 %, ce qui est peu.<br \/>\nApr\u00e8s un bond de 310 paroissiens (soit + 8,5 %) en d\u00e9but de p\u00e9riode, Plouguerneau rentre dans le rang et sa population diminue (-0,4 % entre 1757-67 et 1771-79) ou n&rsquo;enregistre que des gains insignifiants (+1,4 % entre 1771-79 et 1780-90).<br \/>\nLe bilan d\u00e9mographique se solde par un diff\u00e9rentiel de + 586 (5516 bapt\u00eames pour 4930 s\u00e9pultures).<\/p>\n<p>Il est d\u00fb aux ann\u00e9es 1747-67 moins touch\u00e9es par les crises d\u00e9mographiques. Ensuite, malgr\u00e9 des naissances qui progressent (152,5 par an pour 1771-90 contre 145,3 pour 1747-67), les \u00e9pid\u00e9mies meurtri\u00e8res taillent des coupes sombres dans la population et font des ann\u00e9es 70-80 une p\u00e9riode noire de l&rsquo;histoire d\u00e9mographique des deux paroisses.<\/p>\n<p>Ces difficult\u00e9s enregistr\u00e9es \u00e0 Plouguerneau et \u00e0 Tr\u00e9m\u00e9nac\u2019h sont particuli\u00e8res au L\u00e9on et \u00e0 la Bretagne : les bapt\u00eames sont p\u00e9riodiquement d\u00e9pass\u00e9s par les s\u00e9pultures; \u00e0 Plouguerneau cinq fois, dans le L\u00e9on \u00e0 trois reprises entre 1770 et 1787, en Bretagne sept fois. La Bretagne a perdu 3.7 % de sa population en 15 ans (alors que la France en gagnait 6 %) avec un d\u00e9ficit moyen de 5 427 habitants par an (soit 1 683 000 s\u00e9pultures pour 1 580 000 bapt\u00eames).<\/p>\n<p>Pourtant, l\u2019originalit\u00e9 de Plouguerneau r\u00e9side dans l\u2019accroissement de sa population alors que certaines paroisses accusent des d\u00e9ficits importants (Plouider perd 1\/6\u00e8me de sa population, Lesneven totalise, de 1740 \u00e0 1790, 4 450 bapt\u00eames pour 4 557 s\u00e9pultures).<\/p>\n<p>Le capital d\u00e9mographique acquis dans les ann\u00e9es 1747-67 n\u2019a pas \u00e9t\u00e9 entam\u00e9 malgr\u00e9 les fi\u00e8vres putrides (typhus, typho\u00efde), gr\u00e2ce \u00e0 une natalit\u00e9 qui se maintient (38,4 %0) et \u00e0 un nombre de naissances en progression. Dans ces conditions il n\u2019y a rien de bien surprenant \u00e0 retrouver, en 1790, la paroisse en t\u00eate, pour sa population, dans le district de Lesneven avec 4117 habitants, soit 16 % du district.<\/p>\n<p>La population de Plouguerneau atteindra 5500 habitants en 1821, bondira \u00e0 6246 personnes en 1851, mais dans la seconde moiti\u00e9 du XIXe si\u00e8cle ne d\u00e9collera plus des 5700\/5800 habitants jusqu\u2019en 1911.<\/p>\n<p>En 2013 elle est de l\u2019ordre de 6500 habitants.<\/p>\n<p>&nbsp;<\/p>\n<table>\n<tbody>\n<tr>\n<td><img decoding=\"async\" src=\"http:\/\/www.plouguerneau.net\/IMG\/jpg\/Carte-226.jpg\" \/><\/td>\n<\/tr>\n<\/tbody>\n<\/table>\n<p>&nbsp;<\/p>\n<p>Carte des lieux-dits de Plouguerneau au XVIIIe si\u00e8cle (d\u2019apr\u00e8s A-L Abiliou, Soci\u00e9t\u00e9 et vie quotidienne \u00e0 Plouguerneau au XVIIIe si\u00e8cle, ma\u00eetrise UBO). L\u2019\u00e9tendue du territoire paroissial de Plouguerneau, bien plus que celui de Tr\u00e9m\u00e9nac\u2019h, et la relative vigueur d\u00e9mographique de la population plouguern\u00e9enne expliquent, malgr\u00e9 un contexte mortif\u00e8re d\u00e9favorable, le positionnement assez \u00e9lev\u00e9 de Plouguerneau dans l\u2019\u00e9chelle statistique de la d\u00e9mographie l\u00e9onarde.<\/p>\n<table>\n<tbody>\n<tr>\n<td><\/td>\n<\/tr>\n<\/tbody>\n<\/table>\n<p><span style=\"font-size: xx-small;\">Version 1 : 30 Octobre 2013<\/span><\/p>\n<\/div>\n","protected":false},"excerpt":{"rendered":"<p>L\u2019\u00c9VOLUTION DE LA POPULATION A PLOUGUERNEAU ET TREMENAC&rsquo;H DANS LA SECONDE MOITIE DU XVIIIe SI\u00c8CLE Sous l\u2019Ancien R\u00e9gime les recensements de la population font d\u00e9faut. Dans de telles conditions il [&hellip;]<\/p>\n","protected":false},"author":4,"featured_media":6739,"parent":0,"menu_order":0,"comment_status":"closed","ping_status":"open","template":"","meta":{"ngg_post_thumbnail":0,"_EventAllDay":false,"_EventTimezone":"","_EventStartDate":"","_EventEndDate":"","_EventStartDateUTC":"","_EventEndDateUTC":"","_EventShowMap":false,"_EventShowMapLink":false,"_EventURL":"","_EventCost":"","_EventCostDescription":"","_EventCurrencySymbol":"","_EventCurrencyCode":"","_EventCurrencyPosition":"","_EventDateTimeSeparator":"","_EventTimeRangeSeparator":"","_EventOrganizerID":[],"_EventVenueID":[],"_OrganizerEmail":"","_OrganizerPhone":"","_OrganizerWebsite":"","_VenueAddress":"","_VenueCity":"","_VenueCountry":"","_VenueProvince":"","_VenueState":"","_VenueZip":"","_VenuePhone":"","_VenueURL":"","_VenueStateProvince":"","_VenueLat":"","_VenueLng":"","_VenueShowMap":false,"_VenueShowMapLink":false,"footnotes":""},"categories":[253],"tags":[],"class_list":["post-609","page","type-page","status-publish","has-post-thumbnail","hentry","category-18-19-analyse-population"],"_links":{"self":[{"href":"https:\/\/appriou.bzh\/index.php\/wp-json\/wp\/v2\/pages\/609","targetHints":{"allow":["GET"]}}],"collection":[{"href":"https:\/\/appriou.bzh\/index.php\/wp-json\/wp\/v2\/pages"}],"about":[{"href":"https:\/\/appriou.bzh\/index.php\/wp-json\/wp\/v2\/types\/page"}],"author":[{"embeddable":true,"href":"https:\/\/appriou.bzh\/index.php\/wp-json\/wp\/v2\/users\/4"}],"replies":[{"embeddable":true,"href":"https:\/\/appriou.bzh\/index.php\/wp-json\/wp\/v2\/comments?post=609"}],"version-history":[{"count":0,"href":"https:\/\/appriou.bzh\/index.php\/wp-json\/wp\/v2\/pages\/609\/revisions"}],"wp:featuredmedia":[{"embeddable":true,"href":"https:\/\/appriou.bzh\/index.php\/wp-json\/wp\/v2\/media\/6739"}],"wp:attachment":[{"href":"https:\/\/appriou.bzh\/index.php\/wp-json\/wp\/v2\/media?parent=609"}],"wp:term":[{"taxonomy":"category","embeddable":true,"href":"https:\/\/appriou.bzh\/index.php\/wp-json\/wp\/v2\/categories?post=609"},{"taxonomy":"post_tag","embeddable":true,"href":"https:\/\/appriou.bzh\/index.php\/wp-json\/wp\/v2\/tags?post=609"}],"curies":[{"name":"wp","href":"https:\/\/api.w.org\/{rel}","templated":true}]}}