{"id":629,"date":"2014-03-13T18:06:07","date_gmt":"2014-03-13T17:06:07","guid":{"rendered":"https:\/\/plouguerneau.net\/juillet-1815-une-bataille-navale-au-correjou\/"},"modified":"2014-03-13T18:06:07","modified_gmt":"2014-03-13T17:06:07","slug":"juillet-1815-une-bataille-navale-au-correjou","status":"publish","type":"page","link":"https:\/\/appriou.bzh\/index.php\/juillet-1815-une-bataille-navale-au-correjou\/","title":{"rendered":"Juillet 1815 : une bataille navale au Corr\u00e9jou"},"content":{"rendered":"<div align=\"justify\"><center><center><span style=\"color: #0000ff;\"><strong><span style=\"font-size: large;\">Juillet 1815\u00a0: une bataille navale au Corr\u00e9jou<\/span><\/strong><\/span><\/center><\/center><\/p>\n<table>\n<tbody>\n<tr>\n<td><\/td>\n<\/tr>\n<\/tbody>\n<\/table>\n<table>\n<tbody>\n<tr>\n<td><\/td>\n<\/tr>\n<\/tbody>\n<\/table>\n<p style=\"text-align: left;\">Que s\u2019est-il pass\u00e9 le 17 juillet 1815 dans la petite rade du Corr\u00e9jou\u00a0? Les recherches men\u00e9es par le professeur Sanquer dans les ann\u00e9es 1930 permettent de se pencher sur un \u00e9pisode de la seconde restauration.<\/p>\n<p style=\"text-align: left;\">Au hasard de mes recherches de vieux papiers chez un bouquiniste brestois, j\u2019ai fait l\u2019acquisition d\u2019un lot de coupures de presse et autres actes notari\u00e9s. Dans la liasse se trouvait un petit cahier d\u2019\u00e9colier dans lequelle le propri\u00e9taire avait coll\u00e9 des articles extraits de journaux de l\u2019ann\u00e9e 1934 concernant des fouilles r\u00e9alis\u00e9es \u00e0 \u00ab\u00a0Men-L\u00e9dan\u00a0\u00bb \u00e0 Kelerdut sur le terrain d\u2019un M.\u00a0Th\u00e9r\u00e9n\u00e9 par les arch\u00e9ologues Romain-Desfoss\u00e9s et de Poulpiquet. Mais surtout, des courriers et des notes \u00e9taient gliss\u00e9s \u00e0 l\u2019int\u00e9rieur du cahier avec notamment deux lettres manuscrites sign\u00e9es de ce m\u00eame Romain-Desfoss\u00e9s \u00e0 l\u2019attention de M.\u00a0Sanquer de Plouguerneau.<\/p>\n<p>&nbsp;<\/p>\n<table>\n<tbody>\n<tr>\n<td><img decoding=\"async\" src=\"https:\/\/web.archive.org\/web\/20160308191801im_\/http:\/\/www.plouguerneau.net\/IMG\/jpg\/lettre-236.jpg\" \/><\/td>\n<\/tr>\n<\/tbody>\n<\/table>\n<p>&nbsp;<\/p>\n<p style=\"text-align: left;\">L\u2019arch\u00e9ologue y d\u00e9crit, avec pr\u00e9cision, dans son premier courrier, un \u00e9v\u00e9nement survenu en juillet 1815 au Corr\u00e9jou, au cours duquel deux vaisseaux arborant les couleurs tricolores ont d\u00fb ramener leurs couleurs apr\u00e8s avoir \u00e9chang\u00e9 quelques coups de canons avec trois vaisseaux anglais emboss\u00e9s entre Saint-Michel et Carrec Crom et se trouvant ensuite sous le feu des batteries reprises par un gros d\u00e9tachement anglais.<\/p>\n<p style=\"text-align: left;\">Dans son second courrier dat\u00e9 de 1934, Romain-Desfoss\u00e9s r\u00e9pond apparemment \u00e0 un courrier de M.\u00a0Sanquer \u00e0 propos du capitaine Fournier qui commandait le cotre \u00ab\u00a0Le Printemps\u00a0\u00bb appel\u00e9 famili\u00e8rement \u00ab\u00a0Tonton Fournier\u00a0\u00bb par l\u2019auteur du courrier.<\/p>\n<p style=\"text-align: left;\">La lecture globale de la lettre indique que Julien Fournier, tu\u00e9 lors de la bataille, \u00e9tait en parent\u00e9 avec Romain-Desfoss\u00e9s, lui-m\u00eame descendant d\u2019une grande famille d\u2019officiers de marine.<\/p>\n<p style=\"text-align: left;\">\u00ab\u00a0Je n\u2019ai jamais eu le temps de m\u2019arr\u00eater \u00e0 Julien Fournier dans mes recherches biographiques familiales truff\u00e9es de ces illustres lascars d\u2019eau sal\u00e9e de la R\u00e9volution et de l\u2019Empire. Mais je crois que Julien \u00e9tait fr\u00e8re ou cousin germain de mon a\u00efeul Jean-Pierre Fournier du Bucentaure de Trafalgar\u00a0\u00bb indique-t-il.<\/p>\n<table class=\" alignleft\">\n<tbody>\n<tr>\n<td><\/td>\n<\/tr>\n<\/tbody>\n<\/table>\n<p style=\"text-align: left;\"><span style=\"color: #0000ff;\"><strong><span style=\"font-size: small;\">La reddition du \u00ab\u00a0Printemps\u00a0\u00bb et de la canonni\u00e8re \u00ab\u00a021\u00a0\u00bb<\/span><\/strong><\/span><\/p>\n<p style=\"text-align: left;\">Pour bien comprendre les enjeux de la petite bataille que se sont livr\u00e9s les Fran\u00e7ais et les Anglais au Correjou le 17 juillet 1815, il faut revenir un an auparavant, en avril 1814, date \u00e0 laquelle la marine avait \u00e9t\u00e9 confront\u00e9e \u00e0 de d\u00e9licats cas de conscience lors du retour des Bourbons au pouvoir.<\/p>\n<p>&nbsp;<\/p>\n<table>\n<tbody>\n<tr>\n<td><img decoding=\"async\" src=\"https:\/\/web.archive.org\/web\/20160308191801im_\/http:\/\/www.plouguerneau.net\/IMG\/jpg\/correjou-236.jpg\" \/><\/td>\n<\/tr>\n<\/tbody>\n<\/table>\n<p>&nbsp;<\/p>\n<p style=\"text-align: left;\">Quelle attitude devaient observer les officiers de b\u00e2timents isol\u00e9s sur toutes les mers du monde en l\u2019absence d\u2019ordres pr\u00e9cis de leurs \u00e9tats-majors\u00a0? Pouvaient-ils accepter d\u2019amener ces couleurs sous lesquelles ils avaient combattu depuis des d\u00e9cennies\u00a0? Et qui fallait-il \u00e9couter dans une p\u00e9riode aussi troubl\u00e9e\u00a0?<\/p>\n<p style=\"text-align: left;\">La situation dans laquelle se trouvaient le 17 juillet 1815 le Capitaine Julien Alexandre Fournier, commandant le cotre de 12 canons \u00ab\u00a0Le Printemps\u00a0\u00bb et le Capitaine Gou\u00ebt commandant de la canonni\u00e8re 21 \u00e9tait toujours de m\u00eame nature. Ils encadraient une petite flottille de caboteurs de la Manche et avaient d\u00e9cid\u00e9 de mouiller dans la baie du Corr\u00e9jou. Julien Fournier avait pu tr\u00e8s vite constater que le drapeau blanc de la monarchie flottait d\u00e9j\u00e0 sur le clocher de Plouguerneau. Et les autorit\u00e9s civiles s\u2019\u00e9taient tr\u00e8s vite transport\u00e9es au Corr\u00e9jou pour leur intimer l\u2019ordre de se plier \u00e0 leurs injonctions.<\/p>\n<p style=\"text-align: left;\">C\u2019\u00e9tait mal conna\u00eetre Fournier et Gou\u00ebt qui n\u2019entendaient pas amener leurs couleurs si facilement et en tous cas sans ordres formels de leur hi\u00e9rarchie. D\u00e9j\u00e0 se profilaient les repr\u00e9sailles des bricks et go\u00e9lettes anglais \u00ab\u00a0Mouche\u00a0\u00bb, \u00ab\u00a0Furet\u00a0\u00bb et \u00ab\u00a0L\u00e9a Larle\u00a0\u00bb qui croisaient au large et qui s\u2019appr\u00eataient \u00e0 prendre position entre Saint-Michel et Carrec Crom. Par mesure de pr\u00e9caution, les canonniers furent mis \u00e0 terre pour armer les deux batteries qui devaient prot\u00e9ger le mouillage.<\/p>\n<p>&nbsp;<\/p>\n<table>\n<tbody>\n<tr>\n<td><img decoding=\"async\" class=\"alignleft\" src=\"https:\/\/web.archive.org\/web\/20160308191801im_\/http:\/\/www.plouguerneau.net\/IMG\/jpg\/cannoniere-236.jpg\" \/><\/td>\n<\/tr>\n<\/tbody>\n<\/table>\n<p>&nbsp;<\/p>\n<p style=\"text-align: left;\">Une logique de bataille \u00e9tait enclench\u00e9e. \u00ab\u00a0Le 19 juillet au matin, se sentant (d\u2019autant plus) en force (qu\u2019ils escompt\u00e8rent l\u2019inertie des indig\u00e8nes, voire m\u00eame une certaine complaisance suscit\u00e9e par la perspective de ramasser quelques reliefs de cette bagarre), les Anglais d\u00e9barqu\u00e8rent \u00e0 la c\u00f4te un fort d\u00e9tachement qui, apr\u00e8s un court combat de mousqueterie prit d\u2019assaut l\u2019une de ces batteries dont le feu fut dirig\u00e9 sur le \u00ab\u00a0Printemps\u00a0\u00bb et la \u00ab\u00a021\u00a0\u00bb\u00a0\u00bb indique dans ses notes Ren\u00e9 Sanquer.<\/p>\n<p style=\"text-align: left;\">Pris entre les tirs de la batterie, de ceux des trois navires anglais et bloqu\u00e9s par les hauts fonds de l\u2019anse du Corr\u00e9jou, les Fran\u00e7ais \u00e9taient dans une situation d\u00e9sesp\u00e9r\u00e9e. Lors de la courte bataille, Julien Fournier a \u00e9t\u00e9 tu\u00e9 \u00e0 son poste de commandement. Son acte de d\u00e9c\u00e8s est enregistr\u00e9 \u00e0 l\u2019Etat-Civil de Lannilis (1).<\/p>\n<p style=\"text-align: left;\">Ainsi s\u2019achevait la petite bataille du Corr\u00e9jou au cours de laquelle un, voire plusieurs marins fran\u00e7ais (2) ont perdu la vie pour d\u00e9fendre leur pavillon tricolore.<\/p>\n<p style=\"text-align: left;\">(1) 19\/07\/1815. Bourg de Lannilis D\u00e9c\u00e8s de Julien Alexandre Fournier \u00e2g\u00e9 de 31 ans, fils de Anselme et de Catherine Narzou, \u00e9poux de Ad\u00e9la\u00efde Micoin (x Ile De France) T\u00e9moins\u00a0: Jean Baptiste Joachin Piedoy, Beau-fr\u00e8re.<\/p>\n<p style=\"text-align: left;\">(2) Les notes de MM.\u00a0Sanquer et Romain-Desfoss\u00e9s, indiquent qu\u2019il est possible qu\u2019il y ait eu trois autres victimes de cet \u00e9v\u00e9nement. Cependant la consultation de l\u2019Etat-Civil de Plouguerneau, Lannilis et Land\u00e9da ne confirme pas cette hypoth\u00e8se.<\/p>\n<p style=\"text-align: left;\">Norbert L\u2019Hostis &#8211; Version 1\u00a0: 14 Mars 2014<\/p>\n<p><span style=\"color: #0000ff;\"><strong><span style=\"font-size: large;\">\u00a0<\/span><\/strong><\/span><\/p>\n<p style=\"text-align: left;\">\n<\/div>\n","protected":false},"excerpt":{"rendered":"<p>Juillet 1815\u00a0: une bataille navale au Corr\u00e9jou Que s\u2019est-il pass\u00e9 le 17 juillet 1815 dans la petite rade du Corr\u00e9jou\u00a0? Les recherches men\u00e9es par le professeur Sanquer dans les ann\u00e9es [&hellip;]<\/p>\n","protected":false},"author":4,"featured_media":1768,"parent":0,"menu_order":0,"comment_status":"closed","ping_status":"open","template":"","meta":{"ngg_post_thumbnail":0,"_EventAllDay":false,"_EventTimezone":"","_EventStartDate":"","_EventEndDate":"","_EventStartDateUTC":"","_EventEndDateUTC":"","_EventShowMap":false,"_EventShowMapLink":false,"_EventURL":"","_EventCost":"","_EventCostDescription":"","_EventCurrencySymbol":"","_EventCurrencyCode":"","_EventCurrencyPosition":"","_EventDateTimeSeparator":"","_EventTimeRangeSeparator":"","_EventOrganizerID":[],"_EventVenueID":[],"_OrganizerEmail":"","_OrganizerPhone":"","_OrganizerWebsite":"","_VenueAddress":"","_VenueCity":"","_VenueCountry":"","_VenueProvince":"","_VenueState":"","_VenueZip":"","_VenuePhone":"","_VenueURL":"","_VenueStateProvince":"","_VenueLat":"","_VenueLng":"","_VenueShowMap":false,"_VenueShowMapLink":false,"footnotes":""},"categories":[257],"tags":[],"class_list":["post-629","page","type-page","status-publish","has-post-thumbnail","hentry","category-18-19-plouguerneau-et-la-mer"],"_links":{"self":[{"href":"https:\/\/appriou.bzh\/index.php\/wp-json\/wp\/v2\/pages\/629","targetHints":{"allow":["GET"]}}],"collection":[{"href":"https:\/\/appriou.bzh\/index.php\/wp-json\/wp\/v2\/pages"}],"about":[{"href":"https:\/\/appriou.bzh\/index.php\/wp-json\/wp\/v2\/types\/page"}],"author":[{"embeddable":true,"href":"https:\/\/appriou.bzh\/index.php\/wp-json\/wp\/v2\/users\/4"}],"replies":[{"embeddable":true,"href":"https:\/\/appriou.bzh\/index.php\/wp-json\/wp\/v2\/comments?post=629"}],"version-history":[{"count":0,"href":"https:\/\/appriou.bzh\/index.php\/wp-json\/wp\/v2\/pages\/629\/revisions"}],"wp:featuredmedia":[{"embeddable":true,"href":"https:\/\/appriou.bzh\/index.php\/wp-json\/"}],"wp:attachment":[{"href":"https:\/\/appriou.bzh\/index.php\/wp-json\/wp\/v2\/media?parent=629"}],"wp:term":[{"taxonomy":"category","embeddable":true,"href":"https:\/\/appriou.bzh\/index.php\/wp-json\/wp\/v2\/categories?post=629"},{"taxonomy":"post_tag","embeddable":true,"href":"https:\/\/appriou.bzh\/index.php\/wp-json\/wp\/v2\/tags?post=629"}],"curies":[{"name":"wp","href":"https:\/\/api.w.org\/{rel}","templated":true}]}}