{"id":639,"date":"2014-04-27T06:39:12","date_gmt":"2014-04-27T04:39:12","guid":{"rendered":"https:\/\/plouguerneau.net\/documents-imprimables\/"},"modified":"2025-01-27T10:16:59","modified_gmt":"2025-01-27T09:16:59","slug":"documents-imprimables","status":"publish","type":"page","link":"https:\/\/appriou.bzh\/index.php\/documents-imprimables\/","title":{"rendered":"Documents Imprimables"},"content":{"rendered":"<p>Vous trouverez dans cette rubrique un ensemble de documents imprimables.<\/p>\n<p>Pour lire ces documents, il vous faut cliquer sur le lien appropri\u00e9 et \u00eatre \u00e9quip\u00e9 du logiciel AcrobatReader (lettre au format pdf).<\/p>\n<ul>\n<li><a href=\"http:\/\/plouguerneau.net\/IMG\/pdf\/Cotisations-2015.pdf\" target=\"blank\">Fiche d&rsquo;Adh\u00e9sion 2015<\/a><\/li>\n<li><a href=\"https:\/\/appriou.bzh\/wp-content\/uploads\/2014\/04\/pdf_PHA-Nouveaux.pdf\" target=\"blank\">Informations pour les Nouveaux Membres<\/a><\/li>\n<li><a href=\"https:\/\/appriou.bzh\/wp-content\/uploads\/2014\/04\/pdf_Chantiers-PHA.pdf\" target=\"blank\">Proc\u00e9dures pour Chantiers<\/a><\/li>\n<li><a href=\"https:\/\/appriou.bzh\/wp-content\/uploads\/2014\/04\/pdf_Contrat-droit-image.pdf\" target=\"blank\">Autorisation de Publication de Photos et de Cartes Postales<\/a><\/li>\n<li>Contrat de Cession de Droits de Diffusion<\/li>\n<\/ul>\n","protected":false},"excerpt":{"rendered":"<p>Vous trouverez dans cette rubrique un ensemble de documents imprimables. Pour lire ces documents, il vous faut cliquer sur le lien appropri\u00e9 et \u00eatre \u00e9quip\u00e9 du logiciel AcrobatReader (lettre au [&hellip;]<\/p>\n","protected":false},"author":4,"featured_media":1624,"parent":0,"menu_order":0,"comment_status":"closed","ping_status":"closed","template":"","meta":{"ngg_post_thumbnail":0,"_EventAllDay":false,"_EventTimezone":"","_EventStartDate":"","_EventEndDate":"","_EventStartDateUTC":"","_EventEndDateUTC":"","_EventShowMap":false,"_EventShowMapLink":false,"_EventURL":"","_EventCost":"","_EventCostDescription":"","_EventCurrencySymbol":"","_EventCurrencyCode":"","_EventCurrencyPosition":"","_EventDateTimeSeparator":"","_EventTimeRangeSeparator":"","_EventOrganizerID":[],"_EventVenueID":[],"_OrganizerEmail":"","_OrganizerPhone":"","_OrganizerWebsite":"","_VenueAddress":"","_VenueCity":"","_VenueCountry":"","_VenueProvince":"","_VenueState":"","_VenueZip":"","_VenuePhone":"","_VenueURL":"","_VenueStateProvince":"","_VenueLat":"","_VenueLng":"","_VenueShowMap":false,"_VenueShowMapLink":false,"footnotes":""},"categories":[204],"tags":[],"class_list":["post-639","page","type-page","status-publish","has-post-thumbnail","hentry","category-presentation"],"_links":{"self":[{"href":"https:\/\/appriou.bzh\/index.php\/wp-json\/wp\/v2\/pages\/639","targetHints":{"allow":["GET"]}}],"collection":[{"href":"https:\/\/appriou.bzh\/index.php\/wp-json\/wp\/v2\/pages"}],"about":[{"href":"https:\/\/appriou.bzh\/index.php\/wp-json\/wp\/v2\/types\/page"}],"author":[{"embeddable":true,"href":"https:\/\/appriou.bzh\/index.php\/wp-json\/wp\/v2\/users\/4"}],"replies":[{"embeddable":true,"href":"https:\/\/appriou.bzh\/index.php\/wp-json\/wp\/v2\/comments?post=639"}],"version-history":[{"count":0,"href":"https:\/\/appriou.bzh\/index.php\/wp-json\/wp\/v2\/pages\/639\/revisions"}],"wp:featuredmedia":[{"embeddable":true,"href":"https:\/\/appriou.bzh\/index.php\/wp-json\/wp\/v2\/media\/1624"}],"wp:attachment":[{"href":"https:\/\/appriou.bzh\/index.php\/wp-json\/wp\/v2\/media?parent=639"}],"wp:term":[{"taxonomy":"category","embeddable":true,"href":"https:\/\/appriou.bzh\/index.php\/wp-json\/wp\/v2\/categories?post=639"},{"taxonomy":"post_tag","embeddable":true,"href":"https:\/\/appriou.bzh\/index.php\/wp-json\/wp\/v2\/tags?post=639"}],"curies":[{"name":"wp","href":"https:\/\/api.w.org\/{rel}","templated":true}]}}