{"id":641,"date":"2014-05-07T14:21:57","date_gmt":"2014-05-07T12:21:57","guid":{"rendered":"https:\/\/plouguerneau.net\/le-krannog-du-naount\/"},"modified":"2025-01-27T09:55:36","modified_gmt":"2025-01-27T08:55:36","slug":"le-krannog-du-naount","status":"publish","type":"page","link":"https:\/\/appriou.bzh\/index.php\/le-krannog-du-naount\/","title":{"rendered":"Le Krannog du Naount"},"content":{"rendered":"<p><center><br \/>\n<span style=\"color: #0000ff;\"><strong><span style=\"font-size: large;\">LE KRANNOG DU NAOUNT<\/span><\/strong><\/span><\/center>&nbsp;<\/p>\n<table>\n<tbody>\n<tr>\n<td><\/td>\n<\/tr>\n<\/tbody>\n<\/table>\n<p><span style=\"color: #0000ff;\"><strong><em><span style=\"font-size: medium;\">1 \u2013 Dans les Archives de Pierre Abjean<\/span><\/em><\/strong><\/span><\/p>\n<p>Dans les archives de Pierre Abjean, Ren\u00e9 son fils a retrouv\u00e9 trace d&rsquo;un plan d&rsquo;un Krannog existant au Naount.<\/p>\n<p>&nbsp;<\/p>\n<table>\n<tbody>\n<tr>\n<td><img decoding=\"async\" src=\"http:\/\/www.plouguerneau.net\/IMG\/jpg\/Krannog-Naount.jpg\" \/><\/td>\n<\/tr>\n<\/tbody>\n<\/table>\n<p><em>Menhir au Krannog du Naount<\/em><\/p>\n<table>\n<tbody>\n<tr>\n<td><\/td>\n<\/tr>\n<\/tbody>\n<\/table>\n<p><strong>D\u00e9finition d&rsquo;un Crannog dans Wikip\u00e9dia\u00a0:<\/strong><\/p>\n<p>Un crannog (mais \u00e9galement crann\u00f3g ou crannoge) est le nom donn\u00e9 en \u00c9cosse et en Irlande \u00e0 une \u00eele naturelle ou artificielle utilis\u00e9e pour l\u2019habitation.<\/p>\n<p>Le nom est aussi utilis\u00e9 pour les plateformes en bois construites sur les eaux peu profondes des lochs, principalement pendant le N\u00e9olithique. Cependant, peu de vestiges de ces constructions nous sont parvenus.<\/p>\n<p>Le nom viendrait du ga\u00e9lique irlandais crann signifiant arbre.<\/p>\n<p>&nbsp;<\/p>\n<table>\n<tbody>\n<tr>\n<td><img decoding=\"async\" src=\"http:\/\/www.plouguerneau.net\/IMG\/jpg\/Crannog-Ecosse.jpg\" \/><\/td>\n<\/tr>\n<\/tbody>\n<\/table>\n<p><em>Crannog reconstitu\u00e9 en Ecosse<\/em><\/p>\n<table>\n<tbody>\n<tr>\n<td><\/td>\n<\/tr>\n<\/tbody>\n<\/table>\n<p><strong>Le plan\u00a0:<\/strong><\/p>\n<p>&nbsp;<\/p>\n<table>\n<tbody>\n<tr>\n<td><img decoding=\"async\" src=\"http:\/\/www.plouguerneau.net\/IMG\/bmp\/Plan-Krannog-Naount.bmp\" \/><\/td>\n<\/tr>\n<\/tbody>\n<\/table>\n<p><em>Plan du Krannog du Naount<\/em><\/p>\n<table>\n<tbody>\n<tr>\n<td><\/td>\n<\/tr>\n<\/tbody>\n<\/table>\n<p><strong>Article de P. Galliou parus en 1969 dans le bulletin de la Soci\u00e9t\u00e9 Arch\u00e9ologique du Finist\u00e8re\u00a0:<\/strong><\/p>\n<p>NAOUNT (8,0 &#8211; S.E.) : L&rsquo;examen de la photographie a\u00e9rienne (I.G.N., mission 8, no 109) r\u00e9v\u00e8le la pr\u00e9sence \u00e0 l&rsquo;Est de ce village d&rsquo;un site en demi-cercle.<\/p>\n<p>Une visite sur le terrain a permis de trouver, dans la tranch\u00e9e du chemin qui borde ce demi-cercle, de gros fragements de poterie m\u00e9di\u00e8vale.<\/p>\n<p>On y distingue des terrines \u00e0 bord vertical, des jarres ovo\u00eedes, de grans plats, parfois recouverts de vernis au plomb \u00e0 l&rsquo;int\u00e9rieur. La p\u00e2te est en g\u00e9n\u00e9ral bien cuite, dure et sonore. L&rsquo;\u00e9l\u00e9ment caract\u00e9ristique de tous ces vases, \u00e0 l&rsquo;exception des plats, est un rebord vers\u00e9 horizontal, soulign\u00e9 de cannelures ou d&rsquo;une d\u00e9pression concave.<\/p>\n<p>Par sa qualit\u00e9, cette poterie est nettement plus moderne que celle de mottes f\u00e9odales ou du ch\u00e2teau de la Forest-Landerneau (renseignement P. Galiou).<\/p>\n<table>\n<tbody>\n<tr>\n<td><\/td>\n<\/tr>\n<\/tbody>\n<\/table>\n<p><span style=\"color: #0000ff;\"><strong><em><span style=\"font-size: medium;\">2 \u2013 Plouguerneau d&rsquo;Hier et d&rsquo;Aujourd&rsquo;hui sur le Terrain<\/span><\/em><\/strong><\/span><\/p>\n<p>Le groupe \u00ab\u00a0Histoire\u00a0\u00bb de Plouguerneau d&rsquo;Hier et d&rsquo;Aujourd&rsquo;hui s&rsquo;est donc int\u00e9ress\u00e9 \u00e0 ce Krannog apr\u00e8s celui de Rann-Grannog 15 jours avant.<\/p>\n<p>Nous \u00e9tions 2 sur place le Mardi 6 Mai 2014\u00a0: Ren\u00e9 Abjean et Pierre Arzur.<\/p>\n<p>A l&#8217;emplacement indiqu\u00e9 par Pierre Abjean, nous avons bien trouv\u00e9 un ensemble de blocs de pierre. Nous avons m\u00eame retrouv\u00e9 un petit menhir ?<\/p>\n<p>Tous ces blocs sont cach\u00e9s dans un sous-bois \u00e0 environ 150 m\u00e9tres de la route principale.<\/p>\n<table>\n<tbody>\n<tr>\n<td><\/td>\n<\/tr>\n<\/tbody>\n<\/table>\n<p>&nbsp;<\/p>\n<p>&nbsp;<\/p>\n<table>\n<tbody>\n<tr>\n<td><\/td>\n<\/tr>\n<\/tbody>\n<\/table>\n<p><span style=\"color: #0000ff;\"><strong><em><span style=\"font-size: medium;\">3 \u2013 La suite<\/span><\/em><\/strong><\/span><\/p>\n<p>Sommes-nous en pr\u00e9sence, cette fois, du premier \u00ab\u00a0<strong>Kernilis<\/strong>\u00a0\u00bb\u00a0? Nous sommes juste \u00e0 la limite de cette derni\u00e8re commune. A vol d&rsquo;oiseau, le clocher est \u00e0 environ 1 Km.<\/p>\n<p>Ce Krannog est, comme celui de Rann-Crannog, en bordure de l&rsquo;ancienne voie romaine et au bord d&rsquo;un ruisseau.<\/p>\n<p>Pour le savoir, nous sommes \u00e0 nouveau \u00e0 la recherche de toutes bonnes volont\u00e9s d&rsquo;experts en pierres anciennes pouvant analyser le site.<\/p>\n<p>Si le r\u00e9sultat des expertises montre que le site est vraiment un <em>krannog<\/em>, notre association r\u00e9fl\u00e9chira, avec les autorit\u00e9s comp\u00e9tentes, \u00e0 sa mise en valeur.<\/p>\n<table>\n<tbody>\n<tr>\n<td><\/td>\n<\/tr>\n<\/tbody>\n<\/table>\n<p><span style=\"color: #0000ff;\"><strong><em><span style=\"font-size: medium;\">Annexe \u2013 Bibliographie<\/span><\/em><\/strong><\/span><\/p>\n<ul>\n<li><strong>Ren\u00e9 Abjean<\/strong> &#8211; Archives priv\u00e9es<\/li>\n<\/ul>\n<ul>\n<li><strong>P. Galliou<\/strong> &#8211; Bulletin de la Soci\u00e9t\u00e9 Arch\u00e9ologique du Finist\u00e8re<\/li>\n<\/ul>\n","protected":false},"excerpt":{"rendered":"<p>LE KRANNOG DU NAOUNT&nbsp; 1 \u2013 Dans les Archives de Pierre Abjean Dans les archives de Pierre Abjean, Ren\u00e9 son fils a retrouv\u00e9 trace d&rsquo;un plan d&rsquo;un Krannog existant au [&hellip;]<\/p>\n","protected":false},"author":4,"featured_media":1809,"parent":0,"menu_order":0,"comment_status":"closed","ping_status":"open","template":"","meta":{"ngg_post_thumbnail":0,"_EventAllDay":false,"_EventTimezone":"","_EventStartDate":"","_EventEndDate":"","_EventStartDateUTC":"","_EventEndDateUTC":"","_EventShowMap":false,"_EventShowMapLink":false,"_EventURL":"","_EventCost":"","_EventCostDescription":"","_EventCurrencySymbol":"","_EventCurrencyCode":"","_EventCurrencyPosition":"","_EventDateTimeSeparator":"","_EventTimeRangeSeparator":"","_EventOrganizerID":[],"_EventVenueID":[],"_OrganizerEmail":"","_OrganizerPhone":"","_OrganizerWebsite":"","_VenueAddress":"","_VenueCity":"","_VenueCountry":"","_VenueProvince":"","_VenueState":"","_VenueZip":"","_VenuePhone":"","_VenueURL":"","_VenueStateProvince":"","_VenueLat":"","_VenueLng":"","_VenueShowMap":false,"_VenueShowMapLink":false,"footnotes":""},"categories":[146],"tags":[],"class_list":["post-641","page","type-page","status-publish","has-post-thumbnail","hentry","category-histoire-15e-siecle-et-avant"],"_links":{"self":[{"href":"https:\/\/appriou.bzh\/index.php\/wp-json\/wp\/v2\/pages\/641","targetHints":{"allow":["GET"]}}],"collection":[{"href":"https:\/\/appriou.bzh\/index.php\/wp-json\/wp\/v2\/pages"}],"about":[{"href":"https:\/\/appriou.bzh\/index.php\/wp-json\/wp\/v2\/types\/page"}],"author":[{"embeddable":true,"href":"https:\/\/appriou.bzh\/index.php\/wp-json\/wp\/v2\/users\/4"}],"replies":[{"embeddable":true,"href":"https:\/\/appriou.bzh\/index.php\/wp-json\/wp\/v2\/comments?post=641"}],"version-history":[{"count":0,"href":"https:\/\/appriou.bzh\/index.php\/wp-json\/wp\/v2\/pages\/641\/revisions"}],"wp:featuredmedia":[{"embeddable":true,"href":"https:\/\/appriou.bzh\/index.php\/wp-json\/"}],"wp:attachment":[{"href":"https:\/\/appriou.bzh\/index.php\/wp-json\/wp\/v2\/media?parent=641"}],"wp:term":[{"taxonomy":"category","embeddable":true,"href":"https:\/\/appriou.bzh\/index.php\/wp-json\/wp\/v2\/categories?post=641"},{"taxonomy":"post_tag","embeddable":true,"href":"https:\/\/appriou.bzh\/index.php\/wp-json\/wp\/v2\/tags?post=641"}],"curies":[{"name":"wp","href":"https:\/\/api.w.org\/{rel}","templated":true}]}}