{"id":645,"date":"2014-06-04T10:45:59","date_gmt":"2014-06-04T08:45:59","guid":{"rendered":"https:\/\/plouguerneau.net\/pha-en-normandie-avec-goulven-loaec\/"},"modified":"2014-06-04T10:45:59","modified_gmt":"2014-06-04T08:45:59","slug":"pha-en-normandie-avec-goulven-loaec","status":"publish","type":"page","link":"https:\/\/appriou.bzh\/index.php\/pha-en-normandie-avec-goulven-loaec\/","title":{"rendered":"PHA en Normandie avec Goulven Loaec"},"content":{"rendered":"\n<p>Une d\u00e9l\u00e9gation de \u00ab\u00a0<strong>Plouguerneau d&rsquo;hier et d&rsquo;aujourd&rsquo;hui<\/strong>\u00a0\u00bb s&rsquo;est rendue \u00e0 Caudebec-en-Caux (en Normandie entre Rouen et Le Havre) les 30, 31 Mai et 1er Juin.<\/p>\n\n\n\n<p>La beaut\u00e9 des chaumi\u00e8res normandes n&rsquo;\u00e9tait pas le but principal de ce d\u00e9placement. Nous \u00e9tions l\u00e0 pour soutenir <strong>GOULVEN LOAEC<\/strong> plouguern\u00e9en comme nous et organisateur de la<strong>1ere Biennale d&rsquo;Art du Bois Flott\u00e9<\/strong>. \u00c9taient pr\u00e9sents 7 artistes normands et 7 artistes bretons.<\/p>\n\n\n\n<p><em>Affiche de la Biennale<\/em><\/p>\n\n\n\n<figure class=\"wp-block-table\"><table class=\"has-fixed-layout\"><tbody><tr><td><figure><img decoding=\"async\" src=\"http:\/\/www.plouguerneau.net\/IMG\/jpg\/Affiche-Caudebec.jpg\"><\/figure><\/td><\/tr><\/tbody><\/table><\/figure>\n\n\n\n<div class=\"wp-block-group has-global-padding is-layout-constrained wp-block-group-is-layout-constrained\">\n<p>Et \u00e0 savoir que <strong>GOULVEN<\/strong> a pr\u00e9vu d&rsquo;organiser la 2eme biennale \u00e0 <strong>PLOUGUERNEAU <\/strong>en 2016. A Suivre &#8230;<\/p>\n<\/div>\n\n\n\n<p><strong>Article du T\u00e9l\u00e9gramme&nbsp;:<\/strong><\/p>\n\n\n\n<p>&nbsp;<\/p>\n\n\n\n<figure class=\"wp-block-table\"><table class=\"has-fixed-layout\"><tbody><tr><td><figure><img decoding=\"async\" src=\"http:\/\/www.plouguerneau.net\/IMG\/jpg\/Article-Telegramme.jpg\"><\/figure><\/td><\/tr><\/tbody><\/table><\/figure>\n\n\n\n<p><em>Article du Dimanche 1er Juin 2014<\/em><\/p>\n\n\n\n<p><strong>Montage Photos de la Biennale&nbsp;:<\/strong><\/p>\n\n\n\n<center><br><iframe src=\"https:\/\/www.youtube.com\/embed\/b6muxza88iE\" width=\"560\" height=\"315\" frameborder=\"0\" allowfullscreen=\"allowfullscreen\"><\/iframe><br>Montage Photos de Certaines \u0152uvres.<\/center>\n","protected":false},"excerpt":{"rendered":"<p>Une d\u00e9l\u00e9gation de \u00ab\u00a0Plouguerneau d&rsquo;hier et d&rsquo;aujourd&rsquo;hui\u00a0\u00bb s&rsquo;est rendue \u00e0 Caudebec-en-Caux (en Normandie entre Rouen et Le Havre) les 30, 31 Mai et 1er Juin. La beaut\u00e9 des chaumi\u00e8res normandes [&hellip;]<\/p>\n","protected":false},"author":4,"featured_media":0,"parent":0,"menu_order":0,"comment_status":"closed","ping_status":"open","template":"","meta":{"ngg_post_thumbnail":0,"_EventAllDay":false,"_EventTimezone":"","_EventStartDate":"","_EventEndDate":"","_EventStartDateUTC":"","_EventEndDateUTC":"","_EventShowMap":false,"_EventShowMapLink":false,"_EventURL":"","_EventCost":"","_EventCostDescription":"","_EventCurrencySymbol":"","_EventCurrencyCode":"","_EventCurrencyPosition":"","_EventDateTimeSeparator":"","_EventTimeRangeSeparator":"","_EventOrganizerID":[],"_EventVenueID":[],"_OrganizerEmail":"","_OrganizerPhone":"","_OrganizerWebsite":"","_VenueAddress":"","_VenueCity":"","_VenueCountry":"","_VenueProvince":"","_VenueState":"","_VenueZip":"","_VenuePhone":"","_VenueURL":"","_VenueStateProvince":"","_VenueLat":"","_VenueLng":"","_VenueShowMap":false,"_VenueShowMapLink":false,"footnotes":""},"categories":[271],"tags":[],"class_list":["post-645","page","type-page","status-publish","hentry","category-portraits-daujourdhui"],"_links":{"self":[{"href":"https:\/\/appriou.bzh\/index.php\/wp-json\/wp\/v2\/pages\/645","targetHints":{"allow":["GET"]}}],"collection":[{"href":"https:\/\/appriou.bzh\/index.php\/wp-json\/wp\/v2\/pages"}],"about":[{"href":"https:\/\/appriou.bzh\/index.php\/wp-json\/wp\/v2\/types\/page"}],"author":[{"embeddable":true,"href":"https:\/\/appriou.bzh\/index.php\/wp-json\/wp\/v2\/users\/4"}],"replies":[{"embeddable":true,"href":"https:\/\/appriou.bzh\/index.php\/wp-json\/wp\/v2\/comments?post=645"}],"version-history":[{"count":0,"href":"https:\/\/appriou.bzh\/index.php\/wp-json\/wp\/v2\/pages\/645\/revisions"}],"wp:attachment":[{"href":"https:\/\/appriou.bzh\/index.php\/wp-json\/wp\/v2\/media?parent=645"}],"wp:term":[{"taxonomy":"category","embeddable":true,"href":"https:\/\/appriou.bzh\/index.php\/wp-json\/wp\/v2\/categories?post=645"},{"taxonomy":"post_tag","embeddable":true,"href":"https:\/\/appriou.bzh\/index.php\/wp-json\/wp\/v2\/tags?post=645"}],"curies":[{"name":"wp","href":"https:\/\/api.w.org\/{rel}","templated":true}]}}