{"id":6694,"date":"2017-07-02T09:26:29","date_gmt":"2017-07-02T07:26:29","guid":{"rendered":"https:\/\/plouguerneau.net\/circuit-n6-205-km\/"},"modified":"2025-01-27T10:12:46","modified_gmt":"2025-01-27T09:12:46","slug":"circuit-n6-205-km-2","status":"publish","type":"page","link":"https:\/\/appriou.bzh\/index.php\/circuit-n6-205-km-2\/","title":{"rendered":"Circuit n\u00b06  &#8211; 20,5 Km"},"content":{"rendered":"<p>Erik et DomD proposent des parcours de randonn\u00e9e \u00e0 travers Plouguerneau.<\/p>\n<p><b>Circuit n\u00b06<\/b> : <i>Pour mieux visualiser la carte, voici la R\u00e9f\u00e9rence Open Runner : <a href=\"http:\/\/www.openrunner.com\/index.php?id=1252234\" target=blank>1252234<\/a><\/i><\/p>\n<p>Distance : 20.55 (km) <br \/>\nAltitude min. : 14 (m) <br \/>\nAltitude max. : 71 (m) <br \/>\nActivit\u00e9 : Course \u00e0 pied, promenade <br \/>\nDifficult\u00e9 : Moyenne <br \/>\nType de sol : Chemin <br \/>\nParcours balis\u00e9 : Non <\/p>\n<p>Pour r\u00e9aliser ce circuit nous vous conseillons de vous munir de la carte IGN Plouguerneau Les Abers &#8211; IGN 0416ET ou de vous munir de la carte de l&rsquo;association vendue 2\u20ac  \u00e0 l&rsquo;office du tourisme et dans certains commerces.<\/p>\n<div align=center>\n<a href=\"https:\/\/plouguerneau.net\/wp-content\/uploads\/2017\/07\/parcours_carte6.jpg\" target=blank><img decoding=\"async\" src=\"https:\/\/plouguerneau.net\/wp-content\/uploads\/2017\/07\/parcours_carte6p.jpg\"><\/a><br \/>\n<i>Cliquer sur la carte pour l&rsquo;agrandir<\/i><\/div>\n<p><html><\/p>\n<p><head><br \/>\n<meta http-equiv=Content-Type content=\"text\/html; charset=windows-1252\"><br \/>\n<meta name=Generator content=\"Microsoft Word 12 (filtered)\"><\/p>\n<style>\n<!--\n \/* Font Definitions *\/\n @font-face\n\t<em>font-family:\"Cambria Math\";\n\tpanose-1:2 4 5 3 5 4 6 3 2 4;<\/em>\n@font-face\n\t<em>font-family:\"Arial Unicode MS\";\n\tpanose-1:2 11 6 4 2 2 2 2 2 4;<\/em>\n@font-face\n\t<em>font-family:Calibri;\n\tpanose-1:2 15 5 2 2 2 4 3 2 4;<\/em>\n@font-face\n\t<em>font-family:Tahoma;\n\tpanose-1:2 11 6 4 3 5 4 4 2 4;<\/em>\n@font-face\n\t<em>font-family:StarSymbol;<\/em>\n@font-face\n\t<em>font-family:OpenSymbol;<\/em>\n@font-face\n\t<em>font-family:\"\\@Arial Unicode MS\";\n\tpanose-1:2 11 6 4 2 2 2 2 2 4;<\/em>\n \/* Style Definitions *\/\n p.MsoNormal, li.MsoNormal, div.MsoNormal\n\t<em>margin-top:0cm;\n\tmargin-right:0cm;\n\tmargin-bottom:10.0pt;\n\tmargin-left:0cm;\n\tline-height:115%;\n\tfont-size:11.0pt;\n\tfont-family:\"Calibri\",\"sans-serif\";<\/em>\np.Standard, li.Standard, div.Standard\n\t<em>mso-style-name:Standard;\n\tmargin:0cm;\n\tmargin-bottom:.0001pt;\n\ttext-autospace:ideograph-other;\n\tfont-size:12.0pt;\n\tfont-family:\"Times New Roman\",\"serif\";<\/em>\n.MsoPapDefault\n\t<em>margin-bottom:10.0pt;\n\tline-height:115%;<\/em>\n@page WordSection1\n\t<em>size:595.3pt 841.9pt;\n\tmargin:70.85pt 70.85pt 70.85pt 70.85pt;<\/em>\ndiv.WordSection1\n\t<em>page:WordSection1;<\/em>\n \/* List Definitions *\/\n ol\n\t<em>margin-bottom:0cm;<\/em>\nul\n\t<em>margin-bottom:0cm;<\/em>\n<br \/>&mdash;&nbsp;>\n<\/style>\n\n\n\n<\/head>\n\n<body lang=FR>\n\n\n\n<div class=WordSection1>\n\n\n\n\n\n<p class=Standard><b>(boucle 6  -  20.5 km)<\/b><\/p>\n\n\n\n\n\n\n\n\n\n<p class=Standard><b>Plouguerneau<\/b> (<b><i>Plougerne<\/i><\/b>)<\/p>\n\n\n\n\n\n\n\n\n\n<p class=Standard>&nbsp;<\/p>\n\n\n\n\n\n\n\n\n\n<p class=Standard style='margin-left:18.0pt;text-indent:-18.0pt'><span\nstyle='font-family:StarSymbol'>\u2013<span style='font:7.0pt \"Times New Roman\"'>&nbsp;&nbsp;&nbsp;&nbsp;&nbsp;&nbsp;&nbsp;\n<\/span><\/span>parking du <b>Grouanec <i>(Grouaneg)<\/i><\/b> (<b>P9<\/b>)                                                Latitude \n48\u00b059'17.64&quot;N        Longitude  4\u00b026'25.64&quot;O<\/p>\n\n\n\n\n\n\n\n\n\n<p class=Standard>&nbsp;<\/p>\n\n\n\n\n\n\n\n\n\n<p class=Standard>Du parking face \u00e0 l'\u00e9glise (ou celui d'\u00e0 c\u00f4t\u00e9), emprunter le\ntrottoir c\u00f4t\u00e9 gauche de la route (<b>D32<\/b> vers <b>Plouguerneau<\/b>) sur\nenviron 100m.<\/p>\n\n\n\n\n\n\n\n\n<p class=Standard>Tourner \u00e0 gauche vers un petit chemin balis\u00e9 vers lieu-dit : <b>Mesfalette<\/b>.<\/p>\n\n\n\n\n\n\n\n\n<p class=Standard>Au stop, prendre la (<b>D52<\/b>),tourner \u00e0 gauche au lieu-dit\n: <b>Koat kenan<\/b> (manoir) en suivant  la route.<\/p>\n\n\n\n\n\n\n\n\n<p class=Standard>Apr\u00e8s avoir travers\u00e9 le pont au dessus des prairies apr\u00e8s un\nvirage, tourner par la route de droite jusqu'\u00e0 une intersection, tourner \u00e0\ndroite.<\/p>\n\n\n\n\n\n\n\n\n\n<p class=Standard>Continuer sur cette route, ne pas tourner \u00e0 droite vers\nlieu-dit : <b>Lost ar C'hoat<\/b>, ni \u00e0 gauche au lieu-dit : <b>Kerriec<\/b>.<\/p>\n\n\n\n\n\n\n\n\n\n<p class=Standard>Au niveau du virage apr\u00e8s le hameau de <b>kirriec<\/b> (\u00e0\ngauche), emprunter le chemin qui se trouve sur la droite jusqu'\u00e0 une route.<\/p>\n\n\n\n\n\n\n\n\n\n<p class=Standard>Continuer quelques m\u00e8tres tout droit, puis prendre la route\nde gauche qui monte vers lieu-dit : <b>Kermoyen<\/b>.<\/p>\n\n\n\n\n\n\n\n\n\n<p class=Standard>Au 2\u00e8me virage prendre le chemin bois\u00e9 qui se trouve sur la\ndroite.<\/p>\n\n\n\n\n\n\n\n\n\n<p class=Standard>Sur une centaine de m\u00e8tre se trouve (un symposium de Totem\npar <b>Aldo Sperber<\/b>).<\/p>\n\n\n\n\n\n\n\n\n\n<p class=Standard>Au bout du chemin se trouve, en face,  l'<b>Aber-Wrach<\/b>.<\/p>\n\n\n\n\n\n\n\n\n\n<p class=Standard>Monter par la route c\u00f4t\u00e9 gauche vers lieu-dit : <b>Lezerdot<\/b>\nafin de longer par la route l'Aber.<\/p>\n\n\n\n\n\n\n\n\n\n<p class=Standard>Continuer tout droit la route direction la chapelle de <b>Prat-paol<\/b>\nqui se trouvera sur la gauche de la route.<\/p>\n\n\n\n\n\n\n\n\n\n<p class=Standard>Puis au niveau de la chapelle, continuer tout droit sur une\ncentaine de m\u00e8tres vers le site du <b>pont du diable<\/b>.<\/p>\n\n\n\n\n\n\n\n\n\n<p class=Standard><i>(Si par temps tr\u00e8s humide, remorque \u00e0 2 roues,\ndifficult\u00e9es \u00e0 se d\u00e9placer, groupe, cavalier<\/i><\/p>\n\n\n\n\n\n\n\n\n\n<p class=Standard><i>Monter par la route vers lieu-dit : <b>Rann ar Groaz<\/b>,\ntourner \u00e0 droite<\/i><\/p>\n\n\n\n\n\n\n\n\n\n<p class=Standard><i>Vers Lieux-dits : <b>Ridon<\/b> et <b>keriunoc<\/b>, tourner\n\u00e0 droite vers la (<b>D52<\/b>), tourner \u00e0 droite puis sur une centaine de m\u00e8tres<\/i><\/p>\n\n\n\n\n\n\n\n\n\n<p class=Standard><i>Emprunter le chemin de gauche vers lieu-dit : <b>Kerfavenn<\/b>,\nlieu de rencontre avec le chemin difficile du pont du diable)<\/i><\/p>\n\n\n\n\n\n\n\n\n\n<p class=Standard>Descendre vers le pont puis suivre le chemin bois\u00e9 sur la\ngauche qui longe l'Aber, \u00e7\u00e0 grimpe et il y a des endroits humides.<\/p>\n\n\n\n\n\n\n\n\n\n<p class=Standard>Pass\u00e9 la petite barri\u00e8re, se trouve un <b>chemin priv\u00e9<\/b>,\npassage <b>autoris\u00e9<\/b> mais interdit aux v\u00e9hicules \u00e0 moteurs !<\/p>\n\n\n\n\n\n\n\n\n\n<p class=Standard>Arriv\u00e9 au bout du chemin, se trouve une autre barri\u00e8re au\nlieu-dit : <b>Kerandraon<\/b>.<\/p>\n\n\n\n\n\n\n\n\n\n<p class=Standard>Sur la gauche se trouve un lavoir abrit\u00e9 et priv\u00e9 avec un <b>robinet\nd'eau<\/b>, sur la droite le manoir de <b>Kerandraon<\/b> puis les ruines d'une\nchapelle.<\/p>\n\n\n\n\n\n\n\n\n\n<p class=Standard>Tourner \u00e0 gauche par une route qui monte jusqu'au lieu-dit : <b>Keruhel<\/b>,\npuis prendre \u00e0 droite.<\/p>\n\n\n\n\n\n\n\n\n\n<p class=Standard>Arriv\u00e9 au lieu-dit : <b>Kerfavenn<\/b>, emprunter le chemin\nqui se trouve \u00e0 droite.<\/p>\n\n\n\n\n\n\n\n\n\n<p class=Standard>Arriv\u00e9 un carrefour de plusieurs chemins, continuer tout\ndroit jusqu'\u00e0 un bois, tourner \u00e0 droite arriv\u00e9 au niveau du bois.<\/p>\n\n\n\n\n\n\n\n\n\n<p class=Standard>Descendre, pr\u00e9sence d'un ruisseau donc de boue, une ruine\nd'un moulin se trouve sur la droite, \u00e7\u00e0 monte un peu,<\/p>\n\n\n\n\n\n\n\n\n\n<p class=Standard>Cette partie du circuit se trouve sur la commune de <b>Kernilis<\/b>,\ntourner par le chemin de gauche.<\/p>\n\n\n\n\n\n\n\n\n\n<p class=Standard>Puis aussit\u00f4t, emprunter le chemin de droite.<\/p>\n\n\n\n\n\n\n\n\n\n<p class=Standard><i>(Celui qui se trouve tout droit risque d\u00eatre moins\npraticable mais m\u00e8ne \u00e9galement sur ce circuit propos\u00e9 au lieu dit : <b>Pellan<\/b>\nau niveau d'un virage).<\/i><\/p>\n\n\n\n\n\n\n\n\n\n<p class=Standard>Sorti du bois, continuer dans un chemin vers une route et des\nhabitations, prendre \u00e0 gauche lieu-dit : <b>Pellan<\/b><\/p>\n\n\n\n\n\n\n\n\n\n<p class=Standard>Continuer apr\u00e8s un virage jusqu'\u00e0  un <b>abris<\/b>.<\/p>\n\n\n\n\n\n\n\n\n\n<p class=Standard>Tout droit se trouve le bourg de <b>Kernilis<\/b>, tourner \u00e0\ngauche vers lieu-dit : <b>Grounant<\/b> (retour sur la commune de <b>Plouguerneau<\/b>).<\/p>\n\n\n\n\n\n\n\n\n\n<p class=Standard>Passer au dessus du ruisseau, puis prendre la route \u00e0 droite\ntout droit en ignorant les 2 routes de droite menant lieu-dit : <b>Kerbrat<\/b>.<\/p>\n\n\n\n\n\n\n\n\n\n<p class=Standard>Avant d'arriver au lieu-dit : <b>Naount<\/b>, tourner \u00e0 droite\npar un chemin menant \u00e0 une fontaine.<\/p>\n\n\n\n\n\n\n\n\n\n<p class=Standard>Continuer par ce chemin de droite en passant entre un corps\nde ferme, continuer tout droit, (il n'y a pas de talus longant le sentier).<\/p>\n\n\n\n\n\n\n\n\n\n<p class=Standard>100m apr\u00e8s le poteau, tourner \u00e0 droite vers la direction du\nbois, suivre le chemin c\u00f4t\u00e9 gauche longeant le bois.<\/p>\n\n\n\n\n\n\n\n\n\n<p class=Standard>Arriv\u00e9 au lieu-dit : <b>Toulran<\/b> sur la commune de <b>Kernilis<\/b>,\nau stop,tourner \u00e0 gauche.<\/p>\n\n\n\n\n\n\n\n\n\n<p class=Standard>Continuer par la route, tourner \u00e0 la 2\u00e8me route sur la gauche\nvers lieu-dit : <b>Kerscao<\/b>, passer entre plusieurs b\u00e2timents d'\u00e9levage et\nd'habitation.<\/p>\n\n\n\n\n\n\n\n\n\n<p class=Standard>Tout droit jusqu'\u00e0 un chemin apr\u00e8s 2 virages, emprunter un\npetit chemin sur la droite s'il n'a pas plus pr\u00e9c\u00e9demment, tr\u00e8s boueux !<\/p>\n\n\n\n\n\n\n\n\n\n<p class=Standard><i>(si impraticable,  continuer le chemin vers la route\nlieu-dit : <b>Treverroc- Izella<\/b>,<\/i><\/p>\n\n\n\n\n\n\n\n\n\n<p class=Standard><i>Tourner \u00e0 droite puis encore \u00e0 droite au lieu-dit : <b>Pellan<\/b>\nparcours utilis\u00e9 un peu plus t\u00f4t, continuer jusqu'au lavoir)<\/i><\/p>\n\n\n\n\n\n\n\n\n\n<p class=Standard>Arriv\u00e9 de nouveau au chemin pris pr\u00e9c\u00e9demment, (le lavoir se\ntrouve sur la gauche), prendre la route \u00e0 droite au niveau du lieu-dit : <b>Naount<\/b>.<\/p>\n\n\n\n\n\n\n\n\n\n<p class=Standard>Continuer la route vers lieu-dit : <b>Lannoster<\/b>, tourner\n\u00e0 gauche jusqu'\u00e0 une ancienne ferme.<\/p>\n\n\n\n\n\n\n\n\n\n<p class=Standard>Prendre le chemin de gauche, (celui de droite est une\nimpasse).<\/p>\n\n\n\n\n\n\n\n\n\n<p class=Standard>Continuer le chemin tout droit vers un transformateur au\nniveau d'un virage.<\/p>\n\n\n\n\n\n\n\n\n\n<p class=Standard><i>(si ce chemin est impraticable, prendre le chemin de \ngauche lieu-dit : <b>Naount  <\/b>puis aussit\u00f4t celui de droite).<\/i><\/p>\n\n\n\n\n\n\n\n\n\n<p class=Standard>Arriv\u00e9 \u00e0 un chemin (celui de gauche vient du lieu-dit :<b>\nNaount<\/b>) apr\u00e8s 2 virages, tourner \u00e0 droite.<\/p>\n\n\n\n\n\n\n\n\n\n<p class=Standard>Un peu plus loin (au niveau d'un triangle) tourner \u00e0 gauche\npuis \u00e0 droite sans arriver au lieu-dit : <b>Kerdelan.<\/b><\/p>\n\n\n\n\n\n\n\n\n\n<p class=Standard>Au chemin suivant, tourner \u00e0 gauche continuer tout droit au\ncroisement de chemins.<\/p>\n\n\n\n\n\n\n\n\n\n<p class=Standard><i>(si temps humide, tourner \u00e0 droite puis \u00e0 gauche par une\npetite route lieu-dit : <b>Koz-Kastel<\/b>, puis \u00e0 gauche au niveau d'un\nlavoir).<\/i><\/p>\n\n\n\n\n\n\n\n\n\n<p class=Standard>Emprunter le chemin suivant c\u00f4t\u00e9 droit, pr\u00e9sence d'herbe sur\nce chemin entour\u00e9 de talus arbor\u00e9s<br \/>\n\n\n\n\n\n<p class=Standard>Suivre ce chemin en ignorant le 1er de gauche (impraticable)\njusqu'\u00e0 un autre chemin, tourner \u00e0 gauche jusqu'\u00e0 une route lieu-dit : <b>Koat-Halec<\/b>.<\/p>\n\n\n\n\n\n\n\n\n\n<p class=Standard>Traverser cette route, continuer sur le chemin jusqu'\u00e0 un\nhameau et une route.<\/p>\n\n\n\n\n\n\n\n\n\n<p class=Standard>Tourner \u00e0 droite afin d'arriver au point de d\u00e9part du circuit\nau <b>Grouanec.<\/b><\/p>\n\n\n\n\n\n\n\n\n\n<p class=MsoNormal>&nbsp;<\/p>\n\n\n\n\n\n<\/div>\n\n\n\n<\/body>\n\n<\/html>\n<\/p>\n","protected":false},"excerpt":{"rendered":"<p>Erik et DomD proposent des parcours de randonn\u00e9e \u00e0 travers Plouguerneau. Circuit n\u00b06 : Pour mieux visualiser la carte, voici la R\u00e9f\u00e9rence Open Runner : 1252234 Distance : 20.55 (km) [&hellip;]<\/p>\n","protected":false},"author":4,"featured_media":0,"parent":0,"menu_order":0,"comment_status":"closed","ping_status":"open","template":"","meta":{"ngg_post_thumbnail":0,"_EventAllDay":false,"_EventTimezone":"","_EventStartDate":"","_EventEndDate":"","_EventStartDateUTC":"","_EventEndDateUTC":"","_EventShowMap":false,"_EventShowMapLink":false,"_EventURL":"","_EventCost":"","_EventCostDescription":"","_EventCurrencySymbol":"","_EventCurrencyCode":"","_EventCurrencyPosition":"","_EventDateTimeSeparator":"","_EventTimeRangeSeparator":"","_EventOrganizerID":[],"_EventVenueID":[],"_OrganizerEmail":"","_OrganizerPhone":"","_OrganizerWebsite":"","_VenueAddress":"","_VenueCity":"","_VenueCountry":"","_VenueProvince":"","_VenueState":"","_VenueZip":"","_VenuePhone":"","_VenueURL":"","_VenueStateProvince":"","_VenueLat":"","_VenueLng":"","_VenueShowMap":false,"_VenueShowMapLink":false,"footnotes":""},"categories":[134],"tags":[],"class_list":["post-6694","page","type-page","status-publish","hentry","category-randonnees-dautres-idees"],"_links":{"self":[{"href":"https:\/\/appriou.bzh\/index.php\/wp-json\/wp\/v2\/pages\/6694","targetHints":{"allow":["GET"]}}],"collection":[{"href":"https:\/\/appriou.bzh\/index.php\/wp-json\/wp\/v2\/pages"}],"about":[{"href":"https:\/\/appriou.bzh\/index.php\/wp-json\/wp\/v2\/types\/page"}],"author":[{"embeddable":true,"href":"https:\/\/appriou.bzh\/index.php\/wp-json\/wp\/v2\/users\/4"}],"replies":[{"embeddable":true,"href":"https:\/\/appriou.bzh\/index.php\/wp-json\/wp\/v2\/comments?post=6694"}],"version-history":[{"count":0,"href":"https:\/\/appriou.bzh\/index.php\/wp-json\/wp\/v2\/pages\/6694\/revisions"}],"wp:attachment":[{"href":"https:\/\/appriou.bzh\/index.php\/wp-json\/wp\/v2\/media?parent=6694"}],"wp:term":[{"taxonomy":"category","embeddable":true,"href":"https:\/\/appriou.bzh\/index.php\/wp-json\/wp\/v2\/categories?post=6694"},{"taxonomy":"post_tag","embeddable":true,"href":"https:\/\/appriou.bzh\/index.php\/wp-json\/wp\/v2\/tags?post=6694"}],"curies":[{"name":"wp","href":"https:\/\/api.w.org\/{rel}","templated":true}]}}