{"id":6696,"date":"2017-07-02T09:25:32","date_gmt":"2017-07-02T07:25:32","guid":{"rendered":"https:\/\/plouguerneau.net\/circuit-n4-21-km\/"},"modified":"2025-01-27T10:12:45","modified_gmt":"2025-01-27T09:12:45","slug":"circuit-n4-21-km-2","status":"publish","type":"page","link":"https:\/\/appriou.bzh\/index.php\/circuit-n4-21-km-2\/","title":{"rendered":"Circuit n\u00b04 &#8211; 21 Km"},"content":{"rendered":"<p>Erik et DomD proposent des parcours de randonn\u00e9e \u00e0 travers Plouguerneau.<\/p>\n<p> <b>Circuit n\u00b04<\/b> : <i>Pour mieux visualiser la carte, voici la R\u00e9f\u00e9rence Open Runner : <\/i><a target=\"blank\" href=\"http:\/\/www.openrunner.com\/index.php?id=1244312\"><br \/>\n<i>1244312<\/i><\/a> <\/p>\n<p> Distance : 21 (km) <br \/>\n Altitude min. : 1 (m) <br \/>\n Altitude max. : 76 (m) <br \/>\n Activit\u00e9 : Course \u00e0 pied, promenade, Cyclisme VTT <br \/>\n Difficult\u00e9 : Basse<br \/>\n Type de sol : Sentier<br \/>\n Parcours balis\u00e9 : Non <\/p>\n<p> Pour r\u00e9aliser ce circuit nous vous conseillons de vous munir de la carte IGN Plouguerneau Les Abers &#8211; IGN 0416ET ou de vous munir de la carte de l&rsquo;association vendue 2\u20ac  \u00e0 l&rsquo;office du tourisme et dans certains commerces.<\/p>\n<div align=center>\n<a href=\"https:\/\/plouguerneau.net\/wp-content\/uploads\/2017\/07\/jpg_circuit4.jpg\" target=blank><img decoding=\"async\" src=\"https:\/\/plouguerneau.net\/wp-content\/uploads\/2017\/07\/jpg_circuit4.jpg\" width=550 height=366><\/a><br \/>\n<i>Cliquer sur la carte pour l&rsquo;agrandir<\/i><\/div>\n<p>Boucle n\u00b0 <b>4<\/b> &#8211;  21 km<br \/>\n<b>Plouguerneau<\/b> (<i>Plougerne<\/i>) en passant par <b>Guisseny<\/b><br \/>\nParking du <b>Grouanec<\/b> (<b>P9<\/b>)             Longitude  4\u00b043&rsquo;63.88 O   Latitude 48\u00b058&rsquo;01.57 N<\/p>\n<div align=justify>\nD\u00e9part entre le cimeti\u00e8re et le bar par un petit chemin herbeux.<br \/>\nNe pas prendre le chemin de droite, continuer afin d&rsquo;arriver sur une petite route lieu-dit : <b>Prat-Orven<\/b>.<br \/>\nTourner \u00e0 gauche, puis apr\u00e8s le virage, emprunter le chemin de droite jusqu&rsquo;\u00e0 une route menant au lieu-dit : <b>Anteren<\/b>.<br \/>\nTourner \u00e0 gauche sur quelques m\u00e8tres puis prendre le chemin sur la droite une crois se trouve de ce c\u00f4t\u00e9, puis tout droit.<br \/>\nArriv\u00e9 \u00e0 une route, lieu-dit : <b>Mezaloret<\/b>, tourner \u00e0 gauche, continuer sur cette route en ignorant le chemin de droite.<br \/>\n\u00e0 une intersection, continuer par la route sur la gauche vers lieu-dit : <b>Kervezennec<\/b>.<br \/>\nContinuer sur cette route puis apr\u00e8s avoir pass\u00e9 les b\u00e2timents agricoles, dans un virage lieu-dit : <b>Lanveur.<\/b><br \/>\nPrendre le chemin de gauche, il y a une croix sur la gauche pr\u00e8s d&rsquo;un ancien corps de ferme.<br \/>\nUn des chemins de randonn\u00e9es de <b>Guisseny<\/b> passent \u00e0 cet endroit.<br \/>\nApr\u00e8s un virage, emprunter le chemin de droite, puis le suivant \u00e0 droite.<br \/>\nTraverser la (<b>D10<\/b>),  une croix se trouve sur la gauche, et un calvaire sur la droite.<br \/>\nContinuer par une route vers lieu-dit : <b>Kervaro<\/b>.<br \/>\nApr\u00e8s des maisons, prendre la premi\u00e8re route qui monte sur la droite, passer le lieu-dit : <b>Ranhir<\/b>.<br \/>\nPrendre la route de gauche qui descend, et \u00e0 quelques m\u00e8tres seulement, monter par la route de droite<br \/>\nContinuer tout droit au croisement o\u00f9 se trouve une st\u00e8le afin d&rsquo;arriver lieu-dit : <b>Kerhornaouen<\/b>.<br \/>\nTraverser la route afin de passer tout droit devant une maison par un chemin balis\u00e9, \u00e7\u00e0 descend.<br \/>\nArriv\u00e9 \u00e0 une route lieu-dit : <b>Kerlegon<\/b>, tourner \u00e0 gauche puis \u00e0 deux intersection, tourner \u00e0 droite.<br \/>\nTourner \u00e0 gauche \u00e0 la premi\u00e8re route qui se pr\u00e9sente au niveau du lieu-dit : <b>Poulloupry<\/b> apr\u00e8s l&rsquo;entr\u00e9e sur la droite d&rsquo;un corps de ferme.<br \/>\nApr\u00e8s une centaine de m\u00e8tres sur cette route, prendre le chemin de gauche.<br \/>\nContinuer c\u00f4t\u00e9 droit en ignorant celui de gauche au lieu-dit : <b>Poull-Kroaz<\/b> (habitation sur la gauche).<br \/>\nArriv\u00e9 sur une petite route, tourner \u00e0 droite.<br \/>\nAu virage, sur la gauche, emprunter le chemin sur la zone <b>natura 2000 <\/b>o\u00f9 au printemps poussent des orchis, continuer tout droit.<br \/>\nArriv\u00e9 \u00e0 une route dans un virage, continuer c\u00f4t\u00e9 gauche jusqu&rsquo;\u00e0 l&rsquo;entr\u00e9e du centre \u00e9questre.<br \/>\nIl y a la possibilit\u00e9, \u00e0 pied, de parcourir un sentier balis\u00e9 sur une ancienne tourbi\u00e8re sur 1 km.<br \/>\nPuis longer les b\u00e2timents du centre \u00e9questre, un ruisseau coule c\u00f4t\u00e9 droit.<br \/>\nContinuer apr\u00e8s le pont de bois tout droit jusqu&rsquo;\u00e0 la plage du <b>Vougot (P<\/b>arking<b> 7<\/b>)<br \/>\nTourner \u00e0 gauche par la route qui monte<br \/>\nIl y a un <b>robinet d&rsquo;eau<\/b> sur la droite, prendre de suite le chemin de droite qui grimpe (<b>GR<\/b>).<br \/>\n\u00c0 100m, le <b>GR<\/b> tourne \u00e0 droite, continuer tout droit.<br \/>\n(Un symposium du sculpteur <b>Fran\u00e7ois Appriou<\/b> se trouve sur la gauche)<br \/>\nVers la fontaine sur la gauche, le calvaire sur la droite au lieu-dit : <b>Chapel-Christ<\/b>.<br \/>\nPrendre \u00e0 droite vers lieu-dit : <b>Kerizoc<\/b>, continuer la route vers la gauche au niveau des habitations.<br \/>\nArriv\u00e9 \u00e0 un stop, un <b>abri<\/b> se trouve en face \u00e0 gauche.<br \/>\nContinuer tout droit par le chemin.<br \/>\nTourner le premier chemin \u00e0 droite, puis aussit\u00f4t le suivant \u00e0 gauche afin d\u2019arriver au niveau de la (<b>D10<\/b>).<br \/>\n<i>(La chapelle <b>Ste-Claude<\/b> au lieu-dit : <b>Keroudern<\/b> se trouve sur la droite par le premier chemin)<\/i>.<br \/>\nEn ignorant le premier chemin de droite, continuer et prendre le chemin de gauche, un b\u00e2timent agricole se trouve sur la droite.<br \/>\n(Par le chemin tout droit se trouve la chapelle <b>Ste-Anne<\/b>).<br \/>\nSuivre le chemin en ignorant les deux de droite qui sont des impasses.<br \/>\nArriv\u00e9 au niveau de la (<b>D52<\/b>) prendre le chemin tout droit.<br \/>\n\u00c0 une intersection de plusieurs chemins, prendre le 2\u00e8me sur la droite.<br \/>\n<i>(Il y a des balisages des chemins de randonn\u00e9e de <b>Guisseny<\/b>).<\/i><br \/>\nContinuer  tout droit en ignorant le chemin de gauche, puis celui de droite afin d&rsquo;arriver \u00e0 une route au lieu-dit : <b>Anteren<\/b>.<br \/>\n(Un lavoir et une croix se trouve sur la gauche).<br \/>\nTourner \u00e0 droite, puis emprunter le chemin sur la gauche.<br \/>\nContinuer tout droit, sans prendre le chemin de gauche afin d&rsquo;arriv\u00e9 \u00e0 la (<b>D52<\/b>) , un transformateur se trouve sur la droite.<br \/>\nSuivre la route \u00e0 gauche (pas le chemin), puis \u00e0 100m, prendre le chemin de gauche.<br \/>\nContinuer tout droit sans emprunter les 2 chemins de gauche.<br \/>\nArriv\u00e9 au lieu-dit : <b>Prat-Orven<\/b> d\u00e9j\u00e0 emprunt\u00e9 \u00e0 l&rsquo;aller.<br \/>\nSuivre par la route afin d&rsquo;arriver \u00e0 un stop (<b>D32<\/b>), une st\u00e8le christianis\u00e9e se trouve sur la gauche.<br \/>\nEmprunter le trottoir sur la droite afin d&rsquo;arriver au parking du <b>Grouanec<\/b> (<b>P9<\/b>) point de d\u00e9part.\n<\/div>\n","protected":false},"excerpt":{"rendered":"<p>Erik et DomD proposent des parcours de randonn\u00e9e \u00e0 travers Plouguerneau. Circuit n\u00b04 : Pour mieux visualiser la carte, voici la R\u00e9f\u00e9rence Open Runner : 1244312 Distance : 21 (km) [&hellip;]<\/p>\n","protected":false},"author":4,"featured_media":0,"parent":0,"menu_order":0,"comment_status":"closed","ping_status":"open","template":"","meta":{"ngg_post_thumbnail":0,"_EventAllDay":false,"_EventTimezone":"","_EventStartDate":"","_EventEndDate":"","_EventStartDateUTC":"","_EventEndDateUTC":"","_EventShowMap":false,"_EventShowMapLink":false,"_EventURL":"","_EventCost":"","_EventCostDescription":"","_EventCurrencySymbol":"","_EventCurrencyCode":"","_EventCurrencyPosition":"","_EventDateTimeSeparator":"","_EventTimeRangeSeparator":"","_EventOrganizerID":[],"_EventVenueID":[],"_OrganizerEmail":"","_OrganizerPhone":"","_OrganizerWebsite":"","_VenueAddress":"","_VenueCity":"","_VenueCountry":"","_VenueProvince":"","_VenueState":"","_VenueZip":"","_VenuePhone":"","_VenueURL":"","_VenueStateProvince":"","_VenueLat":"","_VenueLng":"","_VenueShowMap":false,"_VenueShowMapLink":false,"footnotes":""},"categories":[134],"tags":[],"class_list":["post-6696","page","type-page","status-publish","hentry","category-randonnees-dautres-idees"],"_links":{"self":[{"href":"https:\/\/appriou.bzh\/index.php\/wp-json\/wp\/v2\/pages\/6696","targetHints":{"allow":["GET"]}}],"collection":[{"href":"https:\/\/appriou.bzh\/index.php\/wp-json\/wp\/v2\/pages"}],"about":[{"href":"https:\/\/appriou.bzh\/index.php\/wp-json\/wp\/v2\/types\/page"}],"author":[{"embeddable":true,"href":"https:\/\/appriou.bzh\/index.php\/wp-json\/wp\/v2\/users\/4"}],"replies":[{"embeddable":true,"href":"https:\/\/appriou.bzh\/index.php\/wp-json\/wp\/v2\/comments?post=6696"}],"version-history":[{"count":0,"href":"https:\/\/appriou.bzh\/index.php\/wp-json\/wp\/v2\/pages\/6696\/revisions"}],"wp:attachment":[{"href":"https:\/\/appriou.bzh\/index.php\/wp-json\/wp\/v2\/media?parent=6696"}],"wp:term":[{"taxonomy":"category","embeddable":true,"href":"https:\/\/appriou.bzh\/index.php\/wp-json\/wp\/v2\/categories?post=6696"},{"taxonomy":"post_tag","embeddable":true,"href":"https:\/\/appriou.bzh\/index.php\/wp-json\/wp\/v2\/tags?post=6696"}],"curies":[{"name":"wp","href":"https:\/\/api.w.org\/{rel}","templated":true}]}}