{"id":6726,"date":"2014-08-23T12:01:57","date_gmt":"2014-08-23T10:01:57","guid":{"rendered":"https:\/\/plouguerneau.net\/4-1-les-prisonniers-par-nom\/"},"modified":"2025-01-27T09:59:53","modified_gmt":"2025-01-27T08:59:53","slug":"4-1-les-prisonniers-par-nom-2","status":"publish","type":"page","link":"https:\/\/appriou.bzh\/index.php\/4-1-les-prisonniers-par-nom-2\/","title":{"rendered":"4.1 &#8211; Les Prisonniers par Nom"},"content":{"rendered":"<p><center><br \/>\n<span style=\"color: #0000ff;\"><strong><span style=\"font-size: large;\">14-18 &#8211; LES PRISONNIERS DE PLOUGUERNEAU<\/span><\/strong><\/span><\/center>(Class\u00e9s par Nom &#8211; Pr\u00e9nom)<\/p>\n<p><center><strong>Liste des 43 soldats Prisonniers de 14-18 n\u00e9s ou habitants \u00e0 Plouguerneau<\/strong><\/center>&nbsp;<\/p>\n<p><center><img decoding=\"async\" src=\"https:\/\/plouguerneau.net\/wp-content\/uploads\/2014\/08\/jpg_Prisonnier.jpg\" \/><\/center><\/p>\n<table>\n<tbody>\n<tr>\n<td>\n<hr \/>\n<\/td>\n<\/tr>\n<tr>\n<td><b>1\u00a0. AUTRET\u00a0Jean-Marie<\/b>\u00a0&#8211;\u00a0<b>N\u00e9 : <\/b>28\/3\/1887\u00a0&#8211;\u00a0<b>Pris. : <\/b>31\/12\/1914\u00a0&#8211;\u00a0La Haraz\u00e9e\u00a0&#8211;\u00a0Marne\u00a0&#8211;\u00a0<b>Captivit\u00e9 : <\/b>Darmstadt\u00a0&#8211;\u00a0<b>Lib. : <\/b>01\/04\/1919\u00a0&#8211;\u00a0<b>En 1959 : <\/b>Kerj\u00e9gu<\/td>\n<\/tr>\n<tr>\n<td>\n<hr \/>\n<\/td>\n<\/tr>\n<tr>\n<td><b>2\u00a0. BAOUDOUR\u00a0Jean<\/b>\u00a0&#8211;\u00a0<b>N\u00e9 : <\/b>1\/2\/1877\u00a0&#8211;\u00a0<b>Pris. : <\/b>14\/07\/1915\u00a0&#8211;\u00a0Bois-Baurin\u00a0&#8211;\u00a0Marne\u00a0&#8211;\u00a0<b>Captivit\u00e9 : <\/b>Saxe\u00a0&#8211;\u00a0<b>Lib. : <\/b>02\/01\/1919\u00a0&#8211;\u00a0<b>En 1959 : <\/b><\/td>\n<\/tr>\n<tr>\n<td><b>3\u00a0. BERTHOULOUX\u00a0Jean<\/b>\u00a0&#8211;\u00a0<b>N\u00e9 : <\/b>3\/8\/1881\u00a0&#8211;\u00a0<b>Pris. : <\/b>07\/09\/1914\u00a0&#8211;\u00a0Maubeuge\u00a0&#8211;\u00a0Nord\u00a0&#8211;\u00a0<b>Captivit\u00e9 : <\/b>Minden\u00a0&#8211;\u00a0<b>Lib. : <\/b>15\/01\/1919\u00a0&#8211;\u00a0<b>En 1959 : <\/b>Lanvaon<\/td>\n<\/tr>\n<tr>\n<td><b>4\u00a0. BOSSARD\u00a0Jean<\/b>\u00a0&#8211;\u00a0<b>N\u00e9 : <\/b>15\/1\/1882\u00a0&#8211;\u00a0<b>Pris. : <\/b>08\/09\/1914\u00a0&#8211;\u00a0Maubeuge\u00a0&#8211;\u00a0Nord\u00a0&#8211;\u00a0<b>Captivit\u00e9 : <\/b>Munster\u00a0&#8211;\u00a0<b>Lib. : <\/b>26\/12\/1918\u00a0&#8211;\u00a0<b>En 1959 : <\/b>Keryel<\/td>\n<\/tr>\n<tr>\n<td>\n<hr \/>\n<\/td>\n<\/tr>\n<tr>\n<td><b>5\u00a0. CABON\u00a0Jean<\/b>\u00a0&#8211;\u00a0<b>N\u00e9 : <\/b>24\/10\/1893\u00a0&#8211;\u00a0<b>Pris. : <\/b>14\/03\/1916\u00a0&#8211;\u00a0Marre\u00a0&#8211;\u00a0Meuse\u00a0&#8211;\u00a0<b>Captivit\u00e9 : <\/b>Minden\u00a0&#8211;\u00a0<b>Lib. : <\/b>14\/10\/1918\u00a0&#8211;\u00a0<b>En 1959 : <\/b>Lannic<\/td>\n<\/tr>\n<tr>\n<td><b>6\u00a0. CABON\u00a0Jean-Marie<\/b>\u00a0&#8211;\u00a0<b>N\u00e9 : <\/b>6\/6\/1889\u00a0&#8211;\u00a0<b>Pris. : <\/b>16\/08\/1917\u00a0&#8211;\u00a0\u00a0&#8211;\u00a0\u00a0&#8211;\u00a0<b>Captivit\u00e9 : <\/b>Prusse Orientale\u00a0&#8211;\u00a0<b>Lib. : <\/b>29\/01\/1919\u00a0&#8211;\u00a0<b>En 1959 : <\/b>Kerlastren<\/td>\n<\/tr>\n<tr>\n<td><b>7\u00a0. CABON\u00a0Ren\u00e9<\/b>\u00a0&#8211;\u00a0<b>N\u00e9 : <\/b>11\/6\/1885\u00a0&#8211;\u00a0<b>Pris. : <\/b>\u00a0&#8211;\u00a0Bapaume\u00a0&#8211;\u00a0Pas de Calais\u00a0&#8211;\u00a0<b>Captivit\u00e9 : <\/b>Munster\u00a0&#8211;\u00a0<b>Lib. : <\/b>\u00a0&#8211;\u00a0<b>En 1959 : <\/b>Prat-Lanven<\/td>\n<\/tr>\n<tr>\n<td><b>8\u00a0. CALONNEC\u00a0Jean-Louis<\/b>\u00a0&#8211;\u00a0<b>N\u00e9 : <\/b>8\/1\/1889\u00a0&#8211;\u00a0<b>Pris. : <\/b>17\/12\/1914\u00a0&#8211;\u00a0La Boisselle\u00a0&#8211;\u00a0Somme\u00a0&#8211;\u00a0<b>Captivit\u00e9 : <\/b>Permoussa\u00ebn\u00a0&#8211;\u00a0<b>Lib. : <\/b>01\/12\/1918\u00a0&#8211;\u00a0<b>En 1959 : <\/b><\/td>\n<\/tr>\n<tr>\n<td><b>9\u00a0. CALVEZ\u00a0Fran\u00e7ois<\/b>\u00a0&#8211;\u00a0<b>N\u00e9 : <\/b>31\/10\/1883\u00a0&#8211;\u00a0<b>Pris. : <\/b>08\/09\/1914\u00a0&#8211;\u00a0Maubeuge\u00a0&#8211;\u00a0Nord\u00a0&#8211;\u00a0<b>Captivit\u00e9 : <\/b>Minden\u00a0&#8211;\u00a0<b>Lib. : <\/b>01\/01\/1919\u00a0&#8211;\u00a0<b>En 1959 : <\/b>Kergasken<\/td>\n<\/tr>\n<tr>\n<td><b>10\u00a0. COLLIC\u00a0Ollivier<\/b>\u00a0&#8211;\u00a0<b>N\u00e9 : <\/b>8\/4\/1879\u00a0&#8211;\u00a0<b>Pris. : <\/b>24\/02\/1916\u00a0&#8211;\u00a0Samogneux\u00a0&#8211;\u00a0Meuse\u00a0&#8211;\u00a0<b>Captivit\u00e9 : <\/b>Posen (Pologne)\u00a0&#8211;\u00a0<b>Lib. : <\/b>05\/01\/1919\u00a0&#8211;\u00a0<b>En 1959 : <\/b><\/td>\n<\/tr>\n<tr>\n<td>\n<hr \/>\n<\/td>\n<\/tr>\n<tr>\n<td><b>11\u00a0. DAVID\u00a0Jean-Louis<\/b>\u00a0&#8211;\u00a0<b>N\u00e9 : <\/b>3\/4\/1883\u00a0&#8211;\u00a0<b>Pris. : <\/b>07\/09\/1914\u00a0&#8211;\u00a0Maubeuge\u00a0&#8211;\u00a0Nord\u00a0&#8211;\u00a0<b>Captivit\u00e9 : <\/b>Minden\u00a0&#8211;\u00a0<b>Lib. : <\/b>15\/01\/1919\u00a0&#8211;\u00a0<b>En 1959 : <\/b>Kerhabo<\/td>\n<\/tr>\n<tr>\n<td><b>12\u00a0. DAVID\u00a0Yves<\/b>\u00a0&#8211;\u00a0<b>N\u00e9 : <\/b>8\/11\/1880\u00a0&#8211;\u00a0<b>Pris. : <\/b>07\/09\/1914\u00a0&#8211;\u00a0Maubeuge\u00a0&#8211;\u00a0Nord\u00a0&#8211;\u00a0<b>Captivit\u00e9 : <\/b>Kunisborn\u00a0&#8211;\u00a0<b>Lib. : <\/b>01\/12\/1918\u00a0&#8211;\u00a0<b>En 1959 : <\/b>Sainte-Anne<\/td>\n<\/tr>\n<tr>\n<td>\n<hr \/>\n<\/td>\n<\/tr>\n<tr>\n<td><b>13\u00a0. GOURVENNEC\u00a0Jean-Marie<\/b>\u00a0&#8211;\u00a0<b>N\u00e9 : <\/b>25\/7\/1878\u00a0&#8211;\u00a0<b>Pris. : <\/b>25\/09\/1915\u00a0&#8211;\u00a0\u00a0&#8211;\u00a0\u00a0&#8211;\u00a0<b>Captivit\u00e9 : <\/b>Darmstadt\u00a0&#8211;\u00a0<b>Lib. : <\/b>09\/12\/1918\u00a0&#8211;\u00a0<b>En 1959 : <\/b><\/td>\n<\/tr>\n<tr>\n<td><b>14\u00a0. GUEN (LE)\u00a0Guillaume<\/b>\u00a0&#8211;\u00a0<b>N\u00e9 : <\/b>24\/4\/1883\u00a0&#8211;\u00a0<b>Pris. : <\/b>08\/09\/1914\u00a0&#8211;\u00a0Maubeuge\u00a0&#8211;\u00a0Nord\u00a0&#8211;\u00a0<b>Captivit\u00e9 : <\/b>Munster\u00a0&#8211;\u00a0<b>Lib. : <\/b>20\/12\/1918\u00a0&#8211;\u00a0<b>En 1959 : <\/b>K\u00e9r\u00e9as<\/td>\n<\/tr>\n<tr>\n<td><b>15\u00a0. GUEN (LE)\u00a0Jean-Fran\u00e7ois<\/b>\u00a0&#8211;\u00a0<b>N\u00e9 : <\/b>14\/4\/1897\u00a0&#8211;\u00a0<b>Pris. : <\/b>25\/05\/1917\u00a0&#8211;\u00a0\u00a0&#8211;\u00a0\u00a0&#8211;\u00a0<b>Captivit\u00e9 : <\/b>Dahlenen\u00a0&#8211;\u00a0<b>Lib. : <\/b>20\/12\/1918\u00a0&#8211;\u00a0<b>En 1959 : <\/b>K\u00e9rizoc<\/td>\n<\/tr>\n<tr>\n<td><b>16\u00a0. GUEN (LE)\u00a0Yves<\/b>\u00a0&#8211;\u00a0<b>N\u00e9 : <\/b>14\/3\/1885\u00a0&#8211;\u00a0<b>Pris. : <\/b>28\/08\/1914\u00a0&#8211;\u00a0Moislains\u00a0&#8211;\u00a0Somme\u00a0&#8211;\u00a0<b>Captivit\u00e9 : <\/b>Minden\u00a0&#8211;\u00a0<b>Lib. : <\/b>01\/01\/1919\u00a0&#8211;\u00a0<b>En 1959 : <\/b>Bourg<\/td>\n<\/tr>\n<tr>\n<td><b>17\u00a0. GU\u00c9VEL\u00a0Fran\u00e7ois-Marie<\/b>\u00a0&#8211;\u00a0<b>N\u00e9 : <\/b>20\/6\/1885\u00a0&#8211;\u00a0<b>Pris. : <\/b>08\/09\/1914\u00a0&#8211;\u00a0Maubeuge\u00a0&#8211;\u00a0Nord\u00a0&#8211;\u00a0<b>Captivit\u00e9 : <\/b>Minden\u00a0&#8211;\u00a0<b>Lib. : <\/b>24\/12\/1918\u00a0&#8211;\u00a0<b>En 1959 : <\/b>K\u00e9rhuel<\/td>\n<\/tr>\n<tr>\n<td>\n<hr \/>\n<\/td>\n<\/tr>\n<tr>\n<td><b>18\u00a0. H\u00c9LL\u00c9GO\u00cbT\u00a0Gabriel<\/b>\u00a0&#8211;\u00a0<b>N\u00e9 : <\/b>28\/10\/1896\u00a0&#8211;\u00a0<b>Pris. : <\/b>26\/03\/1918\u00a0&#8211;\u00a0Roye\u00a0&#8211;\u00a0Somme\u00a0&#8211;\u00a0<b>Captivit\u00e9 : <\/b>Soltau\u00a0&#8211;\u00a0<b>Lib. : <\/b>01\/12\/1918\u00a0&#8211;\u00a0<b>En 1959 : <\/b>Lannic<\/td>\n<\/tr>\n<tr>\n<td>\n<hr \/>\n<\/td>\n<\/tr>\n<tr>\n<td><b>19\u00a0. JEUNE (LE)\u00a0[Jean]-Louis<\/b>\u00a0&#8211;\u00a0<b>N\u00e9 : <\/b>10\/1\/1888\u00a0&#8211;\u00a0<b>Pris. : <\/b>17\/12\/1914\u00a0&#8211;\u00a0La Boisselle\u00a0&#8211;\u00a0Somme\u00a0&#8211;\u00a0<b>Captivit\u00e9 : <\/b>Permoussa\u00ebn\u00a0&#8211;\u00a0<b>Lib. : <\/b>\u00a0&#8211;\u00a0<b>En 1959 : <\/b>Derbez<\/td>\n<\/tr>\n<tr>\n<td><b>20\u00a0. JEUNE (LE)\u00a0Jean<\/b>\u00a0&#8211;\u00a0<b>N\u00e9 : <\/b>18\/8\/1880\u00a0&#8211;\u00a0<b>Pris. : <\/b>07\/09\/1914\u00a0&#8211;\u00a0Maubeuge\u00a0&#8211;\u00a0Nord\u00a0&#8211;\u00a0<b>Captivit\u00e9 : <\/b>Minden\u00a0&#8211;\u00a0<b>Lib. : <\/b>05\/01\/1919\u00a0&#8211;\u00a0<b>En 1959 : <\/b><\/td>\n<\/tr>\n<tr>\n<td>\n<hr \/>\n<\/td>\n<\/tr>\n<tr>\n<td><b>21\u00a0. KERFOURN\u00a0Yves<\/b>\u00a0&#8211;\u00a0<b>N\u00e9 : <\/b>1\/11\/1889\u00a0&#8211;\u00a0<b>Pris. : <\/b>08\/09\/1914\u00a0&#8211;\u00a0Maubeuge\u00a0&#8211;\u00a0Nord\u00a0&#8211;\u00a0<b>Captivit\u00e9 : <\/b>Minden-Munster\u00a0&#8211;\u00a0<b>Lib. : <\/b>26\/12\/1918\u00a0&#8211;\u00a0<b>En 1959 : <\/b>Croasprenn<\/td>\n<\/tr>\n<tr>\n<td><b>22\u00a0. KERN\u00c9IS\u00a0Casimir<\/b>\u00a0&#8211;\u00a0<b>N\u00e9 : <\/b>16\/6\/1881\u00a0&#8211;\u00a0<b>Pris. : <\/b>13\/08\/1915\u00a0&#8211;\u00a0Fontaine-Houyette\u00a0&#8211;\u00a0Marne\u00a0&#8211;\u00a0<b>Captivit\u00e9 : <\/b>Darmstadt\u00a0&#8211;\u00a0<b>Lib. : <\/b>11\/01\/1919\u00a0&#8211;\u00a0<b>En 1959 : <\/b>Kergoff<\/td>\n<\/tr>\n<tr>\n<td><b>23\u00a0. KERVELLA\u00a0Charles<\/b>\u00a0&#8211;\u00a0<b>N\u00e9 : <\/b>21\/6\/1884\u00a0&#8211;\u00a0<b>Pris. : <\/b>11\/08\/1915\u00a0&#8211;\u00a0La Houyette\u00a0&#8211;\u00a0Marne\u00a0&#8211;\u00a0<b>Captivit\u00e9 : <\/b>Sarrebr\u00fcck\u00a0&#8211;\u00a0<b>Lib. : <\/b>21\/09\/1915\u00a0&#8211;\u00a0<b>En 1959 : <\/b>Bourg<\/td>\n<\/tr>\n<tr>\n<td><b>24\u00a0. KERVELLA\u00a0Michel<\/b>\u00a0&#8211;\u00a0<b>N\u00e9 : <\/b>26\/6\/1888\u00a0&#8211;\u00a0<b>Pris. : <\/b>07\/09\/1914\u00a0&#8211;\u00a0Maubeuge\u00a0&#8211;\u00a0Nord\u00a0&#8211;\u00a0<b>Captivit\u00e9 : <\/b>Minden\u00a0&#8211;\u00a0<b>Lib. : <\/b>05\/01\/1919\u00a0&#8211;\u00a0<b>En 1959 : <\/b>Kerdidreun<\/td>\n<\/tr>\n<tr>\n<td><b>25\u00a0. KERYER\u00a0Fran\u00e7ois<\/b>\u00a0&#8211;\u00a0<b>N\u00e9 : <\/b>22\/1\/1887\u00a0&#8211;\u00a0<b>Pris. : <\/b>07\/09\/1914\u00a0&#8211;\u00a0Maubeuge\u00a0&#8211;\u00a0Nord\u00a0&#8211;\u00a0<b>Captivit\u00e9 : <\/b>Minden\u00a0&#8211;\u00a0<b>Lib. : <\/b>05\/01\/1919\u00a0&#8211;\u00a0<b>En 1959 : <\/b>Kerhuel<\/td>\n<\/tr>\n<tr>\n<td>\n<hr \/>\n<\/td>\n<\/tr>\n<tr>\n<td><b>26\u00a0. LAURANS\u00a0Fran\u00e7ois-Marie<\/b>\u00a0&#8211;\u00a0<b>N\u00e9 : <\/b>20\/4\/1887\u00a0&#8211;\u00a0<b>Pris. : <\/b>17\/04\/1916\u00a0&#8211;\u00a0Verdun\u00a0&#8211;\u00a0Meuse\u00a0&#8211;\u00a0<b>Captivit\u00e9 : <\/b>Frederichfeld\u00a0&#8211;\u00a0<b>Lib. : <\/b>01\/12\/1918\u00a0&#8211;\u00a0<b>En 1959 : <\/b>K\u00e9lerdut<\/td>\n<\/tr>\n<tr>\n<td><b>27\u00a0. LOA\u00cbC\u00a0Guillaume<\/b>\u00a0&#8211;\u00a0<b>N\u00e9 : <\/b>12\/5\/1898\u00a0&#8211;\u00a0<b>Pris. : <\/b>23\/07\/1918\u00a0&#8211;\u00a0\u00a0&#8211;\u00a0\u00a0&#8211;\u00a0<b>Captivit\u00e9 : <\/b>Schalmer-Chud\u00a0&#8211;\u00a0<b>Lib. : <\/b>17\/11\/1918\u00a0&#8211;\u00a0<b>En 1959 : <\/b>Kerferr\u00e9-Vras<\/td>\n<\/tr>\n<tr>\n<td><b>28\u00a0. LOSSEC\u00a0Jean-Fran\u00e7ois<\/b>\u00a0&#8211;\u00a0<b>N\u00e9 : <\/b>1\/2\/1897\u00a0&#8211;\u00a0<b>Pris. : <\/b>26\/03\/1918\u00a0&#8211;\u00a0\u00a0&#8211;\u00a0\u00a0&#8211;\u00a0<b>Captivit\u00e9 : <\/b>Saint-Quentin\u00a0&#8211;\u00a0<b>Lib. : <\/b>01\/11\/1918\u00a0&#8211;\u00a0<b>En 1959 : <\/b>Naount<\/td>\n<\/tr>\n<tr>\n<td>\n<hr \/>\n<\/td>\n<\/tr>\n<tr>\n<td><b>29\u00a0. MESSAGER\u00a0Jean<\/b>\u00a0&#8211;\u00a0<b>N\u00e9 : <\/b>2\/11\/1890\u00a0&#8211;\u00a0<b>Pris. : <\/b>\u00a0&#8211;\u00a0\u00a0&#8211;\u00a0\u00a0&#8211;\u00a0<b>Captivit\u00e9 : <\/b>Munster\u00a0&#8211;\u00a0<b>Lib. : <\/b>\u00a0&#8211;\u00a0<b>En 1959 : <\/b>Lilia<\/td>\n<\/tr>\n<tr>\n<td>\n<hr \/>\n<\/td>\n<\/tr>\n<tr>\n<td><b>30\u00a0. NICOLAS\u00a0Goulven<\/b>\u00a0&#8211;\u00a0<b>N\u00e9 : <\/b>2\/8\/1880\u00a0&#8211;\u00a0<b>Pris. : <\/b>15\/09\/1914\u00a0&#8211;\u00a0\u00a0&#8211;\u00a0\u00a0&#8211;\u00a0<b>Captivit\u00e9 : <\/b>Minden\u00a0&#8211;\u00a0<b>Lib. : <\/b>19\/12\/1918\u00a0&#8211;\u00a0<b>En 1959 : <\/b>Enezcadec<\/td>\n<\/tr>\n<tr>\n<td>\n<hr \/>\n<\/td>\n<\/tr>\n<tr>\n<td><b>31\u00a0. PAUL\u00a0Fran\u00e7ois<\/b>\u00a0&#8211;\u00a0<b>N\u00e9 : <\/b>9\/5\/1896\u00a0&#8211;\u00a0<b>Pris. : <\/b>31\/07\/1917\u00a0&#8211;\u00a0Cerny en Laonnois\u00a0&#8211;\u00a0Aisne\u00a0&#8211;\u00a0<b>Captivit\u00e9 : <\/b>Lubeck\u00a0&#8211;\u00a0<b>Lib. : <\/b>01\/01\/1919\u00a0&#8211;\u00a0<b>En 1959 : <\/b>Mesmeuleugan<\/td>\n<\/tr>\n<tr>\n<td><b>32\u00a0. PRONOST\u00a0Joachim<\/b>\u00a0&#8211;\u00a0<b>N\u00e9 : <\/b>29\/7\/1887\u00a0&#8211;\u00a0<b>Pris. : <\/b>08\/09\/1914\u00a0&#8211;\u00a0Maubeuge\u00a0&#8211;\u00a0Nord\u00a0&#8211;\u00a0<b>Captivit\u00e9 : <\/b>Minden\u00a0&#8211;\u00a0<b>Lib. : <\/b>10\/01\/1919\u00a0&#8211;\u00a0<b>En 1959 : <\/b>Mogu\u00e9ran<\/td>\n<\/tr>\n<tr>\n<td>\n<hr \/>\n<\/td>\n<\/tr>\n<tr>\n<td><b>33\u00a0. QU\u00c9R\u00c9\u00a0Fran\u00e7ois<\/b>\u00a0&#8211;\u00a0<b>N\u00e9 : <\/b>28\/10\/1897\u00a0&#8211;\u00a0<b>Pris. : <\/b>25\/05\/1918\u00a0&#8211;\u00a0\u00a0&#8211;\u00a0\u00a0&#8211;\u00a0<b>Captivit\u00e9 : <\/b>Camp de l&rsquo;Aisne\u00a0&#8211;\u00a0<b>Lib. : <\/b>01\/01\/1919\u00a0&#8211;\u00a0<b>En 1959 : <\/b>Cr\u00e9ac&rsquo;h-Losquet<\/td>\n<\/tr>\n<tr>\n<td>\n<hr \/>\n<\/td>\n<\/tr>\n<tr>\n<td><b>34\u00a0. ROUDAUT\u00a0Auguste<\/b>\u00a0&#8211;\u00a0<b>N\u00e9 : <\/b>17\/1\/1883\u00a0&#8211;\u00a0<b>Pris. : <\/b>08\/09\/1914\u00a0&#8211;\u00a0Maubeuge\u00a0&#8211;\u00a0Nord\u00a0&#8211;\u00a0<b>Captivit\u00e9 : <\/b>Minden\u00a0&#8211;\u00a0<b>Lib. : <\/b>25\/11\/1918\u00a0&#8211;\u00a0<b>En 1959 : <\/b>Croas-Boulic<\/td>\n<\/tr>\n<tr>\n<td><b>35\u00a0. ROUDAUT\u00a0Fran\u00e7ois<\/b>\u00a0&#8211;\u00a0<b>N\u00e9 : <\/b>12\/4\/1882\u00a0&#8211;\u00a0<b>Pris. : <\/b>17\/12\/1914\u00a0&#8211;\u00a0La Boisselle\u00a0&#8211;\u00a0Somme\u00a0&#8211;\u00a0<b>Captivit\u00e9 : <\/b>Celle\u00a0&#8211;\u00a0<b>Lib. : <\/b>15\/01\/1919\u00a0&#8211;\u00a0<b>En 1959 : <\/b>Kerfaven<\/td>\n<\/tr>\n<tr>\n<td><b>36\u00a0. ROUDAUT\u00a0Joseph<\/b>\u00a0&#8211;\u00a0<b>N\u00e9 : <\/b>8\/4\/1887\u00a0&#8211;\u00a0<b>Pris. : <\/b>08\/09\/1914\u00a0&#8211;\u00a0Maubeuge\u00a0&#8211;\u00a0Nord\u00a0&#8211;\u00a0<b>Captivit\u00e9 : <\/b>Minden\u00a0&#8211;\u00a0<b>Lib. : <\/b>25\/11\/1918\u00a0&#8211;\u00a0<b>En 1959 : <\/b>Mesmeur<\/td>\n<\/tr>\n<tr>\n<td><b>37\u00a0. ROUX (LE)\u00a0Jean<\/b>\u00a0&#8211;\u00a0<b>N\u00e9 : <\/b>22\/6\/1887\u00a0&#8211;\u00a0<b>Pris. : <\/b>07\/09\/1914\u00a0&#8211;\u00a0Maubeuge\u00a0&#8211;\u00a0Nord\u00a0&#8211;\u00a0<b>Captivit\u00e9 : <\/b>Minden\u00a0&#8211;\u00a0<b>Lib. : <\/b>05\/01\/1919\u00a0&#8211;\u00a0<b>En 1959 : <\/b>Saint-Qu\u00e9nan<\/td>\n<\/tr>\n<tr>\n<td><b>38\u00a0. ROY (LE)\u00a0Jacques<\/b>\u00a0&#8211;\u00a0<b>N\u00e9 : <\/b>8\/3\/1893\u00a0&#8211;\u00a0<b>Pris. : <\/b>23\/03\/1918\u00a0&#8211;\u00a0Villequier-Aumont\u00a0&#8211;\u00a0Aisne\u00a0&#8211;\u00a0<b>Captivit\u00e9 : <\/b>Langensalza\u00a0&#8211;\u00a0<b>Lib. : <\/b>17\/01\/1919\u00a0&#8211;\u00a0<b>En 1959 : <\/b>Rann\u00e9n\u00e9zy<\/td>\n<\/tr>\n<tr>\n<td><b>39\u00a0. RUCARD\u00a0Emile<\/b>\u00a0&#8211;\u00a0<b>N\u00e9 : <\/b>8\/12\/1890\u00a0&#8211;\u00a0<b>Pris. : <\/b>16\/06\/1915\u00a0&#8211;\u00a0Saint-Nicolas\u00a0&#8211;\u00a0Pas de Calais\u00a0&#8211;\u00a0<b>Captivit\u00e9 : <\/b>Munster\u00a0&#8211;\u00a0<b>Lib. : <\/b>20\/12\/1918\u00a0&#8211;\u00a0<b>En 1959 : <\/b>Coatqu\u00e9nan<\/td>\n<\/tr>\n<tr>\n<td>\n<hr \/>\n<\/td>\n<\/tr>\n<tr>\n<td><b>40\u00a0. SALAUN\u00a0Fran\u00e7ois<\/b>\u00a0&#8211;\u00a0<b>N\u00e9 : <\/b>22\/10\/1885\u00a0&#8211;\u00a0<b>Pris. : <\/b>17\/04\/1916\u00a0&#8211;\u00a0Verdun\u00a0&#8211;\u00a0Meuse\u00a0&#8211;\u00a0<b>Captivit\u00e9 : <\/b>Frederichfeld\u00a0&#8211;\u00a0<b>Lib. : <\/b>01\/12\/1918\u00a0&#8211;\u00a0<b>En 1959 : <\/b><\/td>\n<\/tr>\n<tr>\n<td><b>41\u00a0. SANQUER\u00a0Etienne<\/b>\u00a0&#8211;\u00a0<b>N\u00e9 : <\/b>12\/8\/1891\u00a0&#8211;\u00a0<b>Pris. : <\/b>30\/05\/1918\u00a0&#8211;\u00a0\u00a0&#8211;\u00a0\u00a0&#8211;\u00a0<b>Captivit\u00e9 : <\/b>Crossen\/Oder\u00a0&#8211;\u00a0<b>Lib. : <\/b>19\/01\/1919\u00a0&#8211;\u00a0<b>En 1959 : <\/b>Hell\u00e8s<\/td>\n<\/tr>\n<tr>\n<td>\n<hr \/>\n<\/td>\n<\/tr>\n<tr>\n<td><b>42\u00a0. TALEC\u00a0Jean<\/b>\u00a0&#8211;\u00a0<b>N\u00e9 : <\/b>6\/12\/1886\u00a0&#8211;\u00a0<b>Pris. : <\/b>27\/05\/1918\u00a0&#8211;\u00a0Vaudesson\u00a0&#8211;\u00a0Aisne\u00a0&#8211;\u00a0<b>Captivit\u00e9 : <\/b>Munster\u00a0&#8211;\u00a0<b>Lib. : <\/b>27\/12\/1918\u00a0&#8211;\u00a0<b>En 1959 : <\/b><\/td>\n<\/tr>\n<tr>\n<td>\n<hr \/>\n<\/td>\n<\/tr>\n<tr>\n<td><b>43\u00a0. V\u00c9ZO (LE)\u00a0Pierre<\/b>\u00a0&#8211;\u00a0<b>N\u00e9 : <\/b>27\/5\/1880\u00a0&#8211;\u00a0<b>Pris. : <\/b>08\/09\/1914\u00a0&#8211;\u00a0Maubeuge\u00a0&#8211;\u00a0Nord\u00a0&#8211;\u00a0<b>Captivit\u00e9 : <\/b>Caulnies\u00a0&#8211;\u00a0<b>Lib. : <\/b>01\/01\/1919\u00a0&#8211;\u00a0<b>En 1959 : <\/b>Bourg<\/td>\n<\/tr>\n<\/tbody>\n<\/table>\n<hr \/>\n","protected":false},"excerpt":{"rendered":"<p>14-18 &#8211; LES PRISONNIERS DE PLOUGUERNEAU(Class\u00e9s par Nom &#8211; Pr\u00e9nom) Liste des 43 soldats Prisonniers de 14-18 n\u00e9s ou habitants \u00e0 Plouguerneau&nbsp; 1\u00a0. AUTRET\u00a0Jean-Marie\u00a0&#8211;\u00a0N\u00e9 : 28\/3\/1887\u00a0&#8211;\u00a0Pris. : 31\/12\/1914\u00a0&#8211;\u00a0La Haraz\u00e9e\u00a0&#8211;\u00a0Marne\u00a0&#8211;\u00a0Captivit\u00e9 : [&hellip;]<\/p>\n","protected":false},"author":4,"featured_media":1776,"parent":0,"menu_order":0,"comment_status":"closed","ping_status":"open","template":"","meta":{"ngg_post_thumbnail":0,"_EventAllDay":false,"_EventTimezone":"","_EventStartDate":"","_EventEndDate":"","_EventStartDateUTC":"","_EventEndDateUTC":"","_EventShowMap":false,"_EventShowMapLink":false,"_EventURL":"","_EventCost":"","_EventCostDescription":"","_EventCurrencySymbol":"","_EventCurrencyCode":"","_EventCurrencyPosition":"","_EventDateTimeSeparator":"","_EventTimeRangeSeparator":"","_EventOrganizerID":[],"_EventVenueID":[],"_OrganizerEmail":"","_OrganizerPhone":"","_OrganizerWebsite":"","_VenueAddress":"","_VenueCity":"","_VenueCountry":"","_VenueProvince":"","_VenueState":"","_VenueZip":"","_VenuePhone":"","_VenueURL":"","_VenueStateProvince":"","_VenueLat":"","_VenueLng":"","_VenueShowMap":false,"_VenueShowMapLink":false,"footnotes":""},"categories":[222],"tags":[],"class_list":["post-6726","page","type-page","status-publish","has-post-thumbnail","hentry","category-14-18-4-les-prisonniers"],"_links":{"self":[{"href":"https:\/\/appriou.bzh\/index.php\/wp-json\/wp\/v2\/pages\/6726","targetHints":{"allow":["GET"]}}],"collection":[{"href":"https:\/\/appriou.bzh\/index.php\/wp-json\/wp\/v2\/pages"}],"about":[{"href":"https:\/\/appriou.bzh\/index.php\/wp-json\/wp\/v2\/types\/page"}],"author":[{"embeddable":true,"href":"https:\/\/appriou.bzh\/index.php\/wp-json\/wp\/v2\/users\/4"}],"replies":[{"embeddable":true,"href":"https:\/\/appriou.bzh\/index.php\/wp-json\/wp\/v2\/comments?post=6726"}],"version-history":[{"count":0,"href":"https:\/\/appriou.bzh\/index.php\/wp-json\/wp\/v2\/pages\/6726\/revisions"}],"wp:featuredmedia":[{"embeddable":true,"href":"https:\/\/appriou.bzh\/index.php\/wp-json\/wp\/v2\/media\/1776"}],"wp:attachment":[{"href":"https:\/\/appriou.bzh\/index.php\/wp-json\/wp\/v2\/media?parent=6726"}],"wp:term":[{"taxonomy":"category","embeddable":true,"href":"https:\/\/appriou.bzh\/index.php\/wp-json\/wp\/v2\/categories?post=6726"},{"taxonomy":"post_tag","embeddable":true,"href":"https:\/\/appriou.bzh\/index.php\/wp-json\/wp\/v2\/tags?post=6726"}],"curies":[{"name":"wp","href":"https:\/\/api.w.org\/{rel}","templated":true}]}}