{"id":748,"date":"2016-09-28T19:05:19","date_gmt":"2016-09-28T17:05:19","guid":{"rendered":"https:\/\/plouguerneau.net\/jean-malgorn\/"},"modified":"2016-09-28T19:05:19","modified_gmt":"2016-09-28T17:05:19","slug":"jean-malgorn","status":"publish","type":"page","link":"https:\/\/appriou.bzh\/index.php\/jean-malgorn\/","title":{"rendered":"Jean MALGORN"},"content":{"rendered":"<p>&nbsp;<\/p>\n<p>&nbsp;<\/p>\n<p><center><br \/>\n<span style=\"font-size: large;\"><span style=\"color: #0000ff;\"><strong>Jean MALGORN<\/strong><\/span><br \/>\n<span style=\"color: #0000ff;\">Une lumi\u00e8re s&rsquo;est \u00e9teinte<\/span><\/span><\/center>&nbsp;<\/p>\n<p>&nbsp;<\/p>\n<p>&nbsp;<\/p>\n<div align=\"justify\">\n<p>Cet article est la transcription de plusieurs entretiens que j&rsquo;avais eus en f\u00e9vrier 2010 avec Jean Malgorn. Peu de temps auparavant, il s&rsquo;\u00e9tait \u00e9tabli dans la coquette maison qu&rsquo;il s&rsquo;\u00e9tait fait b\u00e2tir pour la retraite paisible qu&rsquo;il pensait passer \u00e0 Ravagnon, \u00e0 un petit kilom\u00e8tre du bourg de Lilia. H\u00e9las, le sort en d\u00e9cida autrement et la maladie l&#8217;emporta rapidement et bien trop t\u00f4t.<\/p>\n<p><em>Andr\u00e9 Nicolas avril 2015 r\u00e9vision novembre 2021<br \/>\n<\/em><\/p>\n<p><em>Article complet au format <strong>PDF<\/strong> en cliquant <\/em><a href=\"https:\/\/plouguerneau.net\/wp-content\/uploads\/2022\/02\/20211122_Jean-Malgorn-1.pdf\" target=\"blank\" rel=\"noopener\"><span style=\"color: #ff0000;\"><strong>ICI<\/strong><\/span><\/a><\/p>\n<p><img fetchpriority=\"high\" decoding=\"async\" class=\"size-medium wp-image-1255 aligncenter\" src=\"https:\/\/appriou.bzh\/wp-content\/uploads\/2016\/09\/70-222x300.jpg\" alt=\"\" width=\"222\" height=\"300\"><\/p>\n<p>&nbsp;<\/p>\n<p><iframe src=\"https:\/\/www.youtube.com\/embed\/UroTRMtof0o\" allowfullscreen=\"allowfullscreen\" width=\"560\" height=\"315\" frameborder=\"0\"><\/iframe><\/p>\n<\/div>\n","protected":false},"excerpt":{"rendered":"<p>&nbsp; &nbsp; Jean MALGORN Une lumi\u00e8re s&rsquo;est \u00e9teinte&nbsp; &nbsp; &nbsp; Cet article est la transcription de plusieurs entretiens que j&rsquo;avais eus en f\u00e9vrier 2010 avec Jean Malgorn. Peu de temps [&hellip;]<\/p>\n","protected":false},"author":8,"featured_media":0,"parent":0,"menu_order":0,"comment_status":"closed","ping_status":"open","template":"","meta":{"ngg_post_thumbnail":0,"_EventAllDay":false,"_EventTimezone":"","_EventStartDate":"","_EventEndDate":"","_EventStartDateUTC":"","_EventEndDateUTC":"","_EventShowMap":false,"_EventShowMapLink":false,"_EventURL":"","_EventCost":"","_EventCostDescription":"","_EventCurrencySymbol":"","_EventCurrencyCode":"","_EventCurrencyPosition":"","_EventDateTimeSeparator":"","_EventTimeRangeSeparator":"","_EventOrganizerID":[],"_EventVenueID":[],"_OrganizerEmail":"","_OrganizerPhone":"","_OrganizerWebsite":"","_VenueAddress":"","_VenueCity":"","_VenueCountry":"","_VenueProvince":"","_VenueState":"","_VenueZip":"","_VenuePhone":"","_VenueURL":"","_VenueStateProvince":"","_VenueLat":"","_VenueLng":"","_VenueShowMap":false,"_VenueShowMapLink":false,"footnotes":""},"categories":[273],"tags":[],"class_list":["post-748","page","type-page","status-publish","hentry","category-portraits-dhier"],"_links":{"self":[{"href":"https:\/\/appriou.bzh\/index.php\/wp-json\/wp\/v2\/pages\/748","targetHints":{"allow":["GET"]}}],"collection":[{"href":"https:\/\/appriou.bzh\/index.php\/wp-json\/wp\/v2\/pages"}],"about":[{"href":"https:\/\/appriou.bzh\/index.php\/wp-json\/wp\/v2\/types\/page"}],"author":[{"embeddable":true,"href":"https:\/\/appriou.bzh\/index.php\/wp-json\/wp\/v2\/users\/8"}],"replies":[{"embeddable":true,"href":"https:\/\/appriou.bzh\/index.php\/wp-json\/wp\/v2\/comments?post=748"}],"version-history":[{"count":0,"href":"https:\/\/appriou.bzh\/index.php\/wp-json\/wp\/v2\/pages\/748\/revisions"}],"wp:attachment":[{"href":"https:\/\/appriou.bzh\/index.php\/wp-json\/wp\/v2\/media?parent=748"}],"wp:term":[{"taxonomy":"category","embeddable":true,"href":"https:\/\/appriou.bzh\/index.php\/wp-json\/wp\/v2\/categories?post=748"},{"taxonomy":"post_tag","embeddable":true,"href":"https:\/\/appriou.bzh\/index.php\/wp-json\/wp\/v2\/tags?post=748"}],"curies":[{"name":"wp","href":"https:\/\/api.w.org\/{rel}","templated":true}]}}