{"id":766,"date":"2017-06-30T15:19:33","date_gmt":"2017-06-30T13:19:33","guid":{"rendered":"https:\/\/plouguerneau.net\/circuit-10-de-keroudern-a-anteren-7km\/"},"modified":"2025-01-12T22:17:27","modified_gmt":"2025-01-12T21:17:27","slug":"circuit-10-de-keroudern-a-anteren-7km","status":"publish","type":"page","link":"https:\/\/appriou.bzh\/index.php\/circuit-10-de-keroudern-a-anteren-7km\/","title":{"rendered":"Circuit 10 &#8211; de Keroudern \u00e0 Anteren (7Km)"},"content":{"rendered":"<h2><span style=\"font-size: 18px; color: #0000ff;\"><u><strong><b>Boucle \u00e0 partir de Keroudern (Chapelle Saint Claude &#8211; Sant Glaoda)<br \/>\n<\/b><\/strong><\/u><\/span><\/h2>\n<p><span style=\"font-size: 18px;\"><u><strong>D\u00e9part<\/strong><\/u><\/span><strong><b> : Keroudern 2 Km du bourg en direction de Guisseny prendre \u00e0 droite acc\u00e8s facile \u00e0 v\u00e9lo<br \/>\n<\/b><\/strong><\/p>\n<p><span style=\"font-size: 18px;\"><u><strong>Distance<\/strong><\/u> : 7,5 Km Difficult\u00e9 : facile <\/span><\/p>\n<p><span style=\"font-size: 18px;\"><u><strong>Couleur du balisage<\/strong><\/u> : <span style=\"color: #3366ff;\"><strong><span style=\"color: #008000;\">Vert fonc\u00e9<\/span><br \/>\n<\/strong><\/span><\/span><\/p>\n<p style=\"text-align: justify;\"><strong><span style=\"text-decoration: underline;\">Option<\/span> : Possibilit\u00e9 de le lier avec le circuit 7 Zorn qui est au Nord<br \/>\n<\/strong><\/p>\n<p><span style=\"color: #ff0000;\"><strong>Il est praticable \u00e0 v\u00e9lo (chemin agricoles) pas de d\u00e9nivel\u00e9.<\/strong><\/span><\/p>\n<figure id=\"attachment_1652\" aria-describedby=\"caption-attachment-1652\" style=\"width: 144px\" class=\"wp-caption aligncenter\"><a href=\"https:\/\/plouguerneau.net\/wp-content\/uploads\/2018\/11\/circuit_10_a_la_d_couverte_de_keroudern_et_anterren_plouguerneau.pdf\" target=\"_blank\" rel=\"noopener\"><img decoding=\"async\" class=\"wp-image-1652 size-medium\" src=\"https:\/\/plouguerneau.net\/wp-content\/uploads\/2018\/11\/10anteren-144x300.jpg\" alt=\"\" width=\"144\" height=\"300\" \/><\/a><figcaption id=\"caption-attachment-1652\" class=\"wp-caption-text\">Plaquette au format PDF<\/figcaption><\/figure>\n<p><span style=\"font-size: 18px;\"><a href=\"http:\/\/www.plouguerneau.net\/IMG\/gpx\/circuit10.gpx\" target=\"_blank\" rel=\"attachment noopener wp-att-1662\"><img decoding=\"async\" class=\"alignnone wp-image-1662 size-full\" src=\"https:\/\/appriou.bzh\/wp-content\/uploads\/2017\/07\/gpx2562.png\" alt=\"\" width=\"100\" height=\"100\" \/><\/a> <a href=\"http:\/\/www.plouguerneau.net\/IMG\/gpx\/circuit10.gpx\">Le fichier GPX<\/a><strong> pour votre GPS (smartphone)<\/strong><br \/>\n<\/span><br \/>\n<iframe src=\"https:\/\/www.openrunner.com\/route\/7180932\/embed\/fr\/4842436f48365243584d596c6d414e49352f3777646159504f376d3236457a6f4338544a4576334d4972593d3a3ad0ca9c8669b752e1b837f5d8f773651f\" width=\"450px\" height=\"580px\" frameborder=\"0\" allowfullscreen=\"allowfullscreen\"><\/iframe><\/p>\n<h2><\/h2>\n<p>D\u00e9part de Kerodern ( St Glaoda ) \u00e0 2 km sur la D10 en direction Guisseny<br \/>\n7,5 km 2 heures acc\u00e8s facile \u00e0 v\u00e9lo.<\/p>\n<p>\u2460Le village de Kerodern abritait un tr\u00e8s ancien manoir poss\u00e9d\u00e9 par la famille Le Noblez. Michel, futur p\u00e8re des missions de basse Bretagne et inventeur des cartes peintes, anc\u00eatre de la bande dessin\u00e9, y naquit en 1577. Le manoir a disparu mais il reste la chapelle d\u00e9di\u00e9e \u00e0 St Claude et St Yves(XVI i\u00e8me \u2013XIX i\u00e8me sci\u00e8cles), le calvaire armori\u00e9, le lavoir et la fontaine sacr\u00e9e.<br \/>\n\u2461Prendre \u00e0 droite et longer la route goudronn\u00e9e (D52) du Leure sur 200m<br \/>\n\u2462Tourner \u00e0 gauche dans un large chemin d\u2019exploitation<br \/>\n\u2463Tourner \u00e0 droite<br \/>\n\u2464Tourner \u00e0 Gauche, lavoir ciment\u00e9 et une belle croix avec l\u2019image du Christ<br \/>\n\u2464bisOn peut faire 200 m pour aller visiter un grand calvaire qui daterait du XIX sci\u00e8cle.<br \/>\n\u2465Le village d\u2019Anterren. Nombreuses habitations dont plusieurs fermes anciennes. St\u00e8le gauloise haute Christianis\u00e9e. Vestiges Gallo-Romains (fours \u00e0 tuilles, poteries), on est pr\u00e8s de la voie romaine Kerilien \u2013 Aber-Wrach. Petite croix du haut moyen-\u00e2ge. Manoir ruin\u00e9.<br \/>\n\u2466Kroaz Penn\u00e9 \u00e0 l\u2019entr\u00e9e ouest du village. Anterren est la village le plus \u00ab cruciforme \u00bb de Plouguerneau (8 croix dont une d\u00e9rob\u00e9e)<br \/>\n\u2467De cette voie charreti\u00e8re \u00e9lev\u00e9e (trac\u00e9 de la voie Romaine ?), on voit Plouguerneau \u00e0 l\u2019ouest, le Leure au nord et le Grouaneg au sud avec deux anciennes \u00e9coles priv\u00e9es : Sant Kenan pour les gar\u00e7ons \u00e0 l\u2019est et Notre-Dame pour les filles.<br \/>\n\u2468 Encore une croix !: la croix du chien malade (Kroaz ar ki kla\u00f1v) pourquoi ?<br \/>\n\u2469 Village de Enez-Kadec . Une belle croix et une st\u00e8le basse de l\u2019age du fer.<br \/>\n\u246aLa Chapelle Ste Anne d\u00e9pend du manoir proche de Koz Maner (vieux manoir) elle est d\u00e9di\u00e9e \u00e0 Ste Anne, patronne des Bretons (Pardon le 25 Juillet).<br \/>\n\u246bLa route passe sur un pont de pierre qui enjambe la rivi\u00e8re venant du Nord Est et allant se jeter au Traon dans l\u2019Aber Wrach. Calvaire \u00e0 gauche et lavoir ciment\u00e9 \u00e0 droite.<br \/>\n\u246cEtang et lavoir de Kervener en pierres<br \/>\n\u246dCalvaire de Kroaz al lann(croix de la lande ou du monast\u00e8re)<br \/>\n\u246eTourner \u00e0 droite puis \u00e0 gauche, large chemin d\u2019exploitation, en zone humide. On rejoint le point de d\u00e9part.<\/p>\n","protected":false},"excerpt":{"rendered":"<p>Boucle \u00e0 partir de Keroudern (Chapelle Saint Claude &#8211; Sant Glaoda) D\u00e9part : Keroudern 2 Km du bourg en direction de Guisseny prendre \u00e0 droite acc\u00e8s facile \u00e0 v\u00e9lo Distance [&hellip;]<\/p>\n","protected":false},"author":4,"featured_media":659,"parent":0,"menu_order":0,"comment_status":"closed","ping_status":"closed","template":"","meta":{"ngg_post_thumbnail":0,"_EventAllDay":false,"_EventTimezone":"","_EventStartDate":"","_EventEndDate":"","_EventStartDateUTC":"","_EventEndDateUTC":"","_EventShowMap":false,"_EventShowMapLink":false,"_EventURL":"","_EventCost":"","_EventCostDescription":"","_EventCurrencySymbol":"","_EventCurrencyCode":"","_EventCurrencyPosition":"","_EventDateTimeSeparator":"","_EventTimeRangeSeparator":"","_EventOrganizerID":[],"_EventVenueID":[],"_OrganizerEmail":"","_OrganizerPhone":"","_OrganizerWebsite":"","_VenueAddress":"","_VenueCity":"","_VenueCountry":"","_VenueProvince":"","_VenueState":"","_VenueZip":"","_VenuePhone":"","_VenueURL":"","_VenueStateProvince":"","_VenueLat":"","_VenueLng":"","_VenueShowMap":false,"_VenueShowMapLink":false,"footnotes":""},"categories":[32],"tags":[],"class_list":["post-766","page","type-page","status-publish","has-post-thumbnail","hentry","category-randonnees-balisees"],"_links":{"self":[{"href":"https:\/\/appriou.bzh\/index.php\/wp-json\/wp\/v2\/pages\/766","targetHints":{"allow":["GET"]}}],"collection":[{"href":"https:\/\/appriou.bzh\/index.php\/wp-json\/wp\/v2\/pages"}],"about":[{"href":"https:\/\/appriou.bzh\/index.php\/wp-json\/wp\/v2\/types\/page"}],"author":[{"embeddable":true,"href":"https:\/\/appriou.bzh\/index.php\/wp-json\/wp\/v2\/users\/4"}],"replies":[{"embeddable":true,"href":"https:\/\/appriou.bzh\/index.php\/wp-json\/wp\/v2\/comments?post=766"}],"version-history":[{"count":0,"href":"https:\/\/appriou.bzh\/index.php\/wp-json\/wp\/v2\/pages\/766\/revisions"}],"wp:featuredmedia":[{"embeddable":true,"href":"https:\/\/appriou.bzh\/index.php\/wp-json\/wp\/v2\/media\/659"}],"wp:attachment":[{"href":"https:\/\/appriou.bzh\/index.php\/wp-json\/wp\/v2\/media?parent=766"}],"wp:term":[{"taxonomy":"category","embeddable":true,"href":"https:\/\/appriou.bzh\/index.php\/wp-json\/wp\/v2\/categories?post=766"},{"taxonomy":"post_tag","embeddable":true,"href":"https:\/\/appriou.bzh\/index.php\/wp-json\/wp\/v2\/tags?post=766"}],"curies":[{"name":"wp","href":"https:\/\/api.w.org\/{rel}","templated":true}]}}